Results for 2.97 20010215 (experimental) testsuite on i386-unknown-linux-gnu
Automatic Build System
build@netwinder.org
Fri Feb 16 01:34:00 GMT 2001
Native configuration is i386-unknown-linux-gnu
=== gcc tests ===
Running target unix
FAIL: gcc.c-torture/execute/20010114-2.c execution, -O1
FAIL: gcc.c-torture/execute/20010114-2.c execution, -O2
FAIL: gcc.c-torture/execute/20010114-2.c execution, -Os
FAIL: gcc.c-torture/execute/20010123-1.c execution, -O0
FAIL: gcc.c-torture/execute/20010123-1.c execution, -O1
FAIL: gcc.c-torture/execute/20010123-1.c execution, -O2
FAIL: gcc.c-torture/execute/20010123-1.c execution, -O3 -fomit-frame-pointer
FAIL: gcc.c-torture/execute/20010123-1.c execution, -O3 -fomit-frame-pointer -funroll-loops
FAIL: gcc.c-torture/execute/20010123-1.c execution, -O3 -fomit-frame-pointer -funroll-all-loops -finline-functions
FAIL: gcc.c-torture/execute/20010123-1.c execution, -O3 -g
FAIL: gcc.c-torture/execute/20010123-1.c execution, -Os
FAIL: gcc.c-torture/execute/20010124-1.c execution, -O0
FAIL: gcc.c-torture/execute/20010124-1.c execution, -O1
FAIL: gcc.c-torture/execute/20010124-1.c execution, -O2
FAIL: gcc.c-torture/execute/20010124-1.c execution, -O3 -fomit-frame-pointer
FAIL: gcc.c-torture/execute/20010124-1.c execution, -O3 -g
FAIL: gcc.c-torture/execute/20010124-1.c execution, -Os
FAIL: gcc.c-torture/execute/991118-1.c execution, -O3 -fomit-frame-pointer
FAIL: gcc.c-torture/execute/991118-1.c execution, -O3 -g
FAIL: gcc.c-torture/execute/bf64-1.c execution, -O3 -fomit-frame-pointer
FAIL: gcc.c-torture/execute/bf64-1.c execution, -O3 -g
FAIL: gcc.c-torture/execute/loop-2b.c execution, -O2
FAIL: gcc.dg/20000724-1.c execution test
FAIL: gcc.dg/20001117-1.c (test for excess errors)
FAIL: gcc.dg/sequence-pt-1.c sequence point warning (test for warnings, line 59)
FAIL: gcc.dg/format/c99-scanf-1.c %hhu sign (test for warnings, line 144)
FAIL: gcc.dg/format/c99-scanf-1.c (test for excess errors)
FAIL: gcc.misc-tests/mg.c
=== gcc Summary ===
# of expected passes 15022
# of unexpected failures 28
# of expected failures 78
# of unsupported tests 20
/home/build-rpm/BUILD/obj-gcc-20010216/gcc/xgcc version 2.97 20010215 (experimental)
=== g++ tests ===
Running target unix
FAIL: g++.benjamin/15071.C (test for excess errors)
FAIL: g++.brendan/copy9.C (test for excess errors)
FAIL: g++.brendan/crash15.C (test for excess errors)
FAIL: g++.brendan/crash38.C (test for excess errors)
FAIL: g++.brendan/crash49.C (test for excess errors)
FAIL: g++.brendan/crash62.C (test for excess errors)
FAIL: g++.brendan/cvt1.C (test for excess errors)
FAIL: g++.brendan/ptolemy2.C (test for excess errors)
FAIL: g++.ext/instantiate1.C not instantiated (test for errors, line 18)
FAIL: g++.ext/instantiate1.C not instantiated (test for errors, line 20)
FAIL: g++.jason/template24.C (test for excess errors)
FAIL: g++.jason/typeid1.C (test for excess errors)
FAIL: g++.law/arg1.C (test for excess errors)
FAIL: g++.law/arg8.C (test for excess errors)
FAIL: g++.law/arm12.C (test for excess errors)
FAIL: g++.law/arm9.C (test for excess errors)
FAIL: g++.law/bad-error7.C (test for excess errors)
FAIL: g++.law/code-gen5.C (test for excess errors)
FAIL: g++.law/ctors10.C (test for excess errors)
FAIL: g++.law/ctors12.C (test for excess errors)
FAIL: g++.law/ctors13.C (test for excess errors)
FAIL: g++.law/ctors17.C (test for excess errors)
FAIL: g++.law/cvt16.C (test for excess errors)
FAIL: g++.law/cvt2.C (test for excess errors)
FAIL: g++.law/missed-error2.C (test for excess errors)
FAIL: g++.law/nest3.C (test for excess errors)
FAIL: g++.law/operators32.C (test for excess errors)
FAIL: g++.law/vbase1.C (test for excess errors)
FAIL: g++.law/virtual3.C (test for excess errors)
FAIL: g++.law/visibility1.C (test for excess errors)
FAIL: g++.law/visibility10.C (test for excess errors)
FAIL: g++.law/visibility13.C (test for excess errors)
FAIL: g++.law/visibility17.C (test for excess errors)
FAIL: g++.law/visibility2.C (test for excess errors)
FAIL: g++.law/visibility7.C (test for excess errors)
FAIL: g++.mike/net46.C (test for excess errors)
FAIL: g++.mike/p658.C (test for excess errors)
FAIL: g++.other/crash31.C parse error (test for errors, line 11)
FAIL: g++.other/crash31.C (test for excess errors)
FAIL: g++.other/inline14.C (test for excess errors)
FAIL: g++.robertl/eb109.C (test for excess errors)
FAIL: g++.robertl/eb127.C (test for excess errors)
FAIL: g++.robertl/eb15.C (test for excess errors)
FAIL: g++.robertl/eb41.C (test for excess errors)
FAIL: g++.robertl/eb46.C (test for excess errors)
FAIL: g++.robertl/eb77.C (test for excess errors)
FAIL: g++.robertl/eb79.C (test for excess errors)
=== g++ Summary ===
# of expected passes 6335
# of unexpected failures 47
# of expected failures 102
# of untested testcases 9
/home/build-rpm/BUILD/obj-gcc-20010216/gcc/testsuite/../g++ version 2.97 20010215 (experimental)
=== g77 tests ===
Running target unix
XPASS: g77.f-torture/execute/20010116.f execution, -O0
XPASS: g77.f-torture/execute/20010116.f execution, -O1
FAIL: g77.f-torture/execute/short.f execution, -Os
=== g77 Summary ===
# of expected passes 910
# of unexpected failures 1
# of unexpected successes 2
# of expected failures 6
=== objc tests ===
Running target unix
FAIL: objc/execute/bf-1.m compilation, -O
FAIL: objc/execute/bf-10.m compilation, -O
FAIL: objc/execute/bf-11.m compilation, -O
FAIL: objc/execute/bf-12.m compilation, -O
FAIL: objc/execute/bf-13.m compilation, -O
FAIL: objc/execute/bf-14.m compilation, -O
FAIL: objc/execute/bf-15.m compilation, -O
FAIL: objc/execute/bf-16.m compilation, -O
FAIL: objc/execute/bf-17.m compilation, -O
FAIL: objc/execute/bf-18.m compilation, -O
FAIL: objc/execute/bf-19.m compilation, -O
FAIL: objc/execute/bf-2.m compilation, -O
FAIL: objc/execute/bf-20.m compilation, -O
FAIL: objc/execute/bf-3.m compilation, -O
FAIL: objc/execute/bf-4.m compilation, -O
FAIL: objc/execute/bf-5.m compilation, -O
FAIL: objc/execute/bf-6.m compilation, -O
FAIL: objc/execute/bf-7.m compilation, -O
FAIL: objc/execute/bf-8.m compilation, -O
FAIL: objc/execute/bf-9.m compilation, -O
FAIL: objc/execute/bycopy-1.m compilation, -O
FAIL: objc/execute/bycopy-2.m compilation, -O
FAIL: objc/execute/fdecl.m compilation, -O
FAIL: objc/execute/np-1.m compilation, -O
FAIL: objc/execute/np-2.m compilation, -O
FAIL: objc/execute/paste.m compilation, -O
FAIL: objc/execute/protocol.m compilation, -O
FAIL: objc/execute/string1.m compilation, -O
FAIL: objc/execute/string2.m compilation, -O
=== objc Summary ===
# of unexpected failures 29
# of untested testcases 29
/home/build-rpm/BUILD/obj-gcc-20010216/gcc/xgcc version 2.97 20010215 (experimental)
Compiler version: 2.97 20010215 (experimental)
Platform: i386-unknown-linux-gnu
configure flags: --host=i386-unknown-linux-gnu --disable-checking --prefix=/usr/local --enable-shared --enable-threads --without-cvs
More information about the Gcc-testresults
mailing list