Results for 2.97 20010205 (experimental) testsuite on i686-pc-cygwin
Billinghurst, David (CRTS)
David.Billinghurst@riotinto.com
Thu Feb 15 14:57:00 GMT 2001
Using cygwin1.dll 20010213 snapshot. cygwin 1.1.18 doesn't bootstrap
g77.f-torture/execute/20010116.f now passes. Time for another LAPACK run.
Native configuration is i686-pc-cygwin
=== g++ tests ===
Running target unix
FAIL: g++.dg/vtgc1.C scan-assembler .vtable_inherit[ ]*Multivv3 virtual
table, 0
FAIL: g++.dg/vtgc1.C scan-assembler .vtable_inherit[ ]*Multivv3::Side0
virtual table, Side0 virtual table
FAIL: g++.dg/vtgc1.C scan-assembler .vtable_inherit[ ]*Multivv3::Base2
virtual table, Base2 virtual table
FAIL: g++.dg/vtgc1.C scan-assembler .vtable_inherit[ ]*Multiss2 virtual
table, Base2 virtual table
FAIL: g++.dg/vtgc1.C scan-assembler .vtable_inherit[ ]*Multiss2::Side0
virtual table, Side0 virtual table
FAIL: g++.dg/vtgc1.C scan-assembler .vtable_inherit[ ]*Multivs1 virtual
table, Base2 virtual table
FAIL: g++.dg/vtgc1.C scan-assembler .vtable_inherit[ ]*Multivs1::Side0
virtual table, Side0 virtual table
FAIL: g++.dg/vtgc1.C scan-assembler .vtable_inherit[ ]*Multisv0 virtual
table, Side0 virtual table
FAIL: g++.dg/vtgc1.C scan-assembler .vtable_inherit[ ]*Multisv0::Base2
virtual table, Base2 virtual table
FAIL: g++.dg/vtgc1.C scan-assembler .vtable_inherit[ ]*Side0 virtual
table, 0
FAIL: g++.dg/vtgc1.C scan-assembler .vtable_inherit[ ]*VbasedA virtual
table, 0
FAIL: g++.dg/vtgc1.C scan-assembler .vtable_inherit[ ]*VbasedA::Base2
virtual table, Base2 virtual table
FAIL: g++.dg/vtgc1.C scan-assembler .vtable_inherit[ ]*Base2 virtual
table, Base1 virtual table
FAIL: g++.dg/vtgc1.C scan-assembler .vtable_inherit[ ]*Base1 virtual
table, Base0 virtual table
FAIL: g++.dg/vtgc1.C scan-assembler .vtable_inherit[ ]*Base0 virtual
table, 0
FAIL: conpr-1.C
FAIL: conpr-2a.o
FAIL: conpr-3a.o
FAIL: g++.abi/cxa_vec.C Execution test
FAIL: g++.brendan/crash20.C (test for excess errors)
FAIL: g++.eh/rethrow1.C Execution test
FAIL: g++.eh/rethrow2.C Execution test
FAIL: g++.eh/rethrow4.C Execution test
FAIL: g++.eh/rethrow6.C Execution test
FAIL: g++.ext/initp1.C caused compiler crash
FAIL: g++.ext/instantiate1.C not instantiated (test for errors, line 18)
FAIL: g++.ext/instantiate1.C not instantiated (test for errors, line 20)
FAIL: g++.ext/instantiate2.C not instantiated (test for errors, line 16)
FAIL: g++.ext/instantiate3.C not instantiated (test for errors, line 13)
XPASS: g++.ext/instantiate3.C (test for excess errors)
FAIL: g++.jason/2371.C (test for excess errors)
XPASS: g++.jason/template18.C (test for excess errors)
XPASS: g++.jason/template18.C Execution test
FAIL: g++.jason/thunk2.C (test for excess errors)
FAIL: g++.law/ctors6.C (test for excess errors)
FAIL: g++.law/operators4.C (test for excess errors)
FAIL: g++.mike/eh30.C (test for excess errors)
FAIL: g++.mike/eh33.C Execution test
FAIL: g++.mike/eh50.C Execution test
FAIL: g++.mike/eh51.C Execution test
=== g++ Summary ===
# of expected passes 3099
# of unexpected failures 37
# of unexpected successes 3
# of expected failures 22
# of untested testcases 6
/usr/local/obj/gcc/gcc/testsuite/../g++ version 2.97 20010205 (experimental)
=== g77 tests ===
Running target unix
XPASS: g77.f-torture/compile/20000629-1.f, -O2 -fomit-frame-pointer
-finline-functions -funroll-loops
XPASS: g77.f-torture/compile/20000629-1.f, -O2 -fomit-frame-pointer
-finline-functions -funroll-all-loops
XPASS: g77.f-torture/execute/20010116.f execution, -O0
XPASS: g77.f-torture/execute/20010116.f execution, -O1
XPASS: g77.f-torture/execute/20010116.f execution, -O2
XPASS: g77.f-torture/execute/20010116.f execution, -O2 -fomit-frame-pointer
-finline-functions
XPASS: g77.f-torture/execute/20010116.f execution, -O2 -fomit-frame-pointer
-finline-functions -funroll-loops
XPASS: g77.f-torture/execute/20010116.f execution, -O2 -fomit-frame-pointer
-finline-functions -funroll-all-loops
XPASS: g77.f-torture/execute/20010116.f execution, -O3 -g
XPASS: g77.f-torture/execute/20010116.f execution, -Os
FAIL: g77.f-torture/execute/short.f execution, -Os
=== g77 Summary ===
# of expected passes 908
# of unexpected failures 1
# of unexpected successes 10
=== gcc tests ===
Running target unix
FAIL: gcc.c-torture/compile/20000427-1.c, -O3 -fomit-frame-pointer
-funroll-loops
FAIL: gcc.c-torture/compile/20001121-1.c, -O2
FAIL: gcc.c-torture/compile/20010113-1.c, -O0
FAIL: gcc.c-torture/compile/20010113-1.c, -O1
FAIL: gcc.c-torture/compile/20010113-1.c, -O2
FAIL: gcc.c-torture/compile/20010113-1.c, -O3 -fomit-frame-pointer
FAIL: gcc.c-torture/compile/20010113-1.c, -O3 -g
FAIL: gcc.c-torture/compile/20010113-1.c, -Os
FAIL: gcc.c-torture/execute/20010114-2.c execution, -O1
FAIL: gcc.c-torture/execute/20010114-2.c execution, -O2
FAIL: gcc.c-torture/execute/20010114-2.c execution, -Os
FAIL: gcc.c-torture/execute/20010122-1.c execution, -O3
-fomit-frame-pointer
FAIL: gcc.c-torture/execute/20010122-1.c execution, -O3
-fomit-frame-pointer -funroll-loops
FAIL: gcc.c-torture/execute/20010122-1.c execution, -O3
-fomit-frame-pointer -funroll-all-loops -finline-functions
FAIL: gcc.c-torture/execute/20010123-1.c execution, -O0
FAIL: gcc.c-torture/execute/20010123-1.c execution, -O1
FAIL: gcc.c-torture/execute/20010123-1.c execution, -O2
FAIL: gcc.c-torture/execute/20010123-1.c execution, -O3
-fomit-frame-pointer
FAIL: gcc.c-torture/execute/20010123-1.c execution, -O3
-fomit-frame-pointer -funroll-loops
FAIL: gcc.c-torture/execute/20010123-1.c execution, -O3
-fomit-frame-pointer -funroll-all-loops -finline-functions
FAIL: gcc.c-torture/execute/20010123-1.c execution, -O3 -g
FAIL: gcc.c-torture/execute/20010123-1.c execution, -Os
FAIL: gcc.c-torture/execute/20010124-1.c execution, -O0
FAIL: gcc.c-torture/execute/20010124-1.c execution, -O1
FAIL: gcc.c-torture/execute/20010124-1.c execution, -O2
FAIL: gcc.c-torture/execute/20010124-1.c execution, -O3
-fomit-frame-pointer
FAIL: gcc.c-torture/execute/20010124-1.c execution, -O3 -g
FAIL: gcc.c-torture/execute/20010124-1.c execution, -Os
FAIL: gcc.c-torture/execute/991118-1.c execution, -O3 -fomit-frame-pointer
FAIL: gcc.c-torture/execute/991118-1.c execution, -O3 -g
FAIL: gcc.c-torture/execute/bf64-1.c execution, -O3 -fomit-frame-pointer
FAIL: gcc.c-torture/execute/bf64-1.c execution, -O3 -g
FAIL: gcc.c-torture/execute/loop-2b.c execution, -O2
FAIL: gcc.dg/cpp/19990407-1.c (test for excess errors)
FAIL: gcc.dg/cpp/19990703-1.c (test for excess errors)
FAIL: gcc.dg/cpp/20000625-2.c (test for excess errors)
FAIL: gcc.dg/cpp/strp1.c (test for excess errors)
FAIL: gcc.dg/cpp/strp2.c (test for excess errors)
FAIL: gcc.dg/20000807-1.c (test for excess errors)
FAIL: gcc.dg/20000904-1.c (test for excess errors)
FAIL: gcc.dg/20001009-1.c (test for excess errors)
FAIL: gcc.dg/20001117-1.c (test for excess errors)
FAIL: gcc.dg/990213-2.c (test for excess errors)
FAIL: gcc.dg/990214-1.c (test for excess errors)
FAIL: gcc.dg/asm-fs-1.c scan-assembler-not \\*_bar
FAIL: gcc.dg/asm-fs-1.c scan-assembler-not \\*_baz
FAIL: gcc.dg/sequence-pt-1.c sequence point warning (test for warnings, line
59)
=== gcc Summary ===
# of expected passes 14938
# of unexpected failures 47
# of expected failures 78
# of unsupported tests 26
/usr/local/obj/gcc/gcc/xgcc version 2.97 20010205 (experimental)
=== objc tests ===
Running target unix
FAIL: objc/execute/bycopy-1.m compilation, -O
FAIL: objc/execute/bycopy-2.m compilation, -O
FAIL: objc/execute/fdecl.m compilation, -O
FAIL: objc/execute/np-1.m compilation, -O
FAIL: objc/execute/np-2.m compilation, -O
FAIL: objc/execute/protocol.m compilation, -O
=== objc Summary ===
# of expected passes 46
# of unexpected failures 6
# of untested testcases 6
/usr/local/obj/gcc/gcc/xgcc version 2.97 20010205 (experimental)
Compiler version: 2.97 20010205 (experimental)
Platform: i686-pc-cygwin
configure flags: --host=i686-pc-cygwin
Counting all warnings,
there are 846 warnings in stage3 of this bootstrap.
Number of warnings per file:
425 include/sys/reent.h
54 include/w32api/winnt.h
35 include/w32api/winbase.h
33 include/sys/signal.h
32 gcc/gcc.c
32 gcc/combine.c
27 gcc/config/i386/winnt.c
24 include/w32api/dde.h
23 include/libintl.h
21 gcc/cppinit.c
16 gcc/varasm.c
14 include/w32api/windows.h
10 include/w32api/mmsystem.h
10 gcc/reg-stack.c
9 include/machine/setjmp.h
8 include/w32api/wingdi.h
6 gcc/cp/pt.c
5 gcc/cse.c
5 gcc/cp/error.c
4 gcc/dwarf2out.c
4 gcc/collect2.c
3 include/w32api/windef.h
3 gcc/reload1.c
3 gcc/config/i386/i386.c
2 insn-emit.c
2 include/w32api/winuser.h
2 include/w32api/rpcdcep.h
2 include/w32api/commdlg.h
2 hashtab.c
2 gcc/reload.c
2 gcc/prefix.c
2 gcc/function.c
2 gcc/fold-const.c
2 gcc/expr.c
2 gcc/cp/call.c
2 gcc/config/i386/i386.md
2 gcc/alias.c
1 include/w32api/rpcdce.h
1 include/w32api/rpc.h
1 gcc/toplev.c
1 gcc/sdbout.c
1 gcc/sched-deps.c
1 gcc/regmove.c
1 gcc/objc/lang-specs.h
1 gcc/final.c
1 gcc/f/lang-specs.h
1 gcc/expmed.c
1 gcc/cp/lang-specs.h
1 gcc/cp/init.c
1 gcc/cp/errfn.c
1 cxxmain.c
Number of warning types:
516 suggest not using #elif in traditional C
66 bit-field \`???' type invalid in ISO C
57 comparison between signed and unsigned
32 suggest hiding #pragma from traditional C with an indented #
29 function \`???' was previously declared within a block
23 function declaration isn't a prototype
20 ISO C doesn't support unnamed structs/unions
19 implicit declaration of function \`???'
14 unused variable \`???'
8 assignment discards qualifiers from pointer target type
8 \`???' might be used uninitialized in this function
7 string length \`???' is greater than the minimum length \`???' ISO
C89 is required to support
5 passing arg ??? of \`???' discards qualifiers from pointer target
type
5 initialization from incompatible pointer type
4 signed and unsigned type in conditional expression
4 left shift count >= width of type
4 ??? format, ??? arg (arg ???)
3 pointer targets in passing arg ??? of \`???' differ in signedness
2 traditional C rejects string concatenation
2 suggest parentheses around assignment used as truth value
2 passing arg ??? of \`???' from incompatible pointer type
2 initialization discards qualifiers from pointer target type
2 destination missing a mode?
2 assignment of read-only location
1 unused parameter \`???'
1 suggest hiding #error from traditional C with an indented #
1 struct has no named members
1 return discards qualifiers from pointer target type
1 integer constant is unsigned in ISO C, signed with -traditional
1 function-like macro \`min' must be used with arguments in
traditional C
1 decimal constant is so large that it is unsigned
1 \`???' defined but not used
1 C++ style comments are not allowed in ISO C89
1 (this will be reported only once per input file)
More information about the Gcc-testresults
mailing list