Results for 2.97 20010212 (experimental) testsuite on i386-unknown-freebsd4.2 (on the gcc-3.0 branch with no patches)
Loren James Rittle
rittle@latour.rsch.comm.mot.com
Wed Feb 14 15:02:00 GMT 2001
Summary of libstdc++ testsuite results:
pass/fail results: 101/4 shared + 100/5 static = 201/9 total
Native configuration is i386-unknown-freebsd4.2
=== gcc tests ===
Running target unix
FAIL: gcc.c-torture/execute/20010114-2.c execution, -O1
FAIL: gcc.c-torture/execute/20010114-2.c execution, -O2
FAIL: gcc.c-torture/execute/20010114-2.c execution, -Os
FAIL: gcc.c-torture/execute/20010123-1.c execution, -O0
FAIL: gcc.c-torture/execute/20010123-1.c execution, -O1
FAIL: gcc.c-torture/execute/20010123-1.c execution, -O2
FAIL: gcc.c-torture/execute/20010123-1.c execution, -O3 -fomit-frame-pointer
FAIL: gcc.c-torture/execute/20010123-1.c execution, -O3 -fomit-frame-pointer -funroll-loops
FAIL: gcc.c-torture/execute/20010123-1.c execution, -O3 -fomit-frame-pointer -funroll-all-loops -finline-functions
FAIL: gcc.c-torture/execute/20010123-1.c execution, -O3 -g
FAIL: gcc.c-torture/execute/20010123-1.c execution, -Os
FAIL: gcc.c-torture/execute/20010124-1.c execution, -O0
FAIL: gcc.c-torture/execute/20010124-1.c execution, -O1
FAIL: gcc.c-torture/execute/20010124-1.c execution, -O2
FAIL: gcc.c-torture/execute/20010124-1.c execution, -O3 -fomit-frame-pointer
FAIL: gcc.c-torture/execute/20010124-1.c execution, -O3 -g
FAIL: gcc.c-torture/execute/20010124-1.c execution, -Os
FAIL: gcc.c-torture/execute/991118-1.c execution, -O3 -fomit-frame-pointer
FAIL: gcc.c-torture/execute/991118-1.c execution, -O3 -g
FAIL: gcc.c-torture/execute/bf64-1.c execution, -O3 -fomit-frame-pointer
FAIL: gcc.c-torture/execute/bf64-1.c execution, -O3 -g
FAIL: gcc.c-torture/execute/loop-2b.c execution, -O2
FAIL: gcc.c-torture/execute/ieee/rbug.c execution, -O0
FAIL: gcc.c-torture/execute/ieee/rbug.c execution, -O1
FAIL: gcc.c-torture/execute/ieee/rbug.c execution, -O2
FAIL: gcc.c-torture/execute/ieee/rbug.c execution, -Os
FAIL: gcc.dg/20001117-1.c (test for excess errors)
FAIL: gcc.dg/sequence-pt-1.c sequence point warning (test for warnings, line 59)
=== gcc Summary for unix ===
# of expected passes 14976
# of unexpected failures 28
# of expected failures 78
# of unsupported tests 24
Running target unix/-pthread -fpic
FAIL: gcc.c-torture/compile/20000804-1.c, -O0
FAIL: gcc.c-torture/execute/20010114-2.c execution, -O1
FAIL: gcc.c-torture/execute/20010114-2.c execution, -O2
FAIL: gcc.c-torture/execute/20010114-2.c execution, -O3 -fomit-frame-pointer
FAIL: gcc.c-torture/execute/20010114-2.c execution, -O3 -g
FAIL: gcc.c-torture/execute/20010114-2.c execution, -Os
FAIL: gcc.c-torture/execute/20010123-1.c execution, -O0
FAIL: gcc.c-torture/execute/20010123-1.c execution, -O1
FAIL: gcc.c-torture/execute/20010123-1.c execution, -O2
FAIL: gcc.c-torture/execute/20010123-1.c execution, -O3 -fomit-frame-pointer
FAIL: gcc.c-torture/execute/20010123-1.c execution, -O3 -fomit-frame-pointer -funroll-loops
FAIL: gcc.c-torture/execute/20010123-1.c execution, -O3 -fomit-frame-pointer -funroll-all-loops -finline-functions
FAIL: gcc.c-torture/execute/20010123-1.c execution, -O3 -g
FAIL: gcc.c-torture/execute/20010123-1.c execution, -Os
FAIL: gcc.c-torture/execute/20010124-1.c execution, -O0
FAIL: gcc.c-torture/execute/20010124-1.c execution, -O1
FAIL: gcc.c-torture/execute/20010124-1.c execution, -O2
FAIL: gcc.c-torture/execute/20010124-1.c execution, -O3 -fomit-frame-pointer
FAIL: gcc.c-torture/execute/20010124-1.c execution, -O3 -g
FAIL: gcc.c-torture/execute/20010124-1.c execution, -Os
FAIL: gcc.c-torture/execute/991118-1.c execution, -O3 -fomit-frame-pointer
FAIL: gcc.c-torture/execute/991118-1.c execution, -O3 -g
FAIL: gcc.c-torture/execute/bf64-1.c execution, -O3 -fomit-frame-pointer
FAIL: gcc.c-torture/execute/bf64-1.c execution, -O3 -g
FAIL: gcc.c-torture/execute/conversion.c execution, -O3 -fomit-frame-pointer
FAIL: gcc.c-torture/execute/conversion.c execution, -O3 -g
FAIL: gcc.c-torture/execute/ieee/rbug.c execution, -O0
FAIL: gcc.c-torture/execute/ieee/rbug.c execution, -O1
FAIL: gcc.c-torture/execute/ieee/rbug.c execution, -O2
FAIL: gcc.c-torture/execute/ieee/rbug.c execution, -O3 -fomit-frame-pointer
FAIL: gcc.c-torture/execute/ieee/rbug.c execution, -O3 -g
FAIL: gcc.c-torture/execute/ieee/rbug.c execution, -Os
FAIL: gcc.dg/20001117-1.c (test for excess errors)
FAIL: gcc.dg/asm-names.c (test for excess errors)
FAIL: gcc.dg/sequence-pt-1.c sequence point warning (test for warnings, line 59)
=== gcc Summary for unix/-pthread -fpic ===
# of expected passes 14969
# of unexpected failures 35
# of expected failures 78
# of unsupported tests 24
=== gcc Summary ===
# of expected passes 29945
# of unexpected failures 63
# of expected failures 156
# of unsupported tests 48
/usr/users/rittle/tmp/gcc-build-latour-0213/gcc/xgcc version 2.97 20010212 (experimental)
=== g++ tests ===
Running target unix
FAIL: g++.dg/vtgc1.C scan-assembler .vtable_inherit[ ]*Multivv3 virtual table, 0
FAIL: g++.dg/vtgc1.C scan-assembler .vtable_inherit[ ]*Multivv3::Side0 virtual table, Side0 virtual table
FAIL: g++.dg/vtgc1.C scan-assembler .vtable_inherit[ ]*Multivv3::Base2 virtual table, Base2 virtual table
FAIL: g++.dg/vtgc1.C scan-assembler .vtable_inherit[ ]*Multiss2 virtual table, Base2 virtual table
FAIL: g++.dg/vtgc1.C scan-assembler .vtable_inherit[ ]*Multiss2::Side0 virtual table, Side0 virtual table
FAIL: g++.dg/vtgc1.C scan-assembler .vtable_inherit[ ]*Multivs1 virtual table, Base2 virtual table
FAIL: g++.dg/vtgc1.C scan-assembler .vtable_inherit[ ]*Multivs1::Side0 virtual table, Side0 virtual table
FAIL: g++.dg/vtgc1.C scan-assembler .vtable_inherit[ ]*Multisv0 virtual table, Side0 virtual table
FAIL: g++.dg/vtgc1.C scan-assembler .vtable_inherit[ ]*Multisv0::Base2 virtual table, Base2 virtual table
FAIL: g++.dg/vtgc1.C scan-assembler .vtable_inherit[ ]*Side0 virtual table, 0
FAIL: g++.dg/vtgc1.C scan-assembler .vtable_inherit[ ]*VbasedA virtual table, 0
FAIL: g++.dg/vtgc1.C scan-assembler .vtable_inherit[ ]*VbasedA::Base2 virtual table, Base2 virtual table
FAIL: g++.dg/vtgc1.C scan-assembler .vtable_inherit[ ]*Base2 virtual table, Base1 virtual table
FAIL: g++.dg/vtgc1.C scan-assembler .vtable_inherit[ ]*Base1 virtual table, Base0 virtual table
FAIL: g++.dg/vtgc1.C scan-assembler .vtable_inherit[ ]*Base0 virtual table, 0
FAIL: g++.ext/instantiate1.C not instantiated (test for errors, line 18)
FAIL: g++.ext/instantiate1.C not instantiated (test for errors, line 20)
FAIL: g++.other/crash31.C parse error (test for errors, line 11)
FAIL: g++.other/crash31.C (test for excess errors)
=== g++ Summary for unix ===
# of expected passes 6361
# of unexpected failures 19
# of expected failures 89
# of untested testcases 15
Running target unix/-pthread -fpic
FAIL: g++.dg/vtgc1.C (test for excess errors)
FAIL: g++.eh/badalloc1.C Execution test
FAIL: g++.ext/instantiate1.C not instantiated (test for errors, line 18)
FAIL: g++.ext/instantiate1.C not instantiated (test for errors, line 20)
FAIL: g++.other/crash18.C (test for excess errors)
FAIL: g++.other/crash31.C parse error (test for errors, line 11)
FAIL: g++.other/crash31.C (test for excess errors)
=== g++ Summary for unix/-pthread -fpic ===
# of expected passes 6358
# of unexpected failures 7
# of expected failures 89
# of unresolved testcases 1
# of untested testcases 15
=== g++ Summary ===
# of expected passes 12719
# of unexpected failures 26
# of expected failures 178
# of unresolved testcases 1
# of untested testcases 30
/usr/users/rittle/tmp/gcc-build-latour-0213/gcc/testsuite/../g++ version 2.97 20010212 (experimental)
=== g77 tests ===
Running target unix
XPASS: g77.f-torture/execute/20010116.f execution, -O0
XPASS: g77.f-torture/execute/20010116.f execution, -O1
FAIL: g77.f-torture/execute/short.f execution, -Os
=== g77 Summary for unix ===
# of expected passes 910
# of unexpected failures 1
# of unexpected successes 2
# of expected failures 6
Running target unix/-pthread -fpic
XPASS: g77.f-torture/execute/20010116.f execution, -O0
XPASS: g77.f-torture/execute/20010116.f execution, -O1
=== g77 Summary for unix/-pthread -fpic ===
# of expected passes 911
# of unexpected successes 2
# of expected failures 6
=== g77 Summary ===
# of expected passes 1821
# of unexpected failures 1
# of unexpected successes 4
# of expected failures 12
=== objc tests ===
Running target unix
FAIL: objc/execute/bf-1.m compilation, -O
FAIL: objc/execute/bf-10.m compilation, -O
FAIL: objc/execute/bf-11.m compilation, -O
FAIL: objc/execute/bf-12.m compilation, -O
FAIL: objc/execute/bf-13.m compilation, -O
FAIL: objc/execute/bf-14.m compilation, -O
FAIL: objc/execute/bf-15.m compilation, -O
FAIL: objc/execute/bf-16.m compilation, -O
FAIL: objc/execute/bf-17.m compilation, -O
FAIL: objc/execute/bf-18.m compilation, -O
FAIL: objc/execute/bf-19.m compilation, -O
FAIL: objc/execute/bf-2.m compilation, -O
FAIL: objc/execute/bf-20.m compilation, -O
FAIL: objc/execute/bf-3.m compilation, -O
FAIL: objc/execute/bf-4.m compilation, -O
FAIL: objc/execute/bf-5.m compilation, -O
FAIL: objc/execute/bf-6.m compilation, -O
FAIL: objc/execute/bf-7.m compilation, -O
FAIL: objc/execute/bf-8.m compilation, -O
FAIL: objc/execute/bf-9.m compilation, -O
FAIL: objc/execute/bycopy-1.m compilation, -O
FAIL: objc/execute/bycopy-2.m compilation, -O
FAIL: objc/execute/fdecl.m compilation, -O
FAIL: objc/execute/np-1.m compilation, -O
FAIL: objc/execute/np-2.m compilation, -O
FAIL: objc/execute/paste.m compilation, -O
FAIL: objc/execute/protocol.m compilation, -O
FAIL: objc/execute/string1.m compilation, -O
FAIL: objc/execute/string2.m compilation, -O
=== objc Summary for unix ===
# of unexpected failures 29
# of untested testcases 29
Running target unix/-pthread -fpic
FAIL: objc/execute/bycopy-1.m compilation, -O
FAIL: objc/execute/bycopy-2.m compilation, -O
FAIL: objc/execute/np-1.m compilation, -O
FAIL: objc/execute/np-2.m compilation, -O
FAIL: objc/execute/protocol.m compilation, -O
=== objc Summary for unix/-pthread -fpic ===
# of expected passes 48
# of unexpected failures 5
# of untested testcases 5
=== objc Summary ===
# of expected passes 48
# of unexpected failures 34
# of untested testcases 34
/usr/users/rittle/tmp/gcc-build-latour-0213/gcc/xgcc version 2.97 20010212 (experimental)
Compiler version: 2.97 20010212 (experimental)
Platform: i386-unknown-freebsd4.2
configure flags: --host=i386-unknown-freebsd4.2 --enable-shared --enable-threads=posix --enable-debug --prefix=/usr/local/beta-gcc --with-gnu-as --with-as=/usr/local/beta-gcc/bin/as --with-gnu-ld --with-ld=/usr/local/beta-gcc/bin/ld
BOOT_CFLAGS=-g -O2
More information about the Gcc-testresults
mailing list