Results for 2.95.2 19991024 (release) testsuite on i586-pc-linux-gnu

Cadelor albertw@netsoc.ucd.ie
Sat Feb 10 16:59:00 GMT 2001


Native configuration is i586-pc-linux-gnu

		=== objc tests ===


Running target unix

		=== objc Summary ===

# of expected passes		38
/home/albertw/PST/gcc-test/objects/gcc/xgcc version 2.95.2 19991024 (release)

		=== g77 tests ===


Running target unix

		=== g77 Summary ===

# of expected passes		602
		=== gcc tests ===


Running target unix
FAIL: gcc.c-torture/execute/loop-2b.c execution,  -O2 
FAIL: gcc.c-torture/execute/loop-2b.c execution,  -O3 -fomit-frame-pointer 
FAIL: gcc.c-torture/execute/loop-2b.c execution,  -O3 -fomit-frame-pointer -funroll-loops 
FAIL: gcc.c-torture/execute/loop-2b.c execution,  -O3 -fomit-frame-pointer -funroll-all-loops -finline-functions 
FAIL: gcc.c-torture/execute/loop-2b.c execution,  -O3 -g 
FAIL: gcc.c-torture/execute/ieee/980619-1.c execution,  -O1 
FAIL: gcc.c-torture/execute/ieee/980619-1.c execution,  -O2 
FAIL: gcc.c-torture/execute/ieee/980619-1.c execution,  -O3 -fomit-frame-pointer 
FAIL: gcc.c-torture/execute/ieee/980619-1.c execution,  -O3 -fomit-frame-pointer -funroll-loops 
FAIL: gcc.c-torture/execute/ieee/980619-1.c execution,  -O3 -fomit-frame-pointer -funroll-all-loops -finline-functions 
FAIL: gcc.c-torture/execute/ieee/980619-1.c execution,  -O3 -g 
FAIL: gcc.c-torture/execute/ieee/980619-1.c execution,  -Os 
FAIL: gcc.dg/990119-1.c execution test
FAIL: gcc.dg/cast-qual-1.c discarding `const' warning (test for bogus messages, line 11)
FAIL: gcc.dg/cast-qual-1.c discarding `const' warning (test for warnings, line 17)
FAIL: gcc.dg/compare1.c (test for excess errors)

		=== gcc Summary ===

# of expected passes		8063
# of unexpected failures	16
# of expected failures		31
# of unsupported tests		12
/home/albertw/PST/gcc-test/objects/gcc/xgcc version 2.95.2 19991024 (release)

		=== g++ tests ===


Running target unix
FAIL: g++.gb/sig01.C (test for excess errors)
FAIL: g++.gb/sig02.C (test for excess errors)
FAIL: g++.gb/sig03.C (test for excess errors)
FAIL: g++.gb/sig04.C (test for excess errors)
FAIL: g++.gb/sig05.C (test for excess errors)
FAIL: g++.gb/sig06.C (test for excess errors)
FAIL: g++.gb/sig07.C (test for excess errors)
FAIL: g++.gb/sig08.C (test for excess errors)
FAIL: g++.gb/sig09.C (test for excess errors)
FAIL: g++.gb/sig10.C (test for excess errors)
FAIL: g++.gb/sig11.C (test for excess errors)
FAIL: g++.gb/sig12.C (test for excess errors)
FAIL: g++.gb/sig13.C (test for excess errors)
FAIL: g++.gb/sig14.C (test for excess errors)
FAIL: g++.gb/sig15.C (test for excess errors)
FAIL: g++.gb/sig16.C (test for excess errors)
FAIL: g++.gb/sig17.C (test for excess errors)
FAIL: g++.gb/sig18.C (test for excess errors)
FAIL: g++.gb/sig19.C (test for excess errors)
FAIL: g++.gb/sig20.C (test for excess errors)
FAIL: g++.gb/sig21.C (test for excess errors)
FAIL: g++.gb/sig22.C (test for excess errors)
FAIL: g++.gb/sig23.C (test for excess errors)
FAIL: g++.gb/sig24.C (test for excess errors)
FAIL: g++.gb/sig25.C (test for excess errors)
FAIL: g++.gb/sig26.C (test for excess errors)
FAIL: g++.gb/sig27.C (test for excess errors)
FAIL: g++.gb/sig28.C (test for excess errors)
FAIL: g++.gb/sig29.C (test for excess errors)
FAIL: g++.gb/sig30.C (test for excess errors)
FAIL: g++.gb/sig31.C (test for excess errors)
FAIL: g++.robertl/eb131.C candidate (test for errors, line 13)

		=== g++ Summary ===

# of expected passes		5125
# of unexpected failures	32
# of expected failures		79
# of untested testcases		7
/home/albertw/PST/gcc-test/objects/gcc/testsuite/../xgcc version 2.95.2 19991024 (release)

		=== libio tests ===


Running target unix

		=== libio Summary ===

# of expected passes		40
		=== libstdc++ tests ===


Running target unix

		=== libstdc++ Summary ===

# of expected passes		30

Compiler version: 2.95.2 19991024 (release) 
Platform: i586-pc-linux-gnu
configure flags: --with-gcc-version-trigger=/home/albertw/PST/gcc-test/gcc/gcc/version.c --host=i586-pc-linux-gnu --prefix=/home/albertw/PST/gcc-test/root/ --norecursion



More information about the Gcc-testresults mailing list