Results for 3.0.3 testsuite on hppa64-hp-hpux11.00

Craig Prescott (Contract) cpprescx@shr.intel.com
Mon Dec 31 11:49:00 GMT 2001


LAST_UPDATED: 
Native configuration is hppa64-hp-hpux11.00

		=== g++ tests ===


Running target unix
FAIL: g++.dg/mangle1.C scan-assembler 
FAIL: g++.dg/mangle1.C scan-assembler 
FAIL: g++.dg/mangle1.C scan-assembler 
FAIL: g++.dg/mangle1.C scan-assembler 
FAIL: g++.dg/mangle1.C scan-assembler 
FAIL: g++.dg/mangle1.C scan-assembler 
FAIL: g++.dg/mangle1.C scan-assembler 
FAIL: g++.dg/mangle1.C scan-assembler 
FAIL: g++.dg/mangle1.C scan-assembler 
FAIL: g++.dg/mangle1.C scan-assembler 
FAIL: g++.dg/mangle1.C scan-assembler 
FAIL: g++.dg/mangle1.C scan-assembler 
FAIL: g++.dg/mangle1.C scan-assembler 
FAIL: g++.dg/mangle1.C scan-assembler 
FAIL: g++.dg/special/conpr-1.C execution test
FAIL: g++.dg/special/conpr-2.C execution test
FAIL: g++.dg/special/conpr-3.C execution test
FAIL: g++.dg/special/conpr-3.C execution test
FAIL: g++.dg/special/conpr-1.C execution test
FAIL: g++.ext/instantiate1.C not instantiated (test for errors, line 22)
XPASS: g++.ext/instantiate2.C not instantiated (test for errors, line 19)
XPASS: g++.ext/instantiate3.C not instantiated (test for errors, line 13)
FAIL: g++.law/profile1.C caused compiler crash
FAIL: g++.pt/instantiate4.C (test for excess errors)
FAIL: g++.pt/repo3.C (test for excess errors)
XPASS: g++.pt/static3.C (test for excess errors)
XPASS: g++.pt/static3.C  Execution test
XPASS: g++.pt/static6.C (test for excess errors)

		=== g++ Summary ===

# of expected passes		6467
# of unexpected failures	23
# of unexpected successes	5
# of expected failures		105
# of untested testcases		21
/proj/cad_csv/local/hppa-hpux11.00/build/gcc-3.0.3-64/gcc/testsuite/../g++ version 3.0.3

		=== g77 tests ===


Running target unix
FAIL: g77.f-torture/execute/19990826-2.f compilation,  -O1 
FAIL: g77.f-torture/execute/19990826-2.f compilation,  -O2 
FAIL: g77.f-torture/execute/19990826-2.f compilation,  -O3 -fomit-frame-pointer 
FAIL: g77.f-torture/execute/19990826-2.f compilation,  -O3 -g 
FAIL: g77.f-torture/execute/19990826-2.f compilation,  -Os 

		=== g77 Summary ===

# of expected passes		923
# of unexpected failures	5
# of untested testcases		5
# of unsupported tests		8
		=== gcc tests ===


Running target unix
FAIL: gcc.c-torture/compile/20010605-1.c,  -O0  
FAIL: gcc.c-torture/compile/20010605-1.c,  -O1  
FAIL: gcc.c-torture/compile/20010605-1.c,  -O2  
FAIL: gcc.c-torture/compile/20010605-1.c,  -O3 -fomit-frame-pointer  
FAIL: gcc.c-torture/compile/20010605-1.c,  -O3 -g  
FAIL: gcc.c-torture/compile/20010605-1.c,  -Os  
FAIL: gcc.c-torture/execute/20010122-1.c execution,  -O0 
FAIL: gcc.c-torture/execute/20010122-1.c execution,  -O1 
FAIL: gcc.c-torture/execute/20010122-1.c execution,  -O2 
FAIL: gcc.c-torture/execute/20010122-1.c execution,  -O3 -fomit-frame-pointer 
FAIL: gcc.c-torture/execute/20010122-1.c execution,  -O3 -fomit-frame-pointer -funroll-loops 
FAIL: gcc.c-torture/execute/20010122-1.c execution,  -O3 -fomit-frame-pointer -funroll-all-loops -finline-functions 
FAIL: gcc.c-torture/execute/20010122-1.c execution,  -O3 -g 
FAIL: gcc.c-torture/execute/20010122-1.c execution,  -Os 
FAIL: gcc.c-torture/execute/20010605-2.c compilation,  -O1 
FAIL: gcc.c-torture/execute/20010605-2.c compilation,  -O2 
FAIL: gcc.c-torture/execute/20010605-2.c compilation,  -O3 -fomit-frame-pointer 
FAIL: gcc.c-torture/execute/20010605-2.c compilation,  -O3 -g 
FAIL: gcc.c-torture/execute/20010605-2.c compilation,  -Os 
FAIL: gcc.c-torture/execute/ieee/rbug.c execution,  -O3 -fomit-frame-pointer 
FAIL: gcc.c-torture/execute/ieee/rbug.c execution,  -O3 -g 
FAIL: gcc.dg/asm-fs-1.c scan-assembler-not \\*_bar
FAIL: gcc.dg/asm-fs-1.c scan-assembler-not \\*_baz
FAIL: gcc.dg/asm-names.c (test for excess errors)
FAIL: alias-1.c
FAIL: wkali-1.c
FAIL: wkali-2a.o
FAIL: 20000419-2.c
FAIL: linkage.c

		=== gcc Summary ===

# of expected passes		15251
# of unexpected failures	29
# of expected failures		76
# of unresolved testcases	5
# of unsupported tests		54
/proj/cad_csv/local/hppa-hpux11.00/build/gcc-3.0.3-64/gcc/xgcc version 3.0.3

		=== objc tests ===


Running target unix
FAIL: objc/execute/IMP.m compilation,  -O 
FAIL: objc/execute/_cmd.m compilation,  -O 
FAIL: objc/execute/accessing_ivars.m compilation,  -O 
FAIL: objc/execute/bf-1.m compilation,  -O 
FAIL: objc/execute/bf-10.m compilation,  -O 
FAIL: objc/execute/bf-11.m compilation,  -O 
FAIL: objc/execute/bf-12.m compilation,  -O 
FAIL: objc/execute/bf-13.m compilation,  -O 
FAIL: objc/execute/bf-14.m compilation,  -O 
FAIL: objc/execute/bf-15.m compilation,  -O 
FAIL: objc/execute/bf-16.m compilation,  -O 
FAIL: objc/execute/bf-17.m compilation,  -O 
FAIL: objc/execute/bf-18.m compilation,  -O 
FAIL: objc/execute/bf-19.m compilation,  -O 
FAIL: objc/execute/bf-2.m compilation,  -O 
FAIL: objc/execute/bf-20.m compilation,  -O 
FAIL: objc/execute/bf-3.m compilation,  -O 
FAIL: objc/execute/bf-4.m compilation,  -O 
FAIL: objc/execute/bf-5.m compilation,  -O 
FAIL: objc/execute/bf-6.m compilation,  -O 
FAIL: objc/execute/bf-7.m compilation,  -O 
FAIL: objc/execute/bf-8.m compilation,  -O 
FAIL: objc/execute/bf-9.m compilation,  -O 
FAIL: objc/execute/bycopy-1.m compilation,  -O 
FAIL: objc/execute/bycopy-2.m compilation,  -O 
FAIL: objc/execute/bycopy-3.m compilation,  -O 
FAIL: objc/execute/class-1.m compilation,  -O 
FAIL: objc/execute/class-10.m compilation,  -O 
FAIL: objc/execute/class-11.m compilation,  -O 
FAIL: objc/execute/class-12.m compilation,  -O 
FAIL: objc/execute/class-13.m compilation,  -O 
FAIL: objc/execute/class-14.m compilation,  -O 
FAIL: objc/execute/class-2.m compilation,  -O 
FAIL: objc/execute/class-3.m compilation,  -O 
FAIL: objc/execute/class-4.m compilation,  -O 
FAIL: objc/execute/class-5.m compilation,  -O 
FAIL: objc/execute/class-6.m compilation,  -O 
FAIL: objc/execute/class-7.m compilation,  -O 
FAIL: objc/execute/class-8.m compilation,  -O 
FAIL: objc/execute/class-9.m compilation,  -O 
FAIL: objc/execute/compatibility_alias.m compilation,  -O 
FAIL: objc/execute/encode-1.m compilation,  -O 
FAIL: objc/execute/fdecl.m compilation,  -O 
FAIL: objc/execute/formal_protocol-1.m compilation,  -O 
FAIL: objc/execute/formal_protocol-2.m compilation,  -O 
FAIL: objc/execute/formal_protocol-3.m compilation,  -O 
FAIL: objc/execute/formal_protocol-4.m compilation,  -O 
FAIL: objc/execute/formal_protocol-5.m compilation,  -O 
FAIL: objc/execute/formal_protocol-6.m compilation,  -O 
FAIL: objc/execute/formal_protocol-7.m compilation,  -O 
FAIL: objc/execute/informal_protocol.m compilation,  -O 
FAIL: objc/execute/initialize.m compilation,  -O 
FAIL: objc/execute/load-2.m compilation,  -O 
FAIL: objc/execute/load-3.m compilation,  -O 
FAIL: objc/execute/load.m compilation,  -O 
FAIL: objc/execute/many_args_method.m compilation,  -O 
FAIL: objc/execute/nested-1.m compilation,  -O 
FAIL: objc/execute/nested-2.m compilation,  -O 
FAIL: objc/execute/nested-3.m compilation,  -O 
FAIL: objc/execute/no_clash.m compilation,  -O 
FAIL: objc/execute/np-1.m compilation,  -O 
FAIL: objc/execute/np-2.m compilation,  -O 
FAIL: objc/execute/object_is_class.m compilation,  -O 
FAIL: objc/execute/object_is_meta_class.m compilation,  -O 
FAIL: objc/execute/paste.m compilation,  -O 
FAIL: objc/execute/private.m compilation,  -O 
FAIL: objc/execute/protocol.m compilation,  -O 
FAIL: objc/execute/redefining_self.m compilation,  -O 
FAIL: objc/execute/root_methods.m compilation,  -O 
FAIL: objc/execute/selector-1.m compilation,  -O 
FAIL: objc/execute/static-1.m compilation,  -O 
FAIL: objc/execute/static-2.m compilation,  -O 
FAIL: objc/execute/string1.m compilation,  -O 
FAIL: objc/execute/string2.m compilation,  -O 
FAIL: objc/execute/string3.m compilation,  -O 
FAIL: objc/execute/string4.m compilation,  -O 
FAIL: objc/execute/va_method.m compilation,  -O 

		=== objc Summary ===

# of unexpected failures	77
# of untested testcases		77
/proj/cad_csv/local/hppa-hpux11.00/build/gcc-3.0.3-64/gcc/xgcc version 3.0.3

		=== libstdc++-v3 tests ===


Running target unix
FAIL: 22_locale/ctype_char_members.cc execution test
FAIL: 26_numerics/complex_inserters_extractors.cc execution test
FAIL: 27_io/filebuf.cc execution test
FAIL: 27_io/istream_extractor_arith.cc execution test
FAIL: 27_io/ostream_inserter_arith.cc execution test

		=== libstdc++-v3 Summary ===

# of expected passes		242
# of unexpected failures	5
# of expected failures		8

Compiler version: 3.0.3 
Platform: hppa64-hp-hpux11.00
configure flags: --host=hppa64-hp-hpux11.00 --disable-shared --enable-languages=c,c++,f77 --prefix=/proj/cad_csv/local/hppa-hpux11.00 --with-as=/proj/cad_csv/local/hppa-hpux11.00/hppa64-hp-hpux11.00/bin/as --with-gnu-as --with-ld=/proj/cad_csv/local/hppa-hpux11.00/hppa64-hp-hpux11.00/bin/ld --with-gnu-ld



More information about the Gcc-testresults mailing list