Results for 3.1 20011229 (experimental) testsuite on ia64-unknown-linux-gnu

Steve Christiansen smc@us.ibm.com
Sun Dec 30 05:53:00 GMT 2001


LAST_UPDATED: Sun Dec 30 06:31:28 UTC 2001

Native configuration is ia64-unknown-linux-gnu

		=== g77 tests ===


Running target unix
FAIL: g77.f-torture/compile/20010519-1.f,  -O3 -fomit-frame-pointer -funroll-loops  
FAIL: g77.f-torture/compile/20010519-1.f,  -O3 -fomit-frame-pointer -funroll-all-loops -finline-functions  
FAIL: g77.f-torture/execute/20001111.f execution,  -O3 -fomit-frame-pointer -funroll-loops 
FAIL: g77.f-torture/execute/20001111.f execution,  -O3 -fomit-frame-pointer -funroll-all-loops -finline-functions 
FAIL: g77.f-torture/execute/20010430.f execution,  -O2 
FAIL: g77.f-torture/execute/20010430.f execution,  -O3 -fomit-frame-pointer 
FAIL: g77.f-torture/execute/20010430.f compilation,  -O3 -fomit-frame-pointer -funroll-loops 
FAIL: g77.f-torture/execute/20010430.f compilation,  -O3 -fomit-frame-pointer -funroll-all-loops -finline-functions 
FAIL: g77.f-torture/execute/20010430.f execution,  -O3 -g 
FAIL: g77.f-torture/execute/auto0.f compilation,  -O3 -fomit-frame-pointer -funroll-loops 
FAIL: g77.f-torture/execute/auto0.f compilation,  -O3 -fomit-frame-pointer -funroll-all-loops -finline-functions 
FAIL: g77.f-torture/execute/auto1.f compilation,  -O3 -fomit-frame-pointer -funroll-loops 
FAIL: g77.f-torture/execute/auto1.f compilation,  -O3 -fomit-frame-pointer -funroll-all-loops -finline-functions 
FAIL: g77.f-torture/execute/claus.f execution,  -O3 -fomit-frame-pointer -funroll-loops 
FAIL: g77.f-torture/execute/claus.f execution,  -O3 -fomit-frame-pointer -funroll-all-loops -finline-functions 
FAIL: g77.f-torture/execute/dnrm2.f compilation,  -O3 -fomit-frame-pointer -funroll-loops 
FAIL: g77.f-torture/execute/dnrm2.f compilation,  -O3 -fomit-frame-pointer -funroll-all-loops -finline-functions 
FAIL: g77.f-torture/execute/short.f execution,  -O3 -fomit-frame-pointer -funroll-loops 
FAIL: g77.f-torture/execute/short.f execution,  -O3 -fomit-frame-pointer -funroll-all-loops -finline-functions 

		=== g77 Summary ===

# of expected passes		1317
# of unexpected failures	19
# of untested testcases		8
# of unsupported tests		8
/home/build/gcc_mainline/ia64/obj/gcc/testsuite/../g77 version 3.1 20011229 (experimental)

		=== gcc tests ===


Running target unix
FAIL: gcc.c-torture/compile/20000329-1.c,  -O2  
FAIL: gcc.c-torture/compile/20000329-1.c,  -O3 -fomit-frame-pointer  
FAIL: gcc.c-torture/compile/20000329-1.c,  -O3 -fomit-frame-pointer -funroll-loops  
FAIL: gcc.c-torture/compile/20000329-1.c,  -O3 -fomit-frame-pointer -funroll-all-loops -finline-functions  
FAIL: gcc.c-torture/compile/20000329-1.c,  -O3 -g  
FAIL: gcc.c-torture/compile/20010102-1.c,  -O3 -fomit-frame-pointer -funroll-loops  
FAIL: gcc.c-torture/compile/20010102-1.c,  -O3 -fomit-frame-pointer -funroll-all-loops -finline-functions  
FAIL: gcc.c-torture/compile/20010903-1.c,  -O3 -fomit-frame-pointer -funroll-loops  
FAIL: gcc.c-torture/compile/20010903-1.c,  -O3 -fomit-frame-pointer -funroll-all-loops -finline-functions  
FAIL: gcc.c-torture/compile/900116-1.c,  -O3 -fomit-frame-pointer -funroll-loops  
FAIL: gcc.c-torture/compile/900116-1.c,  -O3 -fomit-frame-pointer -funroll-all-loops -finline-functions  
FAIL: gcc.c-torture/compile/920501-23.c,  -O3 -fomit-frame-pointer -funroll-all-loops -finline-functions  
FAIL: gcc.c-torture/compile/920625-1.c,  -O2  
FAIL: gcc.c-torture/compile/920625-1.c,  -O3 -fomit-frame-pointer  
FAIL: gcc.c-torture/compile/920625-1.c,  -O3 -fomit-frame-pointer -funroll-loops  
FAIL: gcc.c-torture/compile/920625-1.c,  -O3 -fomit-frame-pointer -funroll-all-loops -finline-functions  
FAIL: gcc.c-torture/compile/920625-1.c,  -O3 -g  
FAIL: gcc.c-torture/compile/920625-1.c,  -Os  
FAIL: gcc.c-torture/compile/921011-2.c,  -O3 -fomit-frame-pointer -funroll-loops  
FAIL: gcc.c-torture/compile/921011-2.c,  -O3 -fomit-frame-pointer -funroll-all-loops -finline-functions  
FAIL: gcc.c-torture/compile/931013-2.c,  -O3 -fomit-frame-pointer -funroll-loops  
FAIL: gcc.c-torture/compile/931013-2.c,  -O3 -fomit-frame-pointer -funroll-all-loops -finline-functions  
FAIL: gcc.c-torture/compile/981223-1.c,  -O2  
FAIL: gcc.c-torture/compile/981223-1.c,  -O3 -fomit-frame-pointer  
FAIL: gcc.c-torture/compile/981223-1.c,  -O3 -g  
FAIL: gcc.c-torture/compile/981223-1.c,  -Os  
FAIL: gcc.c-torture/compile/990517-1.c,  -O3 -fomit-frame-pointer -funroll-loops  
FAIL: gcc.c-torture/compile/990517-1.c,  -O3 -fomit-frame-pointer -funroll-all-loops -finline-functions  
FAIL: gcc.c-torture/execute/20000412-6.c compilation,  -O3 -fomit-frame-pointer -funroll-loops 
FAIL: gcc.c-torture/execute/20000412-6.c compilation,  -O3 -fomit-frame-pointer -funroll-all-loops -finline-functions 
FAIL: gcc.c-torture/execute/20000801-1.c compilation,  -O3 -fomit-frame-pointer -funroll-loops 
FAIL: gcc.c-torture/execute/20000801-1.c compilation,  -O3 -fomit-frame-pointer -funroll-all-loops -finline-functions 
FAIL: gcc.c-torture/execute/20000815-1.c compilation,  -O3 -fomit-frame-pointer -funroll-loops 
FAIL: gcc.c-torture/execute/20010910-1.c compilation,  -O3 -fomit-frame-pointer -funroll-loops 
FAIL: gcc.c-torture/execute/20010910-1.c compilation,  -O3 -fomit-frame-pointer -funroll-all-loops -finline-functions 
FAIL: gcc.c-torture/execute/20010915-1.c compilation,  -O3 -fomit-frame-pointer -funroll-all-loops -finline-functions 
FAIL: gcc.c-torture/execute/920302-1.c execution,  -O3 -fomit-frame-pointer -funroll-loops 
FAIL: gcc.c-torture/execute/920302-1.c execution,  -O3 -fomit-frame-pointer -funroll-all-loops -finline-functions 
FAIL: gcc.c-torture/execute/920411-1.c execution,  -O3 -fomit-frame-pointer -funroll-loops 
FAIL: gcc.c-torture/execute/920411-1.c execution,  -O3 -fomit-frame-pointer -funroll-all-loops -finline-functions 
FAIL: gcc.c-torture/execute/920501-6.c execution,  -O3 -fomit-frame-pointer -funroll-all-loops -finline-functions 
FAIL: gcc.c-torture/execute/921013-1.c compilation,  -O3 -fomit-frame-pointer -funroll-loops 
FAIL: gcc.c-torture/execute/921013-1.c compilation,  -O3 -fomit-frame-pointer -funroll-all-loops -finline-functions 
FAIL: gcc.c-torture/execute/931004-12.c compilation,  -O3 -fomit-frame-pointer -funroll-loops 
FAIL: gcc.c-torture/execute/931004-12.c compilation,  -O3 -fomit-frame-pointer -funroll-all-loops -finline-functions 
FAIL: gcc.c-torture/execute/931004-14.c compilation,  -O3 -fomit-frame-pointer -funroll-loops 
FAIL: gcc.c-torture/execute/931004-14.c compilation,  -O3 -fomit-frame-pointer -funroll-all-loops -finline-functions 
FAIL: gcc.c-torture/execute/931004-6.c compilation,  -O3 -fomit-frame-pointer -funroll-loops 
FAIL: gcc.c-torture/execute/931004-6.c compilation,  -O3 -fomit-frame-pointer -funroll-all-loops -finline-functions 
FAIL: gcc.c-torture/execute/931009-1.c execution,  -O3 -fomit-frame-pointer -funroll-loops 
FAIL: gcc.c-torture/execute/931009-1.c execution,  -O3 -fomit-frame-pointer -funroll-all-loops -finline-functions 
FAIL: gcc.c-torture/execute/961213-1.c execution,  -O3 -fomit-frame-pointer -funroll-loops 
FAIL: gcc.c-torture/execute/961213-1.c execution,  -O3 -fomit-frame-pointer -funroll-all-loops -finline-functions 
FAIL: gcc.c-torture/execute/990127-1.c compilation,  -O3 -fomit-frame-pointer -funroll-loops 
FAIL: gcc.c-torture/execute/990128-1.c execution,  -O3 -fomit-frame-pointer -funroll-loops 
FAIL: gcc.c-torture/execute/990128-1.c execution,  -O3 -fomit-frame-pointer -funroll-all-loops -finline-functions 
FAIL: gcc.c-torture/execute/990222-1.c execution,  -O3 -fomit-frame-pointer -funroll-all-loops -finline-functions 
FAIL: gcc.c-torture/execute/990513-1.c compilation,  -O3 -fomit-frame-pointer -funroll-loops 
FAIL: gcc.c-torture/execute/990513-1.c compilation,  -O3 -fomit-frame-pointer -funroll-all-loops -finline-functions 
FAIL: gcc.c-torture/execute/990811-1.c execution,  -O3 -fomit-frame-pointer -funroll-loops 
FAIL: gcc.c-torture/execute/990811-1.c execution,  -O3 -fomit-frame-pointer -funroll-all-loops -finline-functions 
FAIL: gcc.c-torture/execute/991201-1.c execution,  -O3 -fomit-frame-pointer -funroll-loops 
FAIL: gcc.c-torture/execute/991201-1.c execution,  -O3 -fomit-frame-pointer -funroll-all-loops -finline-functions 
FAIL: gcc.c-torture/execute/comp-goto-1.c execution,  -O3 -fomit-frame-pointer -funroll-loops 
FAIL: gcc.c-torture/execute/comp-goto-1.c execution,  -O3 -fomit-frame-pointer -funroll-all-loops -finline-functions 
FAIL: gcc.c-torture/execute/loop-1.c execution,  -O3 -fomit-frame-pointer -funroll-loops 
FAIL: gcc.c-torture/execute/loop-1.c execution,  -O3 -fomit-frame-pointer -funroll-all-loops -finline-functions 
FAIL: gcc.c-torture/execute/loop-2.c execution,  -O3 -fomit-frame-pointer -funroll-loops 
FAIL: gcc.c-torture/execute/loop-2.c execution,  -O3 -fomit-frame-pointer -funroll-all-loops -finline-functions 
FAIL: gcc.c-torture/execute/loop-2f.c compilation,  -O3 -fomit-frame-pointer -funroll-loops 
FAIL: gcc.c-torture/execute/loop-2f.c compilation,  -O3 -fomit-frame-pointer -funroll-all-loops -finline-functions 
FAIL: gcc.c-torture/execute/loop-8.c execution,  -O3 -fomit-frame-pointer -funroll-loops 
FAIL: gcc.c-torture/execute/loop-8.c execution,  -O3 -fomit-frame-pointer -funroll-all-loops -finline-functions 
FAIL: gcc.c-torture/execute/ieee/fp-cmp-5.c compilation,  -O1 
FAIL: gcc.c-torture/execute/ieee/fp-cmp-5.c compilation,  -O2 
FAIL: gcc.c-torture/execute/ieee/fp-cmp-5.c compilation,  -O3 -fomit-frame-pointer 
FAIL: gcc.c-torture/execute/ieee/fp-cmp-5.c compilation,  -O3 -fomit-frame-pointer -funroll-loops 
FAIL: gcc.c-torture/execute/ieee/fp-cmp-5.c compilation,  -O3 -fomit-frame-pointer -funroll-all-loops -finline-functions 
FAIL: gcc.c-torture/execute/ieee/fp-cmp-5.c compilation,  -O3 -g 
FAIL: gcc.c-torture/execute/ieee/fp-cmp-5.c compilation,  -Os 
FAIL: gcc.c-torture/execute/ieee/minuszero.c execution,  -O3 -fomit-frame-pointer -funroll-loops 
FAIL: gcc.c-torture/execute/ieee/minuszero.c execution,  -O3 -fomit-frame-pointer -funroll-all-loops -finline-functions 
FAIL: gcc.c-torture/unsorted/BUG21.c,  -O3 -fomit-frame-pointer -funroll-loops  
FAIL: gcc.c-torture/unsorted/BUG21.c,  -O3 -fomit-frame-pointer -funroll-all-loops -finline-functions  
FAIL: gcc.c-torture/unsorted/bcopy.c,  -O3 -fomit-frame-pointer -funroll-loops  
FAIL: gcc.c-torture/unsorted/bcopy.c,  -O3 -fomit-frame-pointer -funroll-all-loops -finline-functions  
FAIL: gcc.dg/20011130-1.c (test for excess errors)
FAIL: gcc.misc-tests/gcov-7.c execution test
FAIL: gcc.misc-tests/gcov-7.c gcov: 9 failures in line counts, 3 in branch percentages, 4 in return percentages

		=== gcc Summary ===

# of expected passes		16547
# of unexpected failures	89
# of expected failures		45
# of unresolved testcases	28
# of unsupported tests		61
/home/build/gcc_mainline/ia64/obj/gcc/xgcc version 3.1 20011229 (experimental)

		=== g++ tests ===


Running target unix
FAIL: g++.dg/eh/registers1.C execution test
FAIL: g++.dg/init/init-ref2.C execution test
FAIL: g++.dg/opt/vtgc1.C scan-assembler .vtable_inherit[ 	]*vtable for Multivv3, 0
FAIL: g++.dg/opt/vtgc1.C scan-assembler .vtable_inherit[ 	]*VTT for Multivv3, 0
FAIL: g++.dg/opt/vtgc1.C scan-assembler .vtable_inherit[ 	]*vtable for Multiss2, vtable for Base2
FAIL: g++.dg/opt/vtgc1.C scan-assembler .vtable_inherit[ 	]*vtable for Multivs1, vtable for Base2
FAIL: g++.dg/opt/vtgc1.C scan-assembler .vtable_inherit[ 	]*VTT for Multivs1, vtable for Base2
FAIL: g++.dg/opt/vtgc1.C scan-assembler .vtable_inherit[ 	]*vtable for Multisv0, vtable for Side0
FAIL: g++.dg/opt/vtgc1.C scan-assembler .vtable_inherit[ 	]*VTT for Multisv0, vtable for Side0
FAIL: g++.dg/opt/vtgc1.C scan-assembler .vtable_inherit[ 	]*vtable for Side0, 0
FAIL: g++.dg/opt/vtgc1.C scan-assembler .vtable_inherit[ 	]*vtable for VbasedA, 0
FAIL: g++.dg/opt/vtgc1.C scan-assembler .vtable_inherit[ 	]*VTT for VbasedA, 0
FAIL: g++.dg/opt/vtgc1.C scan-assembler .vtable_inherit[ 	]*vtable for Base2, vtable for Base1
FAIL: g++.dg/opt/vtgc1.C scan-assembler .vtable_inherit[ 	]*vtable for Base1, vtable for Base0
FAIL: g++.dg/opt/vtgc1.C scan-assembler .vtable_inherit[ 	]*vtable for Base0, 0
FAIL: g++.abi/cxa_vec.C  Execution test
FAIL: g++.eh/badalloc1.C  Execution test
FAIL: g++.ext/instantiate2.C not instantiated (test for errors, line 19)
FAIL: g++.law/profile1.C  Execution test
XPASS: g++.pt/decl2.C ICE - (test for errors, line 8)

		=== g++ Summary ===

# of expected passes		6732
# of unexpected failures	19
# of unexpected successes	1
# of expected failures		96
# of untested testcases		21
# of unsupported tests		1
/home/build/gcc_mainline/ia64/obj/gcc/testsuite/../g++ version 3.1 20011229 (experimental)

		=== objc tests ===


Running target unix
FAIL: objc/execute/formal_protocol-5.m compilation,  -O3 -g 
FAIL: objc/execute/formal_protocol-6.m execution,  -O0 
FAIL: objc/execute/formal_protocol-6.m execution,  -O1 
FAIL: objc/execute/formal_protocol-6.m execution,  -O2 
FAIL: objc/execute/formal_protocol-6.m execution,  -O3 -fomit-frame-pointer 
FAIL: objc/execute/formal_protocol-6.m compilation,  -O3 -g 
FAIL: objc/execute/formal_protocol-6.m execution,  -Os 
FAIL: objc/execute/protocol.m compilation,  -O3 -g 
FAIL: objc.dg/special/unclaimed-category-1.m (test for excess errors)
FAIL: objc.dg/special/unclaimed-category-1.m execution test

		=== objc Summary ===

# of expected passes		1029
# of unexpected failures	10
# of unresolved testcases	3
/home/build/gcc_mainline/ia64/obj/gcc/xgcc version 3.1 20011229 (experimental)

		=== libjava tests ===


Running target unix
FAIL: PR375 compilation from source
FAIL: PR375 -O compilation from source
FAIL: field run
FAIL: final_method run
FAIL: martin run
FAIL: register run
FAIL: throwit output
FAIL: cxxtest run
FAIL: Invoke_1 execution from source compiled test
FAIL: Invoke_1 execution from bytecode->native test
FAIL: Invoke_1 -O execution from source compiled test
FAIL: Invoke_1 -O execution from bytecode->native test
FAIL: PR218 execution from source compiled test
FAIL: PR218 execution from bytecode->native test
FAIL: PR218 -O execution from source compiled test
FAIL: PR218 -O execution from bytecode->native test
FAIL: TLtest compilation from bytecode
FAIL: TLtest -O compilation from bytecode
XPASS: err7 compilation from bytecode
XPASS: err7 -O compilation from bytecode
XPASS: err8 compilation from bytecode
XPASS: err8 -O compilation from bytecode
FAIL: instinit2 output from bytecode->native test
FAIL: instinit2 -O output from bytecode->native test
FAIL: nested_with_ctor output from bytecode->native test
FAIL: nested_with_ctor -O output from bytecode->native test
XPASS: stringconst output from bytecode->native test
XPASS: stringconst -O output from bytecode->native test
FAIL: stub -O execution from source compiled test
FAIL: stub -O execution from bytecode->native test
FAIL: Array_3 execution from source compiled test
FAIL: Array_3 execution from bytecode->native test
FAIL: Array_3 -O execution from source compiled test
FAIL: Array_3 -O execution from bytecode->native test
FAIL: FileHandleGcTest -O execution from source compiled test

		=== libjava Summary ===

# of expected passes		1857
# of unexpected failures	29
# of unexpected successes	6
# of expected failures		8
# of untested testcases		108
		=== libstdc++-v3 tests ===


Running target unix
XPASS: 22_locale/collate_members_wchar_t.cc execution test
XPASS: 22_locale/time_put_members_char.cc execution test

		=== libstdc++-v3 Summary ===

# of expected passes		338
# of unexpected successes	2
# of expected failures		27

Compiler version: 3.1 20011229 (experimental) 
Platform: ia64-unknown-linux-gnu
configure flags: --host=ia64-unknown-linux --prefix=/home/build/gcc_mainline/ia64/install

Red Hat Linux release 7.1.94 (Roswell)
Linux kernel 2.4.7-2smp
glibc-2.2.4
binutils-2.11.92.0.7
dejagnu-1.4.2



More information about the Gcc-testresults mailing list