Results for 3.1 20011228 (experimental) testsuite on i686-pc-linux-gnu
Gordon Sadler
gbsadler1@lcisp.com
Fri Dec 28 07:29:00 GMT 2001
LAST_UPDATED: Fri Dec 28 11:46:26 UTC 2001
Native configuration is i686-pc-linux-gnu
=== g++ tests ===
Running target unix
XPASS: g++.pt/decl2.C ICE - (test for errors, line 8)
=== g++ Summary ===
# of expected passes 6763
# of unexpected successes 1
# of expected failures 96
# of untested testcases 9
/usr/local/src/build/gcc/gcc/testsuite/../g++ version 3.1 20011228 (experimental)
=== g77 tests ===
Running target unix
=== g77 Summary ===
# of expected passes 1360
/usr/local/src/build/gcc/gcc/testsuite/../g77 version 3.1 20011228 (experimental)
=== gcc tests ===
Running target unix
FAIL: gcc.c-torture/execute/20011223-1.c execution, -O2
FAIL: gcc.c-torture/execute/20011223-1.c execution, -O3 -fomit-frame-pointer
FAIL: gcc.c-torture/execute/20011223-1.c execution, -O3 -g
FAIL: gcc.c-torture/execute/20011223-1.c execution, -Os
FAIL: gcc.dg/20011130-1.c (test for excess errors)
FAIL: gcc.dg/c99-intconst-1.c (test for excess errors)
=== gcc Summary ===
# of expected passes 16703
# of unexpected failures 6
# of expected failures 47
# of unsupported tests 29
/usr/local/src/build/gcc/gcc/xgcc version 3.1 20011228 (experimental)
=== objc tests ===
Running target unix
FAIL: objc/execute/formal_protocol-6.m execution, -O
FAIL: unclaimed-category-1a.o
=== objc Summary ===
# of expected passes 216
# of unexpected failures 2
/usr/local/src/build/gcc/gcc/xgcc version 3.1 20011228 (experimental)
=== libjava tests ===
Running target unix
FAIL: calls.c compilation
FAIL: field.c compilation
FAIL: final_method.c compilation
FAIL: findclass.c compilation
FAIL: invoke.c compilation
FAIL: martin.c compilation
FAIL: noclass.c compilation
FAIL: overload.c compilation
FAIL: register.c compilation
FAIL: simple_int.c compilation
FAIL: throwit.c compilation
FAIL: virtual.c compilation
FAIL: cxxtest.c compilation
FAIL: PR160 -O output from bytecode->native test
FAIL: Primes -O output from source compiled test
XPASS: err7 compilation from bytecode
XPASS: err7 -O compilation from bytecode
XPASS: err8 compilation from bytecode
XPASS: err8 -O compilation from bytecode
FAIL: instinit2 output from bytecode->native test
FAIL: instinit2 -O output from bytecode->native test
FAIL: nested_with_ctor output from bytecode->native test
FAIL: nested_with_ctor -O output from bytecode->native test
XPASS: stringconst output from bytecode->native test
XPASS: stringconst -O output from bytecode->native test
=== libjava Summary ===
# of expected passes 1936
# of unexpected failures 19
# of unexpected successes 6
# of expected failures 8
# of untested testcases 8
=== libstdc++-v3 tests ===
Running target unix
XPASS: 22_locale/collate_members_wchar_t.cc execution test
=== libstdc++-v3 Summary ===
# of expected passes 336
# of unexpected successes 1
# of expected failures 28
Compiler version: 3.1 20011228 (experimental)
Platform: i686-pc-linux-gnu
configure flags: --host=i686-pc-linux-gnu --verbose --enable-threads=posix --with-system-zlib --enable-shared --disable-nls --enable-checking
Counting all warnings,
there are 68 warnings in stage3 of this bootstrap.
Number of warnings per file:
23 gcc/combine.c
10 gcc/regclass.c
6 gcc/cp/pt.c
4 gcc/optabs.c
4 gcc/gcc.c
4 gcc/emit-rtl.c
2 gcc/fold-const.c
2 gcc/caller-save.c
2 gcc/ada/a-except.adb
1 gcc/reload.c
1 gcc/regmove.c
1 gcc/profile.c
1 gcc/objc/lang-specs.h
1 gcc/java/jvspec.c
1 gcc/function.c
1 gcc/expr.c
1 gcc/cp/lang-specs.h
1 gcc/cp/error.c
1 gcc/cfgcleanup.c
1 gcc/attribs.c
Number of warning types:
50 comparison between signed and unsigned
7 string length \`???' is greater than the length \`???' ISO C89 compilers are required to support
6 signed and unsigned type in conditional expression
3 \`???' might be used uninitialized in this function
1 pointer targets in passing arg ??? of \`???' differ in signedness
1 \`???' defined but not used
More information about the Gcc-testresults
mailing list