Results for 3.1 20011226 (experimental) testsuite on i386-unknown-freebsd4.4
Loren James Rittle
rittle@latour.rsch.comm.mot.com
Wed Dec 26 20:29:00 GMT 2001
LAST_UPDATED: Wed Dec 26 17:49:15 GMT 2001
Native configuration is i386-unknown-freebsd4.4
=== g++ tests ===
Running target unix
FAIL: g++.dg/eh/omit-frame-pointer.C execution test
FAIL: g++.ext/instantiate2.C not instantiated (test for errors, line 19)
FAIL: g++.other/init15.C caused compiler crash
XPASS: g++.pt/decl2.C ICE - (test for errors, line 8)
=== g++ Summary for unix ===
# of expected passes 6745
# of unexpected failures 3
# of unexpected successes 1
# of expected failures 96
# of untested testcases 15
# of unsupported tests 1
Running target unix/-pthread -fpic
FAIL: g++.dg/eh/omit-frame-pointer.C execution test
FAIL: g++.eh/badalloc1.C Execution test
FAIL: g++.ext/instantiate2.C not instantiated (test for errors, line 19)
FAIL: g++.other/init15.C caused compiler crash
XPASS: g++.pt/decl2.C ICE - (test for errors, line 8)
=== g++ Summary for unix/-pthread -fpic ===
# of expected passes 6744
# of unexpected failures 4
# of unexpected successes 1
# of expected failures 96
# of untested testcases 15
# of unsupported tests 1
=== g++ Summary ===
# of expected passes 13489
# of unexpected failures 7
# of unexpected successes 2
# of expected failures 192
# of untested testcases 30
# of unsupported tests 2
/usr/users/rittle/tmp/gcc-build-latour-mainline-1226/gcc/testsuite/../g++ version 3.1 20011226 (experimental)
=== g77 tests ===
Running target unix
FAIL: g77.f-torture/execute/io1.f execution, -O0
FAIL: g77.f-torture/execute/io1.f execution, -O1
FAIL: g77.f-torture/execute/io1.f execution, -O2
FAIL: g77.f-torture/execute/io1.f execution, -O3 -fomit-frame-pointer
FAIL: g77.f-torture/execute/io1.f execution, -O3 -g
FAIL: g77.f-torture/execute/io1.f execution, -Os
=== g77 Summary for unix ===
# of expected passes 1338
# of unexpected failures 6
# of unsupported tests 8
Running target unix/-pthread -fpic
FAIL: g77.dg/bprob/bprob-1.f compilation, -g -fprofile-arcs
FAIL: g77.dg/bprob/bprob-1.f compilation, -O0 -fprofile-arcs
FAIL: g77.dg/bprob/bprob-1.f compilation, -O1 -fprofile-arcs
FAIL: g77.dg/bprob/bprob-1.f compilation, -O2 -fprofile-arcs
FAIL: g77.dg/bprob/bprob-1.f compilation, -O3 -fprofile-arcs
FAIL: g77.dg/bprob/bprob-1.f compilation, -O3 -g -fprofile-arcs
FAIL: g77.dg/bprob/bprob-1.f compilation, -Os -fprofile-arcs
FAIL: g77.dg/fbackslash.f (test for excess errors)
FAIL: g77.dg/fbackslash.f (test for excess errors)
FAIL: g77.dg/fbackslash.f (test for excess errors)
FAIL: g77.dg/fbackslash.f (test for excess errors)
FAIL: g77.dg/fbackslash.f (test for excess errors)
FAIL: g77.dg/fbackslash.f (test for excess errors)
FAIL: g77.dg/fcase-preserve.f (test for excess errors)
FAIL: g77.dg/fcase-preserve.f (test for excess errors)
FAIL: g77.dg/fcase-preserve.f (test for excess errors)
FAIL: g77.dg/fcase-preserve.f (test for excess errors)
FAIL: g77.dg/fcase-preserve.f (test for excess errors)
FAIL: g77.dg/fcase-preserve.f (test for excess errors)
FAIL: g77.dg/ff90-1.f (test for excess errors)
FAIL: g77.dg/ff90-1.f (test for excess errors)
FAIL: g77.dg/ff90-1.f (test for excess errors)
FAIL: g77.dg/ff90-1.f (test for excess errors)
FAIL: g77.dg/ff90-1.f (test for excess errors)
FAIL: g77.dg/ff90-1.f (test for excess errors)
FAIL: g77.dg/fno-backslash.f (test for excess errors)
FAIL: g77.dg/fno-backslash.f (test for excess errors)
FAIL: g77.dg/fno-backslash.f (test for excess errors)
FAIL: g77.dg/fno-backslash.f (test for excess errors)
FAIL: g77.dg/fno-backslash.f (test for excess errors)
FAIL: g77.dg/fno-backslash.f (test for excess errors)
FAIL: g77.dg/fno-f90-1.f (test for excess errors)
FAIL: g77.dg/fno-f90-1.f (test for excess errors)
FAIL: g77.dg/fno-f90-1.f (test for excess errors)
FAIL: g77.dg/fno-f90-1.f (test for excess errors)
FAIL: g77.dg/fno-f90-1.f (test for excess errors)
FAIL: g77.dg/fno-f90-1.f (test for excess errors)
FAIL: g77.dg/fno-onetrip.f (test for excess errors)
FAIL: g77.dg/fno-onetrip.f (test for excess errors)
FAIL: g77.dg/fno-onetrip.f (test for excess errors)
FAIL: g77.dg/fno-onetrip.f (test for excess errors)
FAIL: g77.dg/fno-onetrip.f (test for excess errors)
FAIL: g77.dg/fno-onetrip.f (test for excess errors)
FAIL: g77.dg/fno-onetrip.f (test for excess errors)
FAIL: g77.dg/fno-onetrip.f (test for excess errors)
FAIL: g77.dg/fno-typeless-boz.f (test for excess errors)
FAIL: g77.dg/fno-typeless-boz.f (test for excess errors)
FAIL: g77.dg/fno-typeless-boz.f (test for excess errors)
FAIL: g77.dg/fno-typeless-boz.f (test for excess errors)
FAIL: g77.dg/fno-typeless-boz.f (test for excess errors)
FAIL: g77.dg/fno-typeless-boz.f (test for excess errors)
FAIL: g77.dg/fno-vxt-1.f (test for excess errors)
FAIL: g77.dg/fno-vxt-1.f (test for excess errors)
FAIL: g77.dg/fno-vxt-1.f (test for excess errors)
FAIL: g77.dg/fno-vxt-1.f (test for excess errors)
FAIL: g77.dg/fno-vxt-1.f (test for excess errors)
FAIL: g77.dg/fno-vxt-1.f (test for excess errors)
FAIL: g77.dg/fonetrip.f (test for excess errors)
FAIL: g77.dg/fonetrip.f (test for excess errors)
FAIL: g77.dg/fonetrip.f (test for excess errors)
FAIL: g77.dg/fonetrip.f (test for excess errors)
FAIL: g77.dg/fonetrip.f (test for excess errors)
FAIL: g77.dg/fonetrip.f (test for excess errors)
FAIL: g77.dg/fonetrip.f (test for excess errors)
FAIL: g77.dg/fonetrip.f (test for excess errors)
FAIL: g77.dg/ftypeless-boz.f (test for excess errors)
FAIL: g77.dg/ftypeless-boz.f (test for excess errors)
FAIL: g77.dg/ftypeless-boz.f (test for excess errors)
FAIL: g77.dg/ftypeless-boz.f (test for excess errors)
FAIL: g77.dg/ftypeless-boz.f (test for excess errors)
FAIL: g77.dg/ftypeless-boz.f (test for excess errors)
FAIL: g77.dg/fvxt-1.f (test for excess errors)
FAIL: g77.dg/fvxt-1.f (test for excess errors)
FAIL: g77.dg/fvxt-1.f (test for excess errors)
FAIL: g77.dg/fvxt-1.f (test for excess errors)
FAIL: g77.dg/fvxt-1.f (test for excess errors)
FAIL: g77.dg/fvxt-1.f (test for excess errors)
FAIL: g77.dg/strlen0.f (test for excess errors)
FAIL: g77.dg/strlen0.f (test for excess errors)
FAIL: g77.dg/strlen0.f (test for excess errors)
FAIL: g77.dg/strlen0.f (test for excess errors)
FAIL: g77.dg/strlen0.f (test for excess errors)
FAIL: g77.dg/strlen0.f (test for excess errors)
FAIL: g77.dg/gcov/gcov-1.f (test for excess errors)
FAIL: g77.f-torture/execute/f90-intrinsic-bit.f execution, -O3 -fomit-frame-pointer
FAIL: g77.f-torture/execute/f90-intrinsic-bit.f execution, -O3 -fomit-frame-pointer -funroll-loops
FAIL: g77.f-torture/execute/f90-intrinsic-bit.f execution, -O3 -fomit-frame-pointer -funroll-all-loops -finline-functions
FAIL: g77.f-torture/execute/io1.f execution, -O0
FAIL: g77.f-torture/execute/io1.f execution, -O1
FAIL: g77.f-torture/execute/io1.f execution, -O2
FAIL: g77.f-torture/execute/io1.f execution, -O3 -fomit-frame-pointer
FAIL: g77.f-torture/execute/io1.f execution, -O3 -g
FAIL: g77.f-torture/execute/io1.f execution, -Os
=== g77 Summary for unix/-pthread -fpic ===
# of expected passes 1230
# of unexpected failures 93
# of unresolved testcases 21
# of unsupported tests 8
=== g77 Summary ===
# of expected passes 2568
# of unexpected failures 99
# of unresolved testcases 21
# of unsupported tests 16
/usr/users/rittle/tmp/gcc-build-latour-mainline-1226/gcc/testsuite/../g77 version 3.1 20011226 (experimental)
=== gcc tests ===
Running target unix
FAIL: gcc.c-torture/execute/20011223-1.c execution, -O2
FAIL: gcc.c-torture/execute/20011223-1.c execution, -O3 -fomit-frame-pointer
FAIL: gcc.c-torture/execute/20011223-1.c execution, -O3 -g
FAIL: gcc.c-torture/execute/20011223-1.c execution, -Os
FAIL: gcc.c-torture/execute/loop-2c.c execution, -Os
FAIL: gcc.c-torture/execute/loop-2d.c execution, -Os
FAIL: gcc.c-torture/execute/loop-3c.c execution, -Os
XPASS: gcc.c-torture/execute/ieee/rbug.c execution, -O3 -fomit-frame-pointer
XPASS: gcc.c-torture/execute/ieee/rbug.c execution, -O3 -g
FAIL: gcc.dg/20011130-1.c (test for excess errors)
FAIL: gcc.dg/c99-intconst-1.c (test for excess errors)
FAIL: gcc.dg/format/c99-scanf-3.c vfscanf (test for warnings, line 21)
FAIL: gcc.dg/format/c99-scanf-3.c vfscanf (test for warnings, line 21)
FAIL: gcc.dg/format/ext-6.c vfscanf (test for warnings, line 42)
FAIL: gcc.dg/format/ext-6.c vfscanf (test for warnings, line 42)
=== gcc Summary for unix ===
# of expected passes 16667
# of unexpected failures 13
# of unexpected successes 2
# of expected failures 47
# of unsupported tests 33
Running target unix/-pthread -fpic
FAIL: gcc.c-torture/compile/20000804-1.c, -O0
FAIL: gcc.c-torture/execute/20011223-1.c execution, -O2
FAIL: gcc.c-torture/execute/20011223-1.c execution, -O3 -fomit-frame-pointer
FAIL: gcc.c-torture/execute/20011223-1.c execution, -O3 -g
FAIL: gcc.c-torture/execute/20011223-1.c execution, -Os
FAIL: gcc.dg/20011119-1.c (test for excess errors)
FAIL: gcc.dg/20011130-1.c (test for excess errors)
FAIL: gcc.dg/asm-names.c (test for excess errors)
FAIL: gcc.dg/c99-intconst-1.c (test for excess errors)
FAIL: gcc.dg/format/c99-scanf-3.c vfscanf (test for warnings, line 21)
FAIL: gcc.dg/format/c99-scanf-3.c vfscanf (test for warnings, line 21)
FAIL: gcc.dg/format/ext-6.c vfscanf (test for warnings, line 42)
FAIL: gcc.dg/format/ext-6.c vfscanf (test for warnings, line 42)
=== gcc Summary for unix/-pthread -fpic ===
# of expected passes 16666
# of unexpected failures 13
# of expected failures 49
# of unsupported tests 33
=== gcc Summary ===
# of expected passes 33333
# of unexpected failures 26
# of unexpected successes 2
# of expected failures 96
# of unsupported tests 66
/usr/users/rittle/tmp/gcc-build-latour-mainline-1226/gcc/xgcc version 3.1 20011226 (experimental)
=== objc tests ===
Running target unix
FAIL: objc/execute/formal_protocol-6.m execution, -O
=== objc Summary for unix ===
# of expected passes 218
# of unexpected failures 1
Running target unix/-pthread -fpic
FAIL: objc/execute/formal_protocol-6.m execution, -O
=== objc Summary for unix/-pthread -fpic ===
# of expected passes 218
# of unexpected failures 1
=== objc Summary ===
# of expected passes 436
# of unexpected failures 2
/usr/users/rittle/tmp/gcc-build-latour-mainline-1226/gcc/xgcc version 3.1 20011226 (experimental)
=== libjava tests ===
Running target unix/-pthread -fpic
FAIL: calls header generation
FAIL: final_method header generation
FAIL: findclass header generation
FAIL: invoke header generation
FAIL: noclass header generation
FAIL: overload header generation
FAIL: register header generation
FAIL: simple_int header generation
FAIL: throwit header generation
FAIL: virtual header generation
FAIL: martin header generation
FAIL: field header generation
FAIL: cxxtest header generation
FAIL: Divide_1 execution from source compiled test
FAIL: Divide_1 execution from bytecode->native test
FAIL: Divide_1 -O execution from source compiled test
FAIL: Divide_1 -O execution from bytecode->native test
FAIL: G19990304_01 -O execution from source compiled test
FAIL: Invoke_1 execution from source compiled test
FAIL: Invoke_1 execution from bytecode->native test
FAIL: Invoke_1 -O execution from source compiled test
FAIL: Invoke_1 -O execution from bytecode->native test
FAIL: PR160 -O output from bytecode->native test
FAIL: PR218 execution from source compiled test
FAIL: PR218 execution from bytecode->native test
FAIL: PR218 -O execution from source compiled test
FAIL: PR218 -O execution from bytecode->native test
FAIL: StringBuffer_1 execution from bytecode->native test
FAIL: err3 execution from source compiled test
XPASS: err7 compilation from bytecode
XPASS: err7 -O compilation from bytecode
XPASS: err8 compilation from bytecode
XPASS: err8 -O compilation from bytecode
FAIL: inner_interface -O execution from bytecode->native test
FAIL: instinit2 output from bytecode->native test
FAIL: instinit2 -O output from bytecode->native test
FAIL: nested_with_ctor output from bytecode->native test
FAIL: nested_with_ctor -O output from bytecode->native test
XPASS: stringconst output from bytecode->native test
XPASS: stringconst -O output from bytecode->native test
FAIL: anon_ctor_itf_arg -O execution from source compiled test
FAIL: Array_3 execution from source compiled test
FAIL: Array_3 execution from bytecode->native test
FAIL: Array_3 -O execution from source compiled test
FAIL: Array_3 -O execution from bytecode->native test
=== libjava Summary for unix/-pthread -fpic ===
# of expected passes 1882
# of unexpected failures 39
# of unexpected successes 6
# of expected failures 8
# of untested testcases 29
=== libstdc++-v3 tests ===
Running target unix
FAIL: 18_support/numeric_limits.cc execution test
XPASS: 22_locale/collate_members_wchar_t.cc execution test
XPASS: 22_locale/money_get_members_wchar_t.cc execution test
XPASS: 22_locale/money_put_members_wchar_t.cc execution test
XPASS: 22_locale/moneypunct_members_wchar_t.cc execution test
XPASS: 22_locale/num_get_members_wchar_t.cc execution test
XPASS: 22_locale/num_put_members_wchar_t.cc execution test
XPASS: 22_locale/numpunct_members_wchar_t.cc execution test
XPASS: 22_locale/time_get_members_wchar_t.cc execution test
XPASS: 22_locale/time_put_members_wchar_t.cc execution test
XPASS: 26_numerics/c99_classification_macros_c.cc (test for excess errors)
FAIL: 27_io/istream_extractor_arith.cc execution test
=== libstdc++-v3 Summary for unix ===
# of expected passes 330
# of unexpected failures 2
# of unexpected successes 10
# of expected failures 19
Running target unix/-pthread -fpic
FAIL: 18_support/numeric_limits.cc execution test
XPASS: 22_locale/collate_members_wchar_t.cc execution test
XPASS: 22_locale/money_get_members_wchar_t.cc execution test
XPASS: 22_locale/money_put_members_wchar_t.cc execution test
XPASS: 22_locale/moneypunct_members_wchar_t.cc execution test
XPASS: 22_locale/num_get_members_wchar_t.cc execution test
XPASS: 22_locale/num_put_members_wchar_t.cc execution test
XPASS: 22_locale/numpunct_members_wchar_t.cc execution test
XPASS: 22_locale/time_get_members_wchar_t.cc execution test
XPASS: 22_locale/time_put_members_wchar_t.cc execution test
XPASS: 26_numerics/c99_classification_macros_c.cc (test for excess errors)
FAIL: 27_io/istream_extractor_arith.cc execution test
=== libstdc++-v3 Summary for unix/-pthread -fpic ===
# of expected passes 330
# of unexpected failures 2
# of unexpected successes 10
# of expected failures 19
=== libstdc++-v3 Summary ===
# of expected passes 660
# of unexpected failures 4
# of unexpected successes 20
# of expected failures 38
Compiler version: 3.1 20011226 (experimental)
Platform: i386-unknown-freebsd4.4
configure flags: --host=i386-unknown-freebsd4.4 --prefix=/usr/local/beta-gcc --enable-libgcj --with-gnu-as --with-as=/usr/local/beta-gcc/bin/as --with-gnu-ld --with-ld=/usr/local/beta-gcc/bin/ld
BOOT_CFLAGS=-g -O2
More information about the Gcc-testresults
mailing list