Results for 3.1 20011223 (experimental) testsuite on powerpc-ibm-aix4.3.3.0

David Edelsohn dje@watson.ibm.com
Wed Dec 26 08:40:00 GMT 2001


LAST_UPDATED: Sun Dec 23 22:27:37 UTC 2001

Native configuration is powerpc-ibm-aix4.3.3.0

                === g++ tests ===


Running target unix
FAIL: g++.dg/ext/align1.C (test for excess errors)
FAIL: g++.dg/ext/instantiate1.C (test for excess errors)
FAIL: g++.dg/init/init-ref2.C execution test
FAIL: g++.dg/special/conpr-1.C execution test
FAIL: g++.dg/special/conpr-2.C execution test
FAIL: g++.dg/special/conpr-3.C execution test
FAIL: g++.dg/special/conpr-3.C execution test
FAIL: g++.dg/special/initp1.C execution test
FAIL: g++.abi/cxa_vec.C  Execution test
FAIL: g++.brendan/new3.C  Execution test
FAIL: g++.ext/attrib5.C (test for excess errors)
FAIL: g++.ext/instantiate2.C not instantiated (test for errors, line 19)
FAIL: g++.ext/instantiate3.C not instantiated (test for errors, line 13)
FAIL: g++.jason/thunk2.C (test for excess errors)
FAIL: g++.jason/thunk3.C (test for excess errors)
FAIL: g++.martin/new1.C  Execution test
FAIL: g++.mike/dyncast1.C  Execution test
FAIL: g++.mike/dyncast2.C  Execution test
FAIL: g++.mike/eh10.C  Execution test
FAIL: g++.mike/eh12.C  Execution test
FAIL: g++.mike/eh14.C  Execution test
FAIL: g++.mike/eh16.C  Execution test
FAIL: g++.mike/eh17.C  Execution test
FAIL: g++.mike/eh18.C  Execution test
FAIL: g++.mike/eh2.C  Execution test
FAIL: g++.mike/eh21.C  Execution test
FAIL: g++.mike/eh24.C  Execution test
FAIL: g++.mike/eh25.C  Execution test
FAIL: g++.mike/eh26.C  Execution test
FAIL: g++.mike/eh27.C  Execution test
FAIL: g++.mike/eh28.C  Execution test
FAIL: g++.mike/eh29.C  Execution test
FAIL: g++.mike/eh30.C (test for excess errors)
FAIL: g++.mike/p4750.C (test for excess errors)
FAIL: g++.other/init15.C caused compiler crash
FAIL: g++.other/init7.C  Execution test
FAIL: g++.other/mangle3.C (test for excess errors)
FAIL: g++.other/new7.C  Execution test
FAIL: g++.other/singleton.C  Execution test
FAIL: g++.other/vbase2.C  Execution test
XPASS: g++.pt/decl2.C ICE - (test for errors, line 8)
FAIL: g++.pt/fntry1.C  Execution test
FAIL: g++.pt/static3.C (test for excess errors)
FAIL: g++.pt/static6.C (test for excess errors)
FAIL: g++.robertl/eb106.C (test for excess errors)

                === g++ Summary ===

# of expected passes            6692
# of unexpected failures        44
# of unexpected successes       1
# of expected failures          99
# of untested testcases         21
# of unsupported tests          1
/gcc/dje/build/powerpc-ibm-aix4.3.3.0-20011223/gcc/testsuite/../g++ version 3.1 20011223 (experimental)

                === g77 tests ===


Running target unix
FAIL: g77.f-torture/compile/pr3743.f,  -O0  
FAIL: g77.f-torture/compile/pr3743.f,  -O1  
FAIL: g77.f-torture/compile/pr3743.f,  -O2  
FAIL: g77.f-torture/compile/pr3743.f,  -O3 -fomit-frame-pointer  
FAIL: g77.f-torture/compile/pr3743.f,  -O3 -g  
FAIL: g77.f-torture/compile/pr3743.f,  -Os  
FAIL: g77.f-torture/execute/20010430.f execution,  -O2 
FAIL: g77.f-torture/execute/20010430.f execution,  -O3 -fomit-frame-pointer 
FAIL: g77.f-torture/execute/20010430.f execution,  -O3 -fomit-frame-pointer -funroll-loops 
FAIL: g77.f-torture/execute/20010430.f execution,  -O3 -fomit-frame-pointer -funroll-all-loops -finline-functions 
FAIL: g77.f-torture/execute/20010430.f execution,  -O3 -g 
FAIL: g77.f-torture/execute/f90-intrinsic-bit.f compilation,  -O0 
FAIL: g77.f-torture/execute/f90-intrinsic-bit.f compilation,  -O1 
FAIL: g77.f-torture/execute/f90-intrinsic-bit.f compilation,  -O2 
FAIL: g77.f-torture/execute/f90-intrinsic-bit.f compilation,  -O3 -fomit-frame-pointer 
FAIL: g77.f-torture/execute/f90-intrinsic-bit.f compilation,  -O3 -fomit-frame-pointer -funroll-loops 
FAIL: g77.f-torture/execute/f90-intrinsic-bit.f compilation,  -O3 -fomit-frame-pointer -funroll-all-loops -finline-functions 
FAIL: g77.f-torture/execute/f90-intrinsic-bit.f compilation,  -O3 -g 
FAIL: g77.f-torture/execute/f90-intrinsic-bit.f compilation,  -Os 

                === g77 Summary ===

# of expected passes            1317
# of unexpected failures        19
# of untested testcases         8
# of unsupported tests          8
/gcc/dje/build/powerpc-ibm-aix4.3.3.0-20011223/gcc/testsuite/../g77 version 3.1 20011223 (experimental)

                === gcc tests ===


Running target unix
FAIL: gcc.c-torture/compile/981001-2.c,  -O3 -fomit-frame-pointer  
FAIL: gcc.c-torture/compile/981001-2.c,  -O3 -g  
FAIL: gcc.c-torture/compile/990801-1.c,  -O3 -fomit-frame-pointer -funroll-all-loops -finline-functions  
FAIL: gcc.c-torture/compile/20011119-1.c,  -O0  
FAIL: gcc.c-torture/compile/20011119-1.c,  -O1  
FAIL: gcc.c-torture/compile/20011119-1.c,  -O2  
FAIL: gcc.c-torture/compile/20011119-1.c,  -O3 -fomit-frame-pointer  
FAIL: gcc.c-torture/compile/20011119-1.c,  -O3 -g  
FAIL: gcc.c-torture/compile/20011119-1.c,  -Os  
FAIL: gcc.c-torture/compile/20011119-2.c,  -O0  
FAIL: gcc.c-torture/compile/20011119-2.c,  -O1  
FAIL: gcc.c-torture/compile/20011119-2.c,  -O2  
FAIL: gcc.c-torture/compile/20011119-2.c,  -O3 -fomit-frame-pointer  
FAIL: gcc.c-torture/compile/20011119-2.c,  -O3 -g  
FAIL: gcc.c-torture/compile/20011119-2.c,  -Os  
FAIL: gcc.c-torture/execute/20000808-1.c execution,  -O1 
FAIL: gcc.c-torture/execute/20000808-1.c execution,  -O2 
FAIL: gcc.c-torture/execute/20000808-1.c execution,  -Os 
FAIL: gcc.c-torture/execute/20010123-1.c execution,  -O3 -fomit-frame-pointer -funroll-loops 
FAIL: gcc.c-torture/execute/20010123-1.c execution,  -O3 -fomit-frame-pointer -funroll-all-loops -finline-functions 
FAIL: gcc.c-torture/execute/950607-2.c execution,  -O1 
FAIL: gcc.c-torture/execute/950607-2.c execution,  -O2 
FAIL: gcc.c-torture/execute/950607-2.c execution,  -Os 
FAIL: gcc.c-torture/execute/eeprof-1.c execution,  -O0 
FAIL: gcc.c-torture/execute/eeprof-1.c execution,  -O1 
FAIL: gcc.c-torture/execute/eeprof-1.c execution,  -O2 
FAIL: gcc.c-torture/execute/eeprof-1.c execution,  -O3 -fomit-frame-pointer 
FAIL: gcc.c-torture/execute/eeprof-1.c execution,  -O3 -g 
FAIL: gcc.c-torture/execute/eeprof-1.c execution,  -Os 
FAIL: gcc.c-torture/execute/ieee/20010114-2.c execution,  -O1 
FAIL: gcc.c-torture/execute/ieee/20010114-2.c execution,  -O2 
FAIL: gcc.c-torture/execute/ieee/20010114-2.c execution,  -Os 
FAIL: gcc.c-torture/execute/ieee/980619-1.c execution,  -O1 
FAIL: gcc.c-torture/execute/ieee/980619-1.c execution,  -O2 
FAIL: gcc.c-torture/execute/ieee/980619-1.c execution,  -O3 -fomit-frame-pointer 
FAIL: gcc.c-torture/execute/ieee/980619-1.c execution,  -O3 -fomit-frame-pointer -funroll-loops 
FAIL: gcc.c-torture/execute/ieee/980619-1.c execution,  -O3 -fomit-frame-pointer -funroll-all-loops -finline-functions 
FAIL: gcc.c-torture/execute/ieee/980619-1.c execution,  -O3 -g 
FAIL: gcc.c-torture/execute/ieee/980619-1.c execution,  -Os 
FAIL: gcc.dg/cpp/charconst-2.c (test for excess errors)
FAIL: gcc.dg/cpp/charconst.c (test for excess errors)
FAIL: gcc.dg/cpp/ucs.c bad U1234abcd evaluation (test for bogus messages, line 14)
FAIL: gcc.dg/cpp/ucs.c (test for excess errors)
FAIL: gcc.dg/20001009-1.c (test for excess errors)
FAIL: gcc.dg/20010912-1.c (test for excess errors)
FAIL: gcc.dg/asm-fs-1.c (test for excess errors)
FAIL: gcc.dg/asm-fs-1.c scan-assembler-not \\*_bar
FAIL: gcc.dg/asm-names.c (test for excess errors)
FAIL: gcc.dg/c99-float-1.c (test for excess errors)
FAIL: gcc.dg/c99-intconst-1.c (test for excess errors)
FAIL: alias-1.c
FAIL: 20000419-2.c

                === gcc Summary ===

# of expected passes            16551
# of unexpected failures        52
# of expected failures          43
# of unsupported tests          68
/gcc/dje/build/powerpc-ibm-aix4.3.3.0-20011223/gcc/xgcc version 3.1 20011223 (experimental)

                === objc tests ===


Running target unix
FAIL: objc/execute/formal_protocol-6.m execution,  -O 
FAIL: unclaimed-category-1a.o

                === objc Summary ===

# of expected passes            216
# of unexpected failures        2
/gcc/dje/build/powerpc-ibm-aix4.3.3.0-20011223/gcc/xgcc version 3.1 20011223 (experimental)

                === libstdc++-v3 tests ===


Running target unix
FAIL: 21_strings/append.cc execution test
FAIL: 21_strings/capacity.cc (test for excess errors)
FAIL: 21_strings/ctor_copy_dtor.cc execution test
FAIL: 21_strings/element_access.cc execution test
FAIL: 21_strings/insert.cc execution test
FAIL: 21_strings/inserters_extractors.cc execution test
FAIL: 21_strings/substr.cc execution test
XPASS: 22_locale/collate_members_wchar_t.cc execution test
XPASS: 22_locale/money_get_members_wchar_t.cc execution test
XPASS: 22_locale/money_put_members_wchar_t.cc execution test
XPASS: 22_locale/moneypunct_members_wchar_t.cc execution test
XPASS: 22_locale/num_get_members_wchar_t.cc execution test
XPASS: 22_locale/num_put_members_wchar_t.cc execution test
XPASS: 22_locale/numpunct_members_wchar_t.cc execution test
FAIL: 22_locale/operators.cc execution test
XPASS: 22_locale/time_get_members_wchar_t.cc execution test
XPASS: 22_locale/time_put_members_wchar_t.cc execution test
FAIL: 23_containers/bitset_ctor.cc execution test
FAIL: 23_containers/bitset_members.cc execution test
FAIL: 23_containers/list_modifiers.cc execution test
FAIL: 23_containers/vector_element_access.cc execution test
XPASS: 26_numerics/c99_classification_macros_c.cc (test for excess errors)
FAIL: 26_numerics/complex_inserters_extractors.cc execution test
FAIL: 27_io/ios_manip_fmtflags.cc execution test
FAIL: 27_io/ios_members.cc execution test
FAIL: 27_io/istream_extractor_arith.cc execution test
FAIL: 27_io/istream_extractor_other.cc execution test
FAIL: 27_io/istream_seeks.cc execution test
FAIL: 27_io/istream_sentry.cc execution test
FAIL: 27_io/istringstream_members.cc execution test
FAIL: 27_io/ostream_inserter_arith.cc execution test
FAIL: 27_io/ostream_inserter_char.cc execution test
FAIL: 27_io/streambuf.cc execution test
FAIL: 27_io/stringstream.cc execution test
FAIL: 27_io/stringstream_members.cc execution test

                === libstdc++-v3 Summary ===

# of expected passes            306
# of unexpected failures        25
# of unexpected successes       10
# of expected failures          19

Compiler version: 3.1 20011223 (experimental) 
Platform: powerpc-ibm-aix4.3.3.0
configure flags: --host=powerpc-ibm-aix4.3.3.0 --prefix=/gcc/dje/install/powerpc-ibm-aix4.3.3.0-20011223 --disable-win32-registry --disable-nls



More information about the Gcc-testresults mailing list