Results for 3.1 20011224 (experimental) testsuite on i686-pc-linux-gnu
rth@bcpl.cygnus.com
rth@bcpl.cygnus.com
Mon Dec 24 05:26:00 GMT 2001
LAST_UPDATED: Mon Dec 24 08:49:17 UTC 2001
Native configuration is i686-pc-linux-gnu
=== g77 tests ===
Running target unix
=== g77 Summary ===
# of expected passes 1360
/bcpl/int/rth/gcc/build/x86/gcc/testsuite/../g77 version 3.1 20011224 (experimental)
=== gcc tests ===
Running target unix
FAIL: gcc.c-torture/execute/20011223-1.c execution, -O2
FAIL: gcc.c-torture/execute/20011223-1.c execution, -O3 -fomit-frame-pointer
FAIL: gcc.c-torture/execute/20011223-1.c execution, -O3 -g
FAIL: gcc.c-torture/execute/20011223-1.c execution, -Os
FAIL: gcc.dg/20011130-1.c (test for excess errors)
FAIL: gcc.dg/c99-intconst-1.c (test for excess errors)
=== gcc Summary ===
# of expected passes 16687
# of unexpected failures 6
# of expected failures 47
# of unsupported tests 29
/bcpl/int/rth/gcc/build/x86/gcc/xgcc version 3.1 20011224 (experimental)
=== g++ tests ===
Running target unix
XPASS: g++.pt/decl2.C ICE - (test for errors, line 8)
=== g++ Summary ===
# of expected passes 6756
# of unexpected successes 1
# of expected failures 96
# of untested testcases 9
/bcpl/int/rth/gcc/build/x86/gcc/testsuite/../g++ version 3.1 20011224 (experimental)
=== objc tests ===
Running target unix
FAIL: objc/execute/formal_protocol-6.m execution, -O
FAIL: unclaimed-category-1a.o
=== objc Summary ===
# of expected passes 216
# of unexpected failures 2
/bcpl/int/rth/gcc/build/x86/gcc/xgcc version 3.1 20011224 (experimental)
=== libjava tests ===
Running target unix
FAIL: Statics compilation from source
FAIL: Statics -O compilation from source
FAIL: calls run
FAIL: field run
FAIL: findclass run
FAIL: martin run
FAIL: register run
FAIL: throwit run
FAIL: cxxtest run
FAIL: PR160 -O output from bytecode->native test
FAIL: Primes output from source compiled test
FAIL: Primes output from bytecode->native test
FAIL: Primes -O output from source compiled test
FAIL: Primes -O output from bytecode->native test
XPASS: err7 compilation from bytecode
XPASS: err7 -O compilation from bytecode
XPASS: err8 compilation from bytecode
XPASS: err8 -O compilation from bytecode
FAIL: instinit2 output from bytecode->native test
FAIL: instinit2 -O output from bytecode->native test
FAIL: nested_with_ctor output from bytecode->native test
FAIL: nested_with_ctor -O output from bytecode->native test
XPASS: stringconst output from bytecode->native test
XPASS: stringconst -O output from bytecode->native test
=== libjava Summary ===
# of expected passes 1963
# of unexpected failures 18
# of unexpected successes 6
# of expected failures 8
# of untested testcases 15
=== libstdc++-v3 tests ===
Running target unix
XPASS: 22_locale/ctype_members_char.cc execution test
XPASS: 22_locale/members.cc execution test
XPASS: 22_locale/messages_byname.cc execution test
XPASS: 22_locale/messages_members_char.cc execution test
XPASS: 22_locale/money_get_members_char.cc execution test
XPASS: 22_locale/money_get_members_wchar_t.cc execution test
XPASS: 22_locale/money_put_members_char.cc execution test
XPASS: 22_locale/money_put_members_wchar_t.cc execution test
XPASS: 22_locale/moneypunct_byname.cc execution test
XPASS: 22_locale/moneypunct_members_char.cc execution test
XPASS: 22_locale/moneypunct_members_wchar_t.cc execution test
XPASS: 22_locale/num_get_members_char.cc execution test
XPASS: 22_locale/num_get_members_wchar_t.cc execution test
XPASS: 22_locale/num_put_members_char.cc execution test
XPASS: 22_locale/num_put_members_wchar_t.cc execution test
XPASS: 22_locale/numpunct_byname.cc execution test
XPASS: 22_locale/numpunct_members_char.cc execution test
XPASS: 22_locale/numpunct_members_wchar_t.cc execution test
XPASS: 22_locale/time_get_members_char.cc execution test
XPASS: 22_locale/time_get_members_wchar_t.cc execution test
XPASS: 22_locale/time_put_members_char.cc execution test
=== libstdc++-v3 Summary ===
# of expected passes 332
# of unexpected successes 21
# of expected failures 8
Compiler version: 3.1 20011224 (experimental)
Platform: i686-pc-linux-gnu
configure flags: --host=i686-pc-linux-gnu --prefix=/bcpl/int/rth/run --enable-threads
More information about the Gcc-testresults
mailing list