Results for 3.0.3 testsuite on hppa1.1-hp-hpux10.20
John David Anglin
dave@hiauly1.hia.nrc.ca
Sat Dec 22 10:20:00 GMT 2001
LAST_UPDATED:
Native configuration is hppa1.1-hp-hpux10.20
=== g++ tests ===
Running target unix/-fPIC
FAIL: g++.dg/mangle1.C scan-assembler
FAIL: g++.dg/mangle1.C scan-assembler
FAIL: g++.dg/mangle1.C scan-assembler
FAIL: g++.dg/mangle1.C scan-assembler
FAIL: g++.dg/mangle1.C scan-assembler
FAIL: g++.dg/mangle1.C scan-assembler
FAIL: g++.dg/mangle1.C scan-assembler
FAIL: g++.dg/mangle1.C scan-assembler
FAIL: g++.dg/mangle1.C scan-assembler
FAIL: g++.dg/mangle1.C scan-assembler
FAIL: g++.dg/mangle1.C scan-assembler
FAIL: g++.dg/mangle1.C scan-assembler
FAIL: g++.dg/mangle1.C scan-assembler
FAIL: g++.dg/mangle1.C scan-assembler
FAIL: g++.ext/instantiate1.C not instantiated (test for errors, line 20)
FAIL: g++.ext/instantiate1.C not instantiated (test for errors, line 22)
FAIL: g++.law/profile1.C caused compiler crash
FAIL: g++.other/mangle3.C (test for excess errors)
=== g++ Summary for unix/-fPIC ===
# of expected passes 6462
# of unexpected failures 18
# of expected failures 114
# of untested testcases 21
Running target unix
FAIL: g++.dg/mangle1.C scan-assembler
FAIL: g++.dg/mangle1.C scan-assembler
FAIL: g++.dg/mangle1.C scan-assembler
FAIL: g++.dg/mangle1.C scan-assembler
FAIL: g++.dg/mangle1.C scan-assembler
FAIL: g++.dg/mangle1.C scan-assembler
FAIL: g++.dg/mangle1.C scan-assembler
FAIL: g++.dg/mangle1.C scan-assembler
FAIL: g++.dg/mangle1.C scan-assembler
FAIL: g++.dg/mangle1.C scan-assembler
FAIL: g++.dg/mangle1.C scan-assembler
FAIL: g++.dg/mangle1.C scan-assembler
FAIL: g++.dg/mangle1.C scan-assembler
FAIL: g++.dg/mangle1.C scan-assembler
FAIL: g++.ext/instantiate1.C not instantiated (test for errors, line 20)
FAIL: g++.ext/instantiate1.C not instantiated (test for errors, line 22)
FAIL: g++.other/mangle3.C (test for excess errors)
=== g++ Summary for unix ===
# of expected passes 6464
# of unexpected failures 17
# of expected failures 114
# of untested testcases 21
=== g++ Summary ===
# of expected passes 12926
# of unexpected failures 35
# of expected failures 228
# of untested testcases 42
/xxx/gnu/gcc-3.0.3/objdir/gcc/testsuite/../g++ version 3.0.3
=== g77 tests ===
Running target unix/-fPIC
=== g77 Summary for unix/-fPIC ===
# of expected passes 933
# of unsupported tests 8
Running target unix
=== g77 Summary for unix ===
# of expected passes 933
# of unsupported tests 8
=== g77 Summary ===
# of expected passes 1866
# of unsupported tests 16
=== gcc tests ===
Running target unix/-fPIC
FAIL: gcc.c-torture/compile/20001226-1.c, -O3 -g
FAIL: gcc.c-torture/compile/20001226-1.c, -Os
FAIL: gcc.c-torture/compile/20010605-1.c, -O0
FAIL: gcc.c-torture/compile/20010605-1.c, -O1
FAIL: gcc.c-torture/compile/20010605-1.c, -O2
FAIL: gcc.c-torture/compile/20010605-1.c, -O3 -fomit-frame-pointer
FAIL: gcc.c-torture/compile/20010605-1.c, -O3 -g
FAIL: gcc.c-torture/compile/20010605-1.c, -Os
FAIL: gcc.c-torture/execute/20010119-1.c compilation, -O1
FAIL: gcc.c-torture/execute/20010119-1.c compilation, -O2
FAIL: gcc.c-torture/execute/20010119-1.c compilation, -O3 -fomit-frame-pointer
FAIL: gcc.c-torture/execute/20010119-1.c compilation, -O3 -fomit-frame-pointer -funroll-loops
FAIL: gcc.c-torture/execute/20010119-1.c compilation, -O3 -fomit-frame-pointer -funroll-all-loops -finline-functions
FAIL: gcc.c-torture/execute/20010119-1.c compilation, -O3 -g
FAIL: gcc.c-torture/execute/20010119-1.c compilation, -Os
FAIL: gcc.c-torture/execute/20010122-1.c execution, -O0
FAIL: gcc.c-torture/execute/20010122-1.c execution, -O1
FAIL: gcc.c-torture/execute/20010122-1.c execution, -O2
FAIL: gcc.c-torture/execute/20010122-1.c execution, -O3 -fomit-frame-pointer
FAIL: gcc.c-torture/execute/20010122-1.c execution, -O3 -fomit-frame-pointer -funroll-loops
FAIL: gcc.c-torture/execute/20010122-1.c execution, -O3 -fomit-frame-pointer -funroll-all-loops -finline-functions
FAIL: gcc.c-torture/execute/20010122-1.c execution, -O3 -g
FAIL: gcc.c-torture/execute/20010122-1.c execution, -Os
FAIL: gcc.c-torture/execute/strct-stdarg-1.c execution, -O0
FAIL: gcc.c-torture/execute/strct-stdarg-1.c execution, -O1
FAIL: gcc.c-torture/execute/strct-stdarg-1.c execution, -O2
FAIL: gcc.c-torture/execute/strct-stdarg-1.c execution, -O3 -fomit-frame-pointer
FAIL: gcc.c-torture/execute/strct-stdarg-1.c execution, -O3 -fomit-frame-pointer -funroll-loops
FAIL: gcc.c-torture/execute/strct-stdarg-1.c execution, -O3 -fomit-frame-pointer -funroll-all-loops -finline-functions
FAIL: gcc.c-torture/execute/strct-stdarg-1.c execution, -O3 -g
FAIL: gcc.c-torture/execute/strct-stdarg-1.c execution, -Os
FAIL: gcc.c-torture/execute/ieee/mzero2.c execution, -O1
FAIL: gcc.c-torture/execute/ieee/mzero2.c execution, -O2
FAIL: gcc.c-torture/execute/ieee/mzero2.c execution, -O3 -fomit-frame-pointer
FAIL: gcc.c-torture/execute/ieee/mzero2.c execution, -O3 -g
FAIL: gcc.c-torture/execute/ieee/mzero2.c execution, -Os
FAIL: gcc.dg/asm-fs-1.c (test for excess errors)
FAIL: gcc.dg/asm-names.c (test for excess errors)
=== gcc Summary for unix/-fPIC ===
# of expected passes 15226
# of unexpected failures 38
# of expected failures 82
# of unresolved testcases 10
# of unsupported tests 57
Running target unix
FAIL: gcc.c-torture/compile/20001226-1.c, -O3 -g
FAIL: gcc.c-torture/compile/20001226-1.c, -Os
FAIL: gcc.c-torture/compile/20010605-1.c, -O0
FAIL: gcc.c-torture/compile/20010605-1.c, -O1
FAIL: gcc.c-torture/compile/20010605-1.c, -O2
FAIL: gcc.c-torture/compile/20010605-1.c, -O3 -fomit-frame-pointer
FAIL: gcc.c-torture/compile/20010605-1.c, -O3 -g
FAIL: gcc.c-torture/compile/20010605-1.c, -Os
FAIL: gcc.c-torture/execute/20010119-1.c compilation, -O1
FAIL: gcc.c-torture/execute/20010119-1.c compilation, -O2
FAIL: gcc.c-torture/execute/20010119-1.c compilation, -O3 -fomit-frame-pointer
FAIL: gcc.c-torture/execute/20010119-1.c compilation, -O3 -fomit-frame-pointer -funroll-loops
FAIL: gcc.c-torture/execute/20010119-1.c compilation, -O3 -fomit-frame-pointer -funroll-all-loops -finline-functions
FAIL: gcc.c-torture/execute/20010119-1.c compilation, -O3 -g
FAIL: gcc.c-torture/execute/20010119-1.c compilation, -Os
FAIL: gcc.c-torture/execute/20010122-1.c execution, -O0
FAIL: gcc.c-torture/execute/20010122-1.c execution, -O1
FAIL: gcc.c-torture/execute/20010122-1.c execution, -O2
FAIL: gcc.c-torture/execute/20010122-1.c execution, -O3 -fomit-frame-pointer
FAIL: gcc.c-torture/execute/20010122-1.c execution, -O3 -fomit-frame-pointer -funroll-loops
FAIL: gcc.c-torture/execute/20010122-1.c execution, -O3 -fomit-frame-pointer -funroll-all-loops -finline-functions
FAIL: gcc.c-torture/execute/20010122-1.c execution, -O3 -g
FAIL: gcc.c-torture/execute/20010122-1.c execution, -Os
FAIL: gcc.c-torture/execute/strct-stdarg-1.c execution, -O0
FAIL: gcc.c-torture/execute/strct-stdarg-1.c execution, -O1
FAIL: gcc.c-torture/execute/strct-stdarg-1.c execution, -O2
FAIL: gcc.c-torture/execute/strct-stdarg-1.c execution, -O3 -fomit-frame-pointer
FAIL: gcc.c-torture/execute/strct-stdarg-1.c execution, -O3 -fomit-frame-pointer -funroll-loops
FAIL: gcc.c-torture/execute/strct-stdarg-1.c execution, -O3 -fomit-frame-pointer -funroll-all-loops -finline-functions
FAIL: gcc.c-torture/execute/strct-stdarg-1.c execution, -O3 -g
FAIL: gcc.c-torture/execute/strct-stdarg-1.c execution, -Os
FAIL: gcc.c-torture/execute/ieee/mzero2.c execution, -O1
FAIL: gcc.c-torture/execute/ieee/mzero2.c execution, -O2
FAIL: gcc.c-torture/execute/ieee/mzero2.c execution, -O3 -fomit-frame-pointer
FAIL: gcc.c-torture/execute/ieee/mzero2.c execution, -O3 -g
FAIL: gcc.c-torture/execute/ieee/mzero2.c execution, -Os
FAIL: gcc.dg/asm-fs-1.c (test for excess errors)
FAIL: gcc.dg/asm-names.c (test for excess errors)
=== gcc Summary for unix ===
# of expected passes 15226
# of unexpected failures 38
# of expected failures 82
# of unresolved testcases 10
# of unsupported tests 57
=== gcc Summary ===
# of expected passes 30452
# of unexpected failures 76
# of expected failures 164
# of unresolved testcases 20
# of unsupported tests 114
/xxx/gnu/gcc-3.0.3/objdir/gcc/xgcc version 3.0.3
=== objc tests ===
Running target unix/-fPIC
=== objc Summary for unix/-fPIC ===
# of expected passes 153
# of expected failures 1
Running target unix
=== objc Summary for unix ===
# of expected passes 153
# of expected failures 1
=== objc Summary ===
# of expected passes 306
# of expected failures 2
/xxx/gnu/gcc-3.0.3/objdir/gcc/xgcc version 3.0.3
=== libstdc++-v3 tests ===
Running target unix/-fPIC
FAIL: 21_strings/capacity.cc (test for excess errors)
FAIL: 22_locale/ctype_char_members.cc execution test
FAIL: 22_locale/numpunct.cc (test for excess errors)
XPASS: 26_numerics/c99_classification_macros_c.cc (test for excess errors)
FAIL: 26_numerics/complex_inserters_extractors.cc (test for excess errors)
=== libstdc++-v3 Summary for unix/-fPIC ===
# of expected passes 240
# of unexpected failures 4
# of unexpected successes 1
# of expected failures 7
Running target unix
FAIL: 21_strings/capacity.cc (test for excess errors)
FAIL: 22_locale/ctype_char_members.cc execution test
FAIL: 22_locale/numpunct.cc (test for excess errors)
XPASS: 26_numerics/c99_classification_macros_c.cc (test for excess errors)
FAIL: 26_numerics/complex_inserters_extractors.cc (test for excess errors)
FAIL: 27_io/filebuf.cc execution test
=== libstdc++-v3 Summary for unix ===
# of expected passes 239
# of unexpected failures 5
# of unexpected successes 1
# of expected failures 7
=== libstdc++-v3 Summary ===
# of expected passes 479
# of unexpected failures 9
# of unexpected successes 2
# of expected failures 14
Compiler version: 3.0.3
Platform: hppa1.1-hp-hpux10.20
configure flags: --host=hppa1.1-hp-hpux10.20 --with-gnu-as --enable-shared --enable-threads --enable-debug=no
More information about the Gcc-testresults
mailing list