Results for 3.1 20011221 (experimental) testsuite on i686-pc-linux-gnu
Andris Pavenis
andris@hal.astr.lu.lv
Fri Dec 21 21:05:00 GMT 2001
Last updated from CVS: 2001 Dec 22 04:04 +0200
System: Linux kernel 2.4.17pre2
glibc-2.2.3
binutils-2.11.90.0.31
LAST_UPDATED: Sat Dec 22 02:03:59 UTC 2001
Native configuration is i686-pc-linux-gnu
=== g++ tests ===
Running target unix
FAIL: g++.dg/eh/omit-frame-pointer.C execution test
FAIL: g++.ext/instantiate2.C not instantiated (test for errors, line 19)
XPASS: g++.pt/decl2.C ICE - (test for errors, line 8)
=== g++ Summary ===
# of expected passes 6756
# of unexpected failures 2
# of unexpected successes 1
# of expected failures 96
# of untested testcases 9
/disk2/cvs/gcc31/build/build.lnx/gcc/testsuite/../g++ version 3.1 20011221 (experimental)
=== g77 tests ===
Running target unix
=== g77 Summary ===
# of expected passes 1360
/disk2/cvs/gcc31/build/build.lnx/gcc/testsuite/../g77 version 3.1 20011221 (experimental)
=== gcc tests ===
Running target unix
FAIL: gcc.dg/20011130-1.c (test for excess errors)
FAIL: gcc.dg/c99-intconst-1.c (test for excess errors)
FAIL: gcc.dg/format/c99-printf-1.c %hhn plain char (test for warnings, line 195)
FAIL: gcc.dg/format/c99-printf-1.c %hhn unsigned char (test for warnings, line 196)
FAIL: gcc.dg/format/c99-printf-1.c (test for excess errors)
=== gcc Summary ===
# of expected passes 16667
# of unexpected failures 5
# of expected failures 47
# of unsupported tests 29
/disk2/cvs/gcc31/build/build.lnx/gcc/xgcc version 3.1 20011221 (experimental)
=== objc tests ===
Running target unix
FAIL: objc/execute/formal_protocol-6.m execution, -O
=== objc Summary ===
# of expected passes 218
# of unexpected failures 1
/disk2/cvs/gcc31/build/build.lnx/gcc/xgcc version 3.1 20011221 (experimental)
=== libstdc++-v3 tests ===
Running target unix
XPASS: 22_locale/collate_members_wchar_t.cc execution test
XPASS: 22_locale/time_put_members_char.cc execution test
=== libstdc++-v3 Summary ===
# of expected passes 332
# of unexpected successes 2
# of expected failures 27
Compiler version: 3.1 20011221 (experimental)
Platform: i686-pc-linux-gnu
configure flags: --host=i686-pc-linux-gnu --prefix=/disk2/gcc31 --enable-shared --enable-languages=c,c++,f77,objc --verbose --enable-threads=posix
Counting all warnings,
there are 65 warnings in stage3 of this bootstrap.
Number of warnings per file:
23 gcc/combine.c
10 gcc/regclass.c
6 gcc/cp/pt.c
4 gcc/optabs.c
4 gcc/gcc.c
4 gcc/emit-rtl.c
2 gcc/fold-const.c
2 gcc/caller-save.c
1 gcc/reload.c
1 gcc/regmove.c
1 gcc/profile.c
1 gcc/objc/lang-specs.h
1 gcc/function.c
1 gcc/expr.c
1 gcc/cp/lang-specs.h
1 gcc/cp/error.c
1 gcc/cfgcleanup.c
1 gcc/attribs.c
Number of warning types:
50 comparison between signed and unsigned
6 string length `???' is greater than the length `???' ISO C89 compilers are required to support
6 signed and unsigned type in conditional expression
1 pointer targets in passing arg ??? of `???' differ in signedness
1 `???' might be used uninitialized in this function
1 `???' defined but not used
More information about the Gcc-testresults
mailing list