Results for 3.1 20011217 (experimental) testsuite on i686-pc-linux-gnu
Alexandre Oliva
aoliva@redhat.lsd.ic.unicamp.br
Wed Dec 19 21:21:00 GMT 2001
Native configuration is i686-pc-linux-gnu
=== binutils tests ===
Running target unix
=== binutils Summary ===
# of expected passes 31
# of expected failures 1
=== g77 tests ===
Running target unix
=== g77 Summary ===
# of expected passes 1360
/l/tmp/egcs/gcc/testsuite/../g77 version 3.1 20011217 (experimental)
=== gas tests ===
Running target unix
=== gas Summary ===
# of expected passes 90
=== gcc tests ===
Running target unix
FAIL: gcc.dg/c99-intconst-1.c (test for excess errors)
FAIL: gcc.dg/special/gcsec-1.c (test for excess errors)
=== gcc Summary ===
# of expected passes 16603
# of unexpected failures 2
# of expected failures 47
# of unsupported tests 29
/l/tmp/egcs/gcc/xgcc version 3.1 20011217 (experimental)
=== gdb tests ===
Running target unix
FAIL: gdb.asm/asm-source.exp: list
XPASS: gdb.base/callfuncs.exp: p t_float_values2(0.0,0.0)
XPASS: gdb.base/callfuncs.exp: p t_float_values2(3.14159,float_val2)
XPASS: gdb.base/constvars.exp: ptype lecherous
XPASS: gdb.base/constvars.exp: ptype lectern
FAIL: gdb.base/corefile.exp: print func2::coremaker_local
XPASS: gdb.base/interrupt.exp: send end of file
XPASS: gdb.base/return.exp: correct value returned double test (known problem with i*86 and sparc solaris
FAIL: gdb.base/step-line.exp: next over dummy 1
FAIL: gdb.base/step-line.exp: next over dummy 2
FAIL: gdb.base/step-line.exp: next over dummy 4
FAIL: gdb.base/step-line.exp: next over dummy 6
FAIL: gdb.base/step-line.exp: next over dummy 8
FAIL: gdb.base/step-line.exp: next over dummy 10
FAIL: gdb.c++/annota2.exp: run until main breakpoint
FAIL: gdb.c++/annota2.exp: print class
FAIL: gdb.c++/annota2.exp: continue to exit
FAIL: gdb.c++/annota2.exp: run until main breakpoint
FAIL: gdb.c++/annota2.exp: set watch on a.x
FAIL: gdb.c++/annota2.exp: watch triggered on a.x
FAIL: gdb.c++/annota2.exp: annotate-quit
FAIL: gdb.c++/anon-union.exp: running to main in runto
FAIL: gdb.c++/classes.exp: ptype class Static
FAIL: gdb.c++/classes.exp: running to 'inheritance2' in runto
FAIL: gdb.c++/classes.exp: continue to enums2(\(\)|): the program is no longer running
FAIL: gdb.c++/classes.exp: running to main in runto
FAIL: gdb.c++/classes.exp: running to marker_reg1 in runto
FAIL: gdb.c++/cplusfuncs.exp: running to main in runto
FAIL: gdb.c++/cplusfuncs.exp: print &'hairyfunc5'
FAIL: gdb.c++/cplusfuncs.exp: print &'hairyfunc6'
FAIL: gdb.c++/cplusfuncs.exp: print &'hairyfunc7'
FAIL: gdb.c++/demangle.exp: gnu: __thunk_64__0RL__list__Q29CosNaming20_proxy_NamingContextUlRPt25_CORBA_Unbounded_Sequence1ZQ29CosNaming7BindingRPQ29CosNaming15BindingIterator
FAIL: gdb.c++/derivation.exp: running to main in runto
FAIL: gdb.c++/inherit.exp: running to main in runto
FAIL: gdb.c++/inherit.exp: running to 'inheritance2' in runto
FAIL: gdb.c++/inherit.exp: print g_A.A::a
FAIL: gdb.c++/inherit.exp: print g_A.A::x
FAIL: gdb.c++/inherit.exp: print g_A.a
FAIL: gdb.c++/inherit.exp: print g_A.x
FAIL: gdb.c++/inherit.exp: print g_B.A::a
FAIL: gdb.c++/inherit.exp: print g_B.A::x
FAIL: gdb.c++/inherit.exp: print g_B.B::b
FAIL: gdb.c++/inherit.exp: print g_B.B::x
FAIL: gdb.c++/inherit.exp: print g_B.a
FAIL: gdb.c++/inherit.exp: print g_B.b
FAIL: gdb.c++/inherit.exp: print g_B.x
FAIL: gdb.c++/inherit.exp: print g_C.A::a
FAIL: gdb.c++/inherit.exp: print g_C.A::x
FAIL: gdb.c++/inherit.exp: print g_C.C::c
FAIL: gdb.c++/inherit.exp: print g_C.C::x
FAIL: gdb.c++/inherit.exp: print g_C.a
FAIL: gdb.c++/inherit.exp: print g_C.c
FAIL: gdb.c++/inherit.exp: print g_C.x
FAIL: gdb.c++/inherit.exp: print g_A
FAIL: gdb.c++/inherit.exp: print g_B
FAIL: gdb.c++/inherit.exp: print g_C
FAIL: gdb.c++/inherit.exp: print g_A.A::a
FAIL: gdb.c++/inherit.exp: print g_A.A::x
FAIL: gdb.c++/inherit.exp: print g_B.A::a
FAIL: gdb.c++/inherit.exp: print g_B.A::x
FAIL: gdb.c++/inherit.exp: print g_B.B::b
FAIL: gdb.c++/inherit.exp: print g_B.B::x
FAIL: gdb.c++/inherit.exp: print g_C.A::a
FAIL: gdb.c++/inherit.exp: print g_C.A::x
FAIL: gdb.c++/inherit.exp: print g_C.C::c
FAIL: gdb.c++/inherit.exp: print g_C.C::x
FAIL: gdb.c++/inherit.exp: print g_D.B::b
FAIL: gdb.c++/inherit.exp: print g_D.B::x
FAIL: gdb.c++/inherit.exp: print g_D.C::c
FAIL: gdb.c++/inherit.exp: print g_D.C::x
FAIL: gdb.c++/inherit.exp: print g_D.D::d
FAIL: gdb.c++/inherit.exp: print g_D.D::x
FAIL: gdb.c++/inherit.exp: print g_E.B::b
FAIL: gdb.c++/inherit.exp: print g_E.B::x
FAIL: gdb.c++/inherit.exp: print g_E.C::c
FAIL: gdb.c++/inherit.exp: print g_E.C::x
FAIL: gdb.c++/inherit.exp: print g_E.D::d
FAIL: gdb.c++/inherit.exp: print g_E.D::x
FAIL: gdb.c++/inherit.exp: print g_E.E::e
FAIL: gdb.c++/inherit.exp: print g_E.E::x
FAIL: gdb.c++/inherit.exp: print g_D
FAIL: gdb.c++/inherit.exp: print g_E
FAIL: gdb.c++/inherit.exp: print anonymous union member
FAIL: gdb.c++/inherit.exp: print variable of type anonymous union
FAIL: gdb.c++/inherit.exp: running to 'inheritance4' in runto
FAIL: gdb.c++/inherit.exp: print g_vA.vA::va
FAIL: gdb.c++/inherit.exp: print g_vA.vA::vx
FAIL: gdb.c++/inherit.exp: print g_vA.va
FAIL: gdb.c++/inherit.exp: print g_vA.vx
FAIL: gdb.c++/inherit.exp: print g_vB.vA::va (known bug with gcc cygnus-2.4.5-930417)
FAIL: gdb.c++/inherit.exp: print g_vA
FAIL: gdb.c++/inherit.exp: print g_vB
FAIL: gdb.c++/inherit.exp: print g_vC
FAIL: gdb.c++/inherit.exp: print g_vD.vA::va (known bug with gcc cygnus-2.4.5-930417)
FAIL: gdb.c++/inherit.exp: print g_vD
FAIL: gdb.c++/inherit.exp: print g_vE
FAIL: gdb.c++/local.exp: running to main in runto
FAIL: gdb.c++/misc.exp: running to main in runto
FAIL: gdb.c++/misc.exp: set a bool var (print v_bool)
FAIL: gdb.c++/misc.exp: set a bool array elem (print v_bool_array)
FAIL: gdb.c++/namespace.exp: running to main in runto
FAIL: gdb.c++/templates.exp: constructor breakpoint
FAIL: gdb.c++/templates.exp: running to main in runto
FAIL: gdb.c++/templates.exp: print fint
FAIL: gdb.c++/templates.exp: print fvpchar
FAIL: gdb.c++/templates.exp: ptype fint
FAIL: gdb.c++/templates.exp: ptype fchar
FAIL: gdb.c++/templates.exp: ptype fvpchar
FAIL: gdb.c++/templates.exp: print Foo<volatile char *>::foo
FAIL: gdb.c++/templates.exp: ptype bint2
FAIL: gdb.c++/templates.exp: ptype bazint
FAIL: gdb.c++/templates.exp: ptype bazint2
FAIL: gdb.c++/templates.exp: ptype quxint
FAIL: gdb.c++/templates.exp: ptype siip
FAIL: gdb.c++/virtfunc.exp: ptype D
FAIL: gdb.c++/virtfunc.exp: ptype dd
FAIL: gdb.c++/virtfunc.exp: ptype ppd
FAIL: gdb.c++/virtfunc.exp: ptype d
FAIL: gdb.c++/virtfunc.exp: ptype pDd
FAIL: gdb.c++/virtfunc.exp: ptype pDe
FAIL: gdb.c++/virtfunc.exp: running to 'test_calls' in runto
FAIL: gdb.gdbtk/c_variable.exp: check whether llong -- lsimple.character changed (c_variable-2.6)
FAIL: gdb.gdbtk/c_variable.exp: check whether linteger -- lsimple.integer changed (c_variable-2.8)
FAIL: gdb.gdbtk/c_variable.exp: change do_locals_tests local llong (c_variable-2.14)
FAIL: gdb.gdbtk/c_variable.exp: value of weird and children (c_variable-6.25)
FAIL: gdb.gdbtk/console.exp: up history once (console-history-1.1)
FAIL: gdb.gdbtk/console.exp: up history twice (console-history-1.2)
FAIL: gdb.gdbtk/console.exp: up history four times (console-history-1.3)
FAIL: gdb.gdbtk/console.exp: up fourteen times (console-history-1.4)
FAIL: gdb.gdbtk/console.exp: up search (console-history-1.5)
FAIL: gdb.gdbtk/console.exp: down search (console-history-1.6)
FAIL: gdb.gdbtk/console.exp: up search to top (console-history-1.8)
FAIL: gdb.gdbtk/console.exp: down once (console-history-2.1)
FAIL: gdb.gdbtk/console.exp: down twice (console-history-2.2)
FAIL: gdb.gdbtk/console.exp: down four times (console-history-2.3)
FAIL cpp_variable-1.2 {create variable v} {}
FAIL: gdb.gdbtk/cpp_variable.exp: create variable v (cpp_variable-1.2)
FAIL: gdb.gdbtk/srcwin.exp: variable balloon test (srcwin-5.1)
FAIL: gdb.gdbtk/srcwin.exp: mixed mode disassembly of include file (srcwin-6.1)
FAIL: gdb.gdbtk/srcwin.exp: assembly->mixed mode change (srcwin2-1.3)
FAIL: gdb.mi/mi-break.exp: insert temp breakpoint at "<fullfilename>":6 (callee4)
FAIL: gdb.mi/mi-console.exp: Hello message (known bug)
FAIL: gdb.mi/mi-simplerun.exp: insert breakpoint at "<fullfilename>":6 (callee4)
FAIL: gdb.mi/mi-stack.exp: stack args listing 0
FAIL: gdb.mi/mi-stack.exp: stack args listing 0 1 3
FAIL: gdb.mi/mi-stack.exp: stack args listing 1
FAIL: gdb.mi/mi-stack.exp: stack args listing 1 1 3
FAIL: gdb.mi/mi-stack.exp: stack info-depth
FAIL: gdb.mi/mi-stack.exp: stack info-depth 99
FAIL: gdb.mi/mi-var-display.exp: get children local variable weird
FAIL: gdb.mi/mi-var-display.exp: get children of u
FAIL: gdb.mi/mi-var-display.exp: get children of s
FAIL: gdb.mi/mi0-break.exp: insert temp breakpoint at "<fullfilename>":6 (callee4)
FAIL: gdb.mi/mi0-console.exp: Hello message (known bug)
FAIL: gdb.mi/mi0-simplerun.exp: insert breakpoint at "<fullfilename>":6 (callee4)
FAIL: gdb.mi/mi0-stack.exp: stack args listing 0
FAIL: gdb.mi/mi0-stack.exp: stack args listing 0 1 3
FAIL: gdb.mi/mi0-stack.exp: stack args listing 1
FAIL: gdb.mi/mi0-stack.exp: stack args listing 1 1 3
FAIL: gdb.mi/mi0-stack.exp: stack info-depth
FAIL: gdb.mi/mi0-stack.exp: stack info-depth 99
FAIL: gdb.mi/mi0-var-display.exp: get children local variable weird
FAIL: gdb.mi/mi0-var-display.exp: get children of u
FAIL: gdb.mi/mi0-var-display.exp: get children of s
=== gdb Summary ===
# of expected passes 8093
# of unexpected failures 157
# of unexpected successes 6
# of expected failures 156
# of unresolved testcases 13
/l/tmp/egcs/gdb/testsuite/../../gdb/gdb version 2001-12-19-cvs -nx
=== g++ tests ===
Running target unix
FAIL: g++.dg/eh/omit-frame-pointer.C execution test
FAIL: g++.dg/other/error1.C (test for errors, line 13)
FAIL: g++.dg/other/error1.C (test for excess errors)
FAIL: g++.eh/badalloc1.C Execution test
XPASS: g++.oliva/typename2.C implicit typename - (test for errors, line 26)
XPASS: g++.pt/decl2.C ICE - (test for errors, line 8)
=== g++ Summary ===
# of expected passes 6752
# of unexpected failures 4
# of unexpected successes 2
# of expected failures 97
# of untested testcases 9
/l/tmp/egcs/gcc/testsuite/../g++ version 3.1 20011217 (experimental)
=== ld tests ===
Running target unix
=== ld Summary ===
# of expected passes 128
# of expected failures 13
=== objc tests ===
Running target unix
FAIL: objc/execute/formal_protocol-6.m execution, -O
FAIL: unclaimed-category-1a.o
=== objc Summary ===
# of expected passes 216
# of unexpected failures 2
/l/tmp/egcs/gcc/xgcc version 3.1 20011217 (experimental)
Compiler version: 3.1 20011217 (experimental)
Platform: i686-pc-linux-gnu
BOOT_CFLAGS: -g -O9 -W -Wall
Counting all warnings,
there are 53 warnings in stage3 of this bootstrap.
Number of warnings per file:
23 gcc/combine.c
6 gcc/cp/pt.c
5 gcc/emit-rtl.c
5 gcc/cse.c
3 gcc/gcc.c
3 gcc/fold-const.c
1 insn-emit.c
1 gcc/regmove.c
1 gcc/profile.c
1 gcc/objc/lang-specs.h
1 gcc/java/jvspec.c
1 gcc/function.c
1 gcc/cp/lang-specs.h
1 gcc/cfgcleanup.c
Number of warning types:
39 comparison between signed and unsigned
6 string length `???' is greater than the length `???' ISO C89 compilers are required to support
6 signed and unsigned type in conditional expression
1 pointer targets in passing arg ??? of `???' differ in signedness
1 `???' might be used uninitialized in this function
More information about the Gcc-testresults
mailing list