Results for 3.1 20011218 (experimental) testsuite on i586-redhat-linux-gnu
Gcc k6 testing account
caligula@cam029208.student.utwente.nl
Tue Dec 18 10:21:00 GMT 2001
Gcc bootstrap for target k6-redhat-linux-gnu on the following system
====================================================================
Red Hat Linux release 7.0 (Guinness)
Kernel 2.4.16 on an i586
Gnu C 2.96
binutils 2.11.90.0.8
Linux C Library 2.2.4
Dynamic linker (ldd) 2.2.4
RPM versions:
gcc-2.96-97
binutils-2.11.90.0.8-8
glibc-2.2.4-18.7.0.3
dejagnu-1.4.1-3
====================================================================
LAST_UPDATED: Tue Dec 18 09:00:53 UTC 2001
Native configuration is i586-redhat-linux-gnu
=== g77 tests ===
Running target unix
=== g77 Summary ===
# of expected passes 1344
# of unsupported tests 8
/home/caligula/cvs/gcc-head/objdir/gcc/testsuite/../g77 version 3.1 20011218 (experimental)
=== gcc tests ===
Running target unix
FAIL: gcc.c-torture/compile/20001226-1.c, -Os
FAIL: gcc.c-torture/execute/builtin-prefetch-1.c execution, -O0
FAIL: gcc.c-torture/execute/builtin-prefetch-1.c execution, -O1
FAIL: gcc.c-torture/execute/builtin-prefetch-1.c execution, -O2
FAIL: gcc.c-torture/execute/builtin-prefetch-1.c execution, -O3 -fomit-frame-pointer
FAIL: gcc.c-torture/execute/builtin-prefetch-1.c execution, -O3 -g
FAIL: gcc.c-torture/execute/builtin-prefetch-1.c execution, -Os
FAIL: gcc.c-torture/execute/builtin-prefetch-2.c execution, -O0
FAIL: gcc.c-torture/execute/builtin-prefetch-2.c execution, -O1
FAIL: gcc.c-torture/execute/builtin-prefetch-2.c execution, -O2
FAIL: gcc.c-torture/execute/builtin-prefetch-2.c execution, -O3 -fomit-frame-pointer
FAIL: gcc.c-torture/execute/builtin-prefetch-2.c execution, -O3 -g
FAIL: gcc.c-torture/execute/builtin-prefetch-2.c execution, -Os
FAIL: gcc.c-torture/execute/builtin-prefetch-3.c execution, -O0
FAIL: gcc.c-torture/execute/builtin-prefetch-3.c execution, -O1
FAIL: gcc.c-torture/execute/builtin-prefetch-3.c execution, -O2
FAIL: gcc.c-torture/execute/builtin-prefetch-3.c execution, -O3 -fomit-frame-pointer
FAIL: gcc.c-torture/execute/builtin-prefetch-3.c execution, -O3 -g
FAIL: gcc.c-torture/execute/builtin-prefetch-3.c execution, -Os
FAIL: gcc.c-torture/execute/builtin-prefetch-4.c execution, -O0
FAIL: gcc.c-torture/execute/builtin-prefetch-4.c execution, -O1
FAIL: gcc.c-torture/execute/builtin-prefetch-4.c execution, -O2
FAIL: gcc.c-torture/execute/builtin-prefetch-4.c execution, -O3 -fomit-frame-pointer
FAIL: gcc.c-torture/execute/builtin-prefetch-4.c execution, -O3 -g
FAIL: gcc.c-torture/execute/builtin-prefetch-4.c execution, -Os
FAIL: gcc.c-torture/execute/builtin-prefetch-5.c execution, -O0
FAIL: gcc.c-torture/execute/builtin-prefetch-5.c execution, -O1
FAIL: gcc.c-torture/execute/builtin-prefetch-5.c execution, -O2
FAIL: gcc.c-torture/execute/builtin-prefetch-5.c execution, -O3 -fomit-frame-pointer
FAIL: gcc.c-torture/execute/builtin-prefetch-5.c execution, -O3 -g
FAIL: gcc.c-torture/execute/builtin-prefetch-5.c execution, -Os
FAIL: gcc.c-torture/execute/builtin-prefetch-6.c execution, -O0
FAIL: gcc.c-torture/execute/builtin-prefetch-6.c execution, -O1
FAIL: gcc.c-torture/execute/builtin-prefetch-6.c execution, -O2
FAIL: gcc.c-torture/execute/builtin-prefetch-6.c execution, -O3 -fomit-frame-pointer
FAIL: gcc.c-torture/execute/builtin-prefetch-6.c execution, -O3 -fomit-frame-pointer -funroll-loops
FAIL: gcc.c-torture/execute/builtin-prefetch-6.c execution, -O3 -fomit-frame-pointer -funroll-all-loops -finline-functions
FAIL: gcc.c-torture/execute/builtin-prefetch-6.c execution, -O3 -g
FAIL: gcc.c-torture/execute/builtin-prefetch-6.c execution, -Os
FAIL: gcc.c-torture/execute/loop-2c.c execution, -Os
FAIL: gcc.c-torture/execute/loop-2d.c execution, -Os
FAIL: gcc.c-torture/execute/loop-2e.c execution, -Os
FAIL: gcc.c-torture/execute/loop-3c.c execution, -O2
FAIL: gcc.c-torture/execute/loop-3c.c execution, -O3 -fomit-frame-pointer
FAIL: gcc.c-torture/execute/loop-3c.c execution, -O3 -fomit-frame-pointer -funroll-loops
FAIL: gcc.c-torture/execute/loop-3c.c execution, -O3 -fomit-frame-pointer -funroll-all-loops -finline-functions
FAIL: gcc.c-torture/execute/loop-3c.c execution, -O3 -g
FAIL: gcc.c-torture/execute/loop-3c.c execution, -Os
FAIL: gcc.dg/builtin-prefetch-1.c execution test
FAIL: gcc.dg/c99-intconst-1.c (test for excess errors)
=== gcc Summary ===
# of expected passes 16560
# of unexpected failures 50
# of expected failures 43
# of unsupported tests 29
/home/caligula/cvs/gcc-head/objdir/gcc/xgcc version 3.1 20011218 (experimental)
=== g++ tests ===
Running target unix
FAIL: g++.eh/badalloc1.C Execution test
XPASS: g++.oliva/typename2.C implicit typename - (test for errors, line 26)
XPASS: g++.pt/decl2.C ICE - (test for errors, line 8)
=== g++ Summary ===
# of expected passes 6751
# of unexpected failures 1
# of unexpected successes 2
# of expected failures 97
# of untested testcases 9
/home/caligula/cvs/gcc-head/objdir/gcc/testsuite/../g++ version 3.1 20011218 (experimental)
=== objc tests ===
Running target unix
FAIL: objc/execute/formal_protocol-6.m execution, -O
FAIL: unclaimed-category-1a.o
=== objc Summary ===
# of expected passes 216
# of unexpected failures 2
/home/caligula/cvs/gcc-head/objdir/gcc/xgcc version 3.1 20011218 (experimental)
=== libjava tests ===
Running target unix
FAIL: calls.c compilation
FAIL: field.c compilation
FAIL: final_method.c compilation
FAIL: findclass.c compilation
FAIL: invoke.c compilation
FAIL: martin.c compilation
FAIL: noclass.c compilation
FAIL: overload.c compilation
FAIL: register.c compilation
FAIL: simple_int.c compilation
FAIL: throwit.c compilation
FAIL: virtual.c compilation
FAIL: cxxtest.c compilation
FAIL: PR160 -O output from bytecode->native test
FAIL: Primes output from source compiled test
FAIL: Primes output from bytecode->native test
FAIL: Primes -O output from source compiled test
FAIL: Primes -O output from bytecode->native test
XPASS: stringconst output from bytecode->native test
XPASS: stringconst -O output from bytecode->native test
FAIL: PR5057 output from bytecode->native test
FAIL: PR5057 -O output from bytecode->native test
FAIL: PR5057_2 output from bytecode->native test
FAIL: PR5057_2 -O output from bytecode->native test
=== libjava Summary ===
# of expected passes 1887
# of unexpected failures 22
# of unexpected successes 2
# of expected failures 12
# of untested testcases 16
=== libstdc++-v3 tests ===
Running target unix
XPASS: 22_locale/ctype_members_char.cc execution test
XPASS: 22_locale/members.cc execution test
XPASS: 22_locale/messages_byname.cc execution test
XPASS: 22_locale/messages_members_char.cc execution test
XPASS: 22_locale/money_get_members_char.cc execution test
XPASS: 22_locale/money_get_members_wchar_t.cc execution test
XPASS: 22_locale/money_put_members_char.cc execution test
XPASS: 22_locale/money_put_members_wchar_t.cc execution test
XPASS: 22_locale/moneypunct_byname.cc execution test
XPASS: 22_locale/moneypunct_members_char.cc execution test
XPASS: 22_locale/moneypunct_members_wchar_t.cc execution test
XPASS: 22_locale/num_get_members_char.cc execution test
XPASS: 22_locale/num_get_members_wchar_t.cc execution test
XPASS: 22_locale/num_put_members_char.cc execution test
XPASS: 22_locale/num_put_members_wchar_t.cc execution test
XPASS: 22_locale/numpunct_byname.cc execution test
XPASS: 22_locale/numpunct_members_char.cc execution test
XPASS: 22_locale/numpunct_members_wchar_t.cc execution test
XPASS: 22_locale/time_get_members_char.cc execution test
XPASS: 22_locale/time_get_members_wchar_t.cc execution test
XPASS: 22_locale/time_put_members_char.cc execution test
=== libstdc++-v3 Summary ===
# of expected passes 332
# of unexpected successes 21
# of expected failures 8
Compiler version: 3.1 20011218 (experimental)
Platform: i586-redhat-linux-gnu
configure flags: --prefix=/opt/k6/gcc-head --host=k6-redhat-linux-gnu --target=k6-redhat-linux-gnu --enable-languages=c,c++,objc,f77,java --enable-threads=posix
More information about the Gcc-testresults
mailing list