Results for 3.1 20011216 (experimental) testsuite on hppa64-hp-hpux11.00
John David Anglin
dave@hiauly2.hia.nrc.ca
Tue Dec 18 09:19:00 GMT 2001
LAST_UPDATED: Mon Dec 17 01:25:09 UTC 2001
Native configuration is hppa64-hp-hpux11.00
=== g++ tests ===
Running target unix
FAIL: g++.dg/eh/dtor1.C execution test
FAIL: g++.dg/eh/filter1.C execution test
FAIL: g++.dg/eh/filter2.C execution test
FAIL: g++.dg/eh/omit-frame-pointer.C execution test
FAIL: g++.dg/eh/registers1.C execution test
FAIL: g++.dg/eh/template1.C execution test
FAIL: g++.dg/ext/instantiate1.C suppressing A<int> (test for errors, line )
FAIL: g++.dg/init/init-ref2.C execution test
FAIL: g++.dg/special/conpr-1.C execution test
FAIL: g++.dg/special/conpr-2.C execution test
FAIL: g++.dg/special/conpr-3.C execution test
FAIL: g++.dg/special/conpr-3.C execution test
FAIL: g++.dg/special/initp1.C execution test
FAIL: g++.abi/cxa_vec.C Execution test
FAIL: g++.brendan/eh1.C Execution test
FAIL: g++.brendan/new3.C Execution test
FAIL: g++.eh/badalloc1.C Execution test
FAIL: g++.eh/catch11.C Execution test
FAIL: g++.eh/catch12.C Execution test
FAIL: g++.eh/catch3.C Execution test
FAIL: g++.eh/catch3p.C Execution test
FAIL: g++.eh/catch4.C Execution test
FAIL: g++.eh/catch4p.C Execution test
FAIL: g++.eh/catch5.C Execution test
FAIL: g++.eh/catch5p.C Execution test
FAIL: g++.eh/catch6.C Execution test
FAIL: g++.eh/catch6p.C Execution test
FAIL: g++.eh/catch7.C Execution test
FAIL: g++.eh/catch7p.C Execution test
FAIL: g++.eh/catch8.C Execution test
FAIL: g++.eh/catch8p.C Execution test
FAIL: g++.eh/catch9.C Execution test
FAIL: g++.eh/catch9p.C Execution test
FAIL: g++.eh/catchptr1.C Execution test
FAIL: g++.eh/cleanup1.C Execution test
FAIL: g++.eh/cleanup2.C Execution test
FAIL: g++.eh/flow1.C Execution test
FAIL: g++.eh/fntry1.C Execution test
FAIL: g++.eh/inline2.C Execution test
FAIL: g++.eh/new1.C Execution test
FAIL: g++.eh/new2.C Execution test
FAIL: g++.eh/pdel1.C Execution test
FAIL: g++.eh/pdel2.C Execution test
FAIL: g++.eh/ptr1.C Execution test
FAIL: g++.eh/ptrmem1.C Execution test
FAIL: g++.eh/rethrow1.C Execution test
FAIL: g++.eh/rethrow2.C Execution test
FAIL: g++.eh/rethrow3.C Execution test
FAIL: g++.eh/rethrow4.C Execution test
FAIL: g++.eh/rethrow5.C Execution test
FAIL: g++.eh/rethrow6.C Execution test
FAIL: g++.eh/spec1.C Execution test
FAIL: g++.eh/spec2.C Execution test
FAIL: g++.eh/spec3.C Execution test
FAIL: g++.eh/spec4.C Execution test
FAIL: g++.eh/tmpl1.C Execution test
FAIL: g++.eh/unwind1.C Execution test
FAIL: g++.eh/vbase1.C Execution test
FAIL: g++.eh/vbase2.C Execution test
FAIL: g++.eh/vbase4.C Execution test
FAIL: g++.ext/attrib5.C (test for excess errors)
FAIL: g++.ext/attrib5.C Execution test
XPASS: g++.ext/instantiate2.C not instantiated (test for errors, line 19)
XPASS: g++.ext/instantiate3.C not instantiated (test for errors, line 13)
FAIL: g++.law/profile1.C (test for excess errors)
FAIL: g++.martin/new1.C Execution test
FAIL: g++.mike/dyncast1.C Execution test
FAIL: g++.mike/dyncast2.C Execution test
FAIL: g++.mike/eh10.C Execution test
FAIL: g++.mike/eh12.C Execution test
FAIL: g++.mike/eh14.C Execution test
FAIL: g++.mike/eh16.C Execution test
FAIL: g++.mike/eh17.C Execution test
FAIL: g++.mike/eh18.C Execution test
FAIL: g++.mike/eh2.C Execution test
FAIL: g++.mike/eh21.C Execution test
FAIL: g++.mike/eh23.C Execution test
FAIL: g++.mike/eh24.C Execution test
FAIL: g++.mike/eh25.C Execution test
FAIL: g++.mike/eh26.C Execution test
FAIL: g++.mike/eh27.C Execution test
FAIL: g++.mike/eh28.C Execution test
FAIL: g++.mike/eh29.C Execution test
FAIL: g++.mike/eh3.C Execution test
FAIL: g++.mike/eh31.C Execution test
XPASS: g++.mike/eh33.C (test for excess errors)
FAIL: g++.mike/eh34.C Execution test
FAIL: g++.mike/eh35.C Execution test
FAIL: g++.mike/eh36.C Execution test
FAIL: g++.mike/eh37.C Execution test
FAIL: g++.mike/eh38.C Execution test
FAIL: g++.mike/eh39.C Execution test
FAIL: g++.mike/eh40.C Execution test
FAIL: g++.mike/eh41.C Execution test
FAIL: g++.mike/eh42.C Execution test
FAIL: g++.mike/eh44.C Execution test
FAIL: g++.mike/eh47.C Execution test
FAIL: g++.mike/eh48.C Execution test
FAIL: g++.mike/eh49.C Execution test
FAIL: g++.mike/eh5.C Execution test
XPASS: g++.mike/eh50.C (test for excess errors)
FAIL: g++.mike/eh51.C Execution test
FAIL: g++.mike/eh55.C Execution test
FAIL: g++.mike/eh6.C Execution test
FAIL: g++.mike/eh8.C Execution test
FAIL: g++.mike/p7912.C Execution test
FAIL: g++.mike/p9706.C Execution test
FAIL: g++.oliva/delete3.C Execution test
FAIL: g++.oliva/new1.C Execution test
XPASS: g++.oliva/typename2.C implicit typename - (test for errors, line 26)
FAIL: g++.other/array1.C Execution test
FAIL: g++.other/eh3.C Execution test
FAIL: g++.other/init7.C Execution test
FAIL: g++.other/new7.C Execution test
FAIL: g++.other/singleton.C Execution test
FAIL: g++.other/vbase2.C Execution test
XPASS: g++.pt/decl2.C ICE - (test for errors, line 8)
FAIL: g++.pt/fntry1.C Execution test
XPASS: g++.pt/static3.C (test for excess errors)
XPASS: g++.pt/static3.C Execution test
XPASS: g++.pt/static6.C (test for excess errors)
FAIL: g++.robertl/eb31.C Execution test
FAIL: g++.robertl/eb50.C Execution test
FAIL: g++.robertl/eb66.C Execution test
FAIL: g++.robertl/eb88.C Execution test
FAIL: g++.robertl/eh990323-1.C Execution test
FAIL: g++.robertl/eh990323-2.C Execution test
FAIL: g++.robertl/eh990323-3.C Execution test
FAIL: g++.robertl/eh990323-4.C Execution test
FAIL: g++.robertl/eh990323-5.C Execution test
FAIL: g++.robertl/ice990323-2.C Execution test
=== g++ Summary ===
# of expected passes 6601
# of unexpected failures 122
# of unexpected successes 9
# of expected failures 100
# of untested testcases 21
# of unsupported tests 1
/xxx/gnu/gcc-3.1/objdir/gcc/testsuite/../g++ version 3.1 20011216 (experimental)
=== g77 tests ===
Running target unix
FAIL: g77.dg/bprob/bprob-1.f execution, -g -fprofile-arcs
FAIL: g77.dg/bprob/bprob-1.f execution, -O0 -fprofile-arcs
FAIL: g77.dg/bprob/bprob-1.f execution, -O1 -fprofile-arcs
FAIL: g77.dg/bprob/bprob-1.f execution, -O2 -fprofile-arcs
FAIL: g77.dg/bprob/bprob-1.f execution, -O3 -fprofile-arcs
FAIL: g77.dg/bprob/bprob-1.f execution, -O3 -g -fprofile-arcs
FAIL: g77.dg/bprob/bprob-1.f execution, -Os -fprofile-arcs
FAIL: g77.dg/fbackslash.f execution test
FAIL: g77.dg/fbackslash.f execution test
FAIL: g77.dg/fbackslash.f execution test
FAIL: g77.dg/fbackslash.f execution test
FAIL: g77.dg/fbackslash.f execution test
FAIL: g77.dg/fbackslash.f execution test
FAIL: g77.dg/fcase-preserve.f execution test
FAIL: g77.dg/fcase-preserve.f execution test
FAIL: g77.dg/fcase-preserve.f execution test
FAIL: g77.dg/fcase-preserve.f execution test
FAIL: g77.dg/fcase-preserve.f execution test
FAIL: g77.dg/fcase-preserve.f execution test
FAIL: g77.dg/ff90-1.f execution test
FAIL: g77.dg/ff90-1.f execution test
FAIL: g77.dg/ff90-1.f execution test
FAIL: g77.dg/ff90-1.f execution test
FAIL: g77.dg/ff90-1.f execution test
FAIL: g77.dg/ff90-1.f execution test
FAIL: g77.dg/fno-backslash.f execution test
FAIL: g77.dg/fno-backslash.f execution test
FAIL: g77.dg/fno-backslash.f execution test
FAIL: g77.dg/fno-backslash.f execution test
FAIL: g77.dg/fno-backslash.f execution test
FAIL: g77.dg/fno-backslash.f execution test
FAIL: g77.dg/fno-f90-1.f execution test
FAIL: g77.dg/fno-f90-1.f execution test
FAIL: g77.dg/fno-f90-1.f execution test
FAIL: g77.dg/fno-f90-1.f execution test
FAIL: g77.dg/fno-f90-1.f execution test
FAIL: g77.dg/fno-f90-1.f execution test
FAIL: g77.dg/fno-onetrip.f execution test
FAIL: g77.dg/fno-onetrip.f execution test
FAIL: g77.dg/fno-onetrip.f execution test
FAIL: g77.dg/fno-onetrip.f execution test
FAIL: g77.dg/fno-onetrip.f execution test
FAIL: g77.dg/fno-onetrip.f execution test
FAIL: g77.dg/fno-onetrip.f execution test
FAIL: g77.dg/fno-onetrip.f execution test
FAIL: g77.dg/fno-typeless-boz.f execution test
FAIL: g77.dg/fno-typeless-boz.f execution test
FAIL: g77.dg/fno-typeless-boz.f execution test
FAIL: g77.dg/fno-typeless-boz.f execution test
FAIL: g77.dg/fno-typeless-boz.f execution test
FAIL: g77.dg/fno-typeless-boz.f execution test
FAIL: g77.dg/fno-vxt-1.f execution test
FAIL: g77.dg/fno-vxt-1.f execution test
FAIL: g77.dg/fno-vxt-1.f execution test
FAIL: g77.dg/fno-vxt-1.f execution test
FAIL: g77.dg/fno-vxt-1.f execution test
FAIL: g77.dg/fno-vxt-1.f execution test
FAIL: g77.dg/fonetrip.f execution test
FAIL: g77.dg/fonetrip.f execution test
FAIL: g77.dg/fonetrip.f execution test
FAIL: g77.dg/fonetrip.f execution test
FAIL: g77.dg/fonetrip.f execution test
FAIL: g77.dg/fonetrip.f execution test
FAIL: g77.dg/fonetrip.f execution test
FAIL: g77.dg/fonetrip.f execution test
FAIL: g77.dg/ftypeless-boz.f execution test
FAIL: g77.dg/ftypeless-boz.f execution test
FAIL: g77.dg/ftypeless-boz.f execution test
FAIL: g77.dg/ftypeless-boz.f execution test
FAIL: g77.dg/ftypeless-boz.f execution test
FAIL: g77.dg/ftypeless-boz.f execution test
FAIL: g77.dg/fvxt-1.f execution test
FAIL: g77.dg/fvxt-1.f execution test
FAIL: g77.dg/fvxt-1.f execution test
FAIL: g77.dg/fvxt-1.f execution test
FAIL: g77.dg/fvxt-1.f execution test
FAIL: g77.dg/fvxt-1.f execution test
FAIL: g77.dg/strlen0.f execution test
FAIL: g77.dg/strlen0.f execution test
FAIL: g77.dg/strlen0.f execution test
FAIL: g77.dg/strlen0.f execution test
FAIL: g77.dg/strlen0.f execution test
FAIL: g77.dg/strlen0.f execution test
FAIL: g77.dg/gcov/gcov-1.f execution test
FAIL: g77.dg/gcov/gcov-1.f gcov: 126 failures in line counts, 32 in branch percentages, 24 in return percentages
FAIL: g77.f-torture/execute/19981119-0.f execution, -O0
FAIL: g77.f-torture/execute/19981119-0.f execution, -O1
FAIL: g77.f-torture/execute/19981119-0.f execution, -O2
FAIL: g77.f-torture/execute/19981119-0.f execution, -O3 -fomit-frame-pointer
FAIL: g77.f-torture/execute/19981119-0.f execution, -O3 -g
FAIL: g77.f-torture/execute/19981119-0.f execution, -Os
FAIL: g77.f-torture/execute/19990313-0.f execution, -O0
FAIL: g77.f-torture/execute/19990313-0.f execution, -O1
FAIL: g77.f-torture/execute/19990313-0.f execution, -O2
FAIL: g77.f-torture/execute/19990313-0.f execution, -O3 -fomit-frame-pointer
FAIL: g77.f-torture/execute/19990313-0.f execution, -O3 -g
FAIL: g77.f-torture/execute/19990313-0.f execution, -Os
FAIL: g77.f-torture/execute/19990313-1.f execution, -O0
FAIL: g77.f-torture/execute/19990313-1.f execution, -O1
FAIL: g77.f-torture/execute/19990313-1.f execution, -O2
FAIL: g77.f-torture/execute/19990313-1.f execution, -O3 -fomit-frame-pointer
FAIL: g77.f-torture/execute/19990313-1.f execution, -O3 -g
FAIL: g77.f-torture/execute/19990313-1.f execution, -Os
FAIL: g77.f-torture/execute/19990313-2.f execution, -O0
FAIL: g77.f-torture/execute/19990313-2.f execution, -O1
FAIL: g77.f-torture/execute/19990313-2.f execution, -O2
FAIL: g77.f-torture/execute/19990313-2.f execution, -O3 -fomit-frame-pointer
FAIL: g77.f-torture/execute/19990313-2.f execution, -O3 -g
FAIL: g77.f-torture/execute/19990313-2.f execution, -Os
FAIL: g77.f-torture/execute/19990313-3.f execution, -O0
FAIL: g77.f-torture/execute/19990313-3.f execution, -O1
FAIL: g77.f-torture/execute/19990313-3.f execution, -O2
FAIL: g77.f-torture/execute/19990313-3.f execution, -O3 -fomit-frame-pointer
FAIL: g77.f-torture/execute/19990313-3.f execution, -O3 -g
FAIL: g77.f-torture/execute/19990313-3.f execution, -Os
FAIL: g77.f-torture/execute/19990325-0.f execution, -O0
FAIL: g77.f-torture/execute/19990325-0.f execution, -O1
FAIL: g77.f-torture/execute/19990325-0.f execution, -O2
FAIL: g77.f-torture/execute/19990325-0.f execution, -O3 -fomit-frame-pointer
FAIL: g77.f-torture/execute/19990325-0.f execution, -O3 -g
FAIL: g77.f-torture/execute/19990325-0.f execution, -Os
FAIL: g77.f-torture/execute/19990325-1.f execution, -O0
FAIL: g77.f-torture/execute/19990325-1.f execution, -O1
FAIL: g77.f-torture/execute/19990325-1.f execution, -O2
FAIL: g77.f-torture/execute/19990325-1.f execution, -O3 -fomit-frame-pointer
FAIL: g77.f-torture/execute/19990325-1.f execution, -O3 -g
FAIL: g77.f-torture/execute/19990325-1.f execution, -Os
FAIL: g77.f-torture/execute/19990419-1.f execution, -O0
FAIL: g77.f-torture/execute/19990419-1.f execution, -O1
FAIL: g77.f-torture/execute/19990419-1.f execution, -O2
FAIL: g77.f-torture/execute/19990419-1.f execution, -O3 -fomit-frame-pointer
FAIL: g77.f-torture/execute/19990419-1.f execution, -O3 -fomit-frame-pointer -funroll-loops
FAIL: g77.f-torture/execute/19990419-1.f execution, -O3 -fomit-frame-pointer -funroll-all-loops -finline-functions
FAIL: g77.f-torture/execute/19990419-1.f execution, -O3 -g
FAIL: g77.f-torture/execute/19990419-1.f execution, -Os
FAIL: g77.f-torture/execute/19990826-0.f execution, -O0
FAIL: g77.f-torture/execute/19990826-0.f execution, -O1
FAIL: g77.f-torture/execute/19990826-0.f execution, -O2
FAIL: g77.f-torture/execute/19990826-0.f execution, -O3 -fomit-frame-pointer
FAIL: g77.f-torture/execute/19990826-0.f execution, -O3 -g
FAIL: g77.f-torture/execute/19990826-0.f execution, -Os
FAIL: g77.f-torture/execute/19990826-2.f execution, -O0
FAIL: g77.f-torture/execute/19990826-2.f execution, -O1
FAIL: g77.f-torture/execute/19990826-2.f execution, -O2
FAIL: g77.f-torture/execute/19990826-2.f execution, -O3 -fomit-frame-pointer
FAIL: g77.f-torture/execute/19990826-2.f execution, -O3 -g
FAIL: g77.f-torture/execute/19990826-2.f execution, -Os
FAIL: g77.f-torture/execute/20000503-1.f execution, -O0
FAIL: g77.f-torture/execute/20000503-1.f execution, -O1
FAIL: g77.f-torture/execute/20000503-1.f execution, -O2
FAIL: g77.f-torture/execute/20000503-1.f execution, -O3 -fomit-frame-pointer
FAIL: g77.f-torture/execute/20000503-1.f execution, -O3 -fomit-frame-pointer -funroll-loops
FAIL: g77.f-torture/execute/20000503-1.f execution, -O3 -fomit-frame-pointer -funroll-all-loops -finline-functions
FAIL: g77.f-torture/execute/20000503-1.f execution, -O3 -g
FAIL: g77.f-torture/execute/20000503-1.f execution, -Os
FAIL: g77.f-torture/execute/20001111.f execution, -O0
FAIL: g77.f-torture/execute/20001111.f execution, -O1
FAIL: g77.f-torture/execute/20001111.f execution, -O2
FAIL: g77.f-torture/execute/20001111.f execution, -O3 -fomit-frame-pointer
FAIL: g77.f-torture/execute/20001111.f execution, -O3 -fomit-frame-pointer -funroll-loops
FAIL: g77.f-torture/execute/20001111.f execution, -O3 -fomit-frame-pointer -funroll-all-loops -finline-functions
FAIL: g77.f-torture/execute/20001111.f execution, -O3 -g
FAIL: g77.f-torture/execute/20001111.f execution, -Os
FAIL: g77.f-torture/execute/20001201.f execution, -O0
FAIL: g77.f-torture/execute/20001201.f execution, -O1
FAIL: g77.f-torture/execute/20001201.f execution, -O2
FAIL: g77.f-torture/execute/20001201.f execution, -O3 -fomit-frame-pointer
FAIL: g77.f-torture/execute/20001201.f execution, -O3 -g
FAIL: g77.f-torture/execute/20001201.f execution, -Os
FAIL: g77.f-torture/execute/20010116.f execution, -O0
FAIL: g77.f-torture/execute/20010116.f execution, -O1
FAIL: g77.f-torture/execute/20010116.f execution, -O2
FAIL: g77.f-torture/execute/20010116.f execution, -O3 -fomit-frame-pointer
FAIL: g77.f-torture/execute/20010116.f execution, -O3 -fomit-frame-pointer -funroll-loops
FAIL: g77.f-torture/execute/20010116.f execution, -O3 -fomit-frame-pointer -funroll-all-loops -finline-functions
FAIL: g77.f-torture/execute/20010116.f execution, -O3 -g
FAIL: g77.f-torture/execute/20010116.f execution, -Os
FAIL: g77.f-torture/execute/20010426.f execution, -O0
FAIL: g77.f-torture/execute/20010426.f execution, -O1
FAIL: g77.f-torture/execute/20010426.f execution, -O2
FAIL: g77.f-torture/execute/20010426.f execution, -O3 -fomit-frame-pointer
FAIL: g77.f-torture/execute/20010426.f execution, -O3 -g
FAIL: g77.f-torture/execute/20010426.f execution, -Os
FAIL: g77.f-torture/execute/20010430.f execution, -O0
FAIL: g77.f-torture/execute/20010430.f execution, -O1
FAIL: g77.f-torture/execute/20010430.f execution, -O2
FAIL: g77.f-torture/execute/20010430.f execution, -O3 -fomit-frame-pointer
FAIL: g77.f-torture/execute/20010430.f execution, -O3 -fomit-frame-pointer -funroll-loops
FAIL: g77.f-torture/execute/20010430.f execution, -O3 -fomit-frame-pointer -funroll-all-loops -finline-functions
FAIL: g77.f-torture/execute/20010430.f execution, -O3 -g
FAIL: g77.f-torture/execute/20010430.f execution, -Os
FAIL: g77.f-torture/execute/20010610.f execution, -O0
FAIL: g77.f-torture/execute/20010610.f execution, -O1
FAIL: g77.f-torture/execute/20010610.f execution, -O2
FAIL: g77.f-torture/execute/20010610.f execution, -O3 -fomit-frame-pointer
FAIL: g77.f-torture/execute/20010610.f execution, -O3 -fomit-frame-pointer -funroll-loops
FAIL: g77.f-torture/execute/20010610.f execution, -O3 -fomit-frame-pointer -funroll-all-loops -finline-functions
FAIL: g77.f-torture/execute/20010610.f execution, -O3 -g
FAIL: g77.f-torture/execute/20010610.f execution, -Os
FAIL: g77.f-torture/execute/970625-2.f execution, -O0
FAIL: g77.f-torture/execute/970625-2.f execution, -O1
FAIL: g77.f-torture/execute/970625-2.f execution, -O2
FAIL: g77.f-torture/execute/970625-2.f execution, -O3 -fomit-frame-pointer
FAIL: g77.f-torture/execute/970625-2.f execution, -O3 -fomit-frame-pointer -funroll-loops
FAIL: g77.f-torture/execute/970625-2.f execution, -O3 -fomit-frame-pointer -funroll-all-loops -finline-functions
FAIL: g77.f-torture/execute/970625-2.f execution, -O3 -g
FAIL: g77.f-torture/execute/970625-2.f execution, -Os
FAIL: g77.f-torture/execute/970816-3.f execution, -O0
FAIL: g77.f-torture/execute/970816-3.f execution, -O1
FAIL: g77.f-torture/execute/970816-3.f execution, -O2
FAIL: g77.f-torture/execute/970816-3.f execution, -O3 -fomit-frame-pointer
FAIL: g77.f-torture/execute/970816-3.f execution, -O3 -g
FAIL: g77.f-torture/execute/970816-3.f execution, -Os
FAIL: g77.f-torture/execute/971102-1.f execution, -O0
FAIL: g77.f-torture/execute/971102-1.f execution, -O1
FAIL: g77.f-torture/execute/971102-1.f execution, -O2
FAIL: g77.f-torture/execute/971102-1.f execution, -O3 -fomit-frame-pointer
FAIL: g77.f-torture/execute/971102-1.f execution, -O3 -fomit-frame-pointer -funroll-loops
FAIL: g77.f-torture/execute/971102-1.f execution, -O3 -fomit-frame-pointer -funroll-all-loops -finline-functions
FAIL: g77.f-torture/execute/971102-1.f execution, -O3 -g
FAIL: g77.f-torture/execute/971102-1.f execution, -Os
FAIL: g77.f-torture/execute/980520-1.f execution, -O0
FAIL: g77.f-torture/execute/980520-1.f execution, -O1
FAIL: g77.f-torture/execute/980520-1.f execution, -O2
FAIL: g77.f-torture/execute/980520-1.f execution, -O3 -fomit-frame-pointer
FAIL: g77.f-torture/execute/980520-1.f execution, -O3 -g
FAIL: g77.f-torture/execute/980520-1.f execution, -Os
FAIL: g77.f-torture/execute/980628-0.f execution, -O0
FAIL: g77.f-torture/execute/980628-0.f execution, -O1
FAIL: g77.f-torture/execute/980628-0.f execution, -O2
FAIL: g77.f-torture/execute/980628-0.f execution, -O3 -fomit-frame-pointer
FAIL: g77.f-torture/execute/980628-0.f execution, -O3 -g
FAIL: g77.f-torture/execute/980628-0.f execution, -Os
FAIL: g77.f-torture/execute/980628-1.f execution, -O0
FAIL: g77.f-torture/execute/980628-1.f execution, -O1
FAIL: g77.f-torture/execute/980628-1.f execution, -O2
FAIL: g77.f-torture/execute/980628-1.f execution, -O3 -fomit-frame-pointer
FAIL: g77.f-torture/execute/980628-1.f execution, -O3 -g
FAIL: g77.f-torture/execute/980628-1.f execution, -Os
FAIL: g77.f-torture/execute/980628-10.f execution, -O0
FAIL: g77.f-torture/execute/980628-10.f execution, -O1
FAIL: g77.f-torture/execute/980628-10.f execution, -O2
FAIL: g77.f-torture/execute/980628-10.f execution, -O3 -fomit-frame-pointer
FAIL: g77.f-torture/execute/980628-10.f execution, -O3 -g
FAIL: g77.f-torture/execute/980628-10.f execution, -Os
FAIL: g77.f-torture/execute/980628-2.f execution, -O0
FAIL: g77.f-torture/execute/980628-2.f execution, -O1
FAIL: g77.f-torture/execute/980628-2.f execution, -O2
FAIL: g77.f-torture/execute/980628-2.f execution, -O3 -fomit-frame-pointer
FAIL: g77.f-torture/execute/980628-2.f execution, -O3 -g
FAIL: g77.f-torture/execute/980628-2.f execution, -Os
FAIL: g77.f-torture/execute/980628-3.f execution, -O0
FAIL: g77.f-torture/execute/980628-3.f execution, -O1
FAIL: g77.f-torture/execute/980628-3.f execution, -O2
FAIL: g77.f-torture/execute/980628-3.f execution, -O3 -fomit-frame-pointer
FAIL: g77.f-torture/execute/980628-3.f execution, -O3 -g
FAIL: g77.f-torture/execute/980628-3.f execution, -Os
FAIL: g77.f-torture/execute/980628-4.f execution, -O0
FAIL: g77.f-torture/execute/980628-4.f execution, -O1
FAIL: g77.f-torture/execute/980628-4.f execution, -O2
FAIL: g77.f-torture/execute/980628-4.f execution, -O3 -fomit-frame-pointer
FAIL: g77.f-torture/execute/980628-4.f execution, -O3 -g
FAIL: g77.f-torture/execute/980628-4.f execution, -Os
FAIL: g77.f-torture/execute/980628-5.f execution, -O0
FAIL: g77.f-torture/execute/980628-5.f execution, -O1
FAIL: g77.f-torture/execute/980628-5.f execution, -O2
FAIL: g77.f-torture/execute/980628-5.f execution, -O3 -fomit-frame-pointer
FAIL: g77.f-torture/execute/980628-5.f execution, -O3 -g
FAIL: g77.f-torture/execute/980628-5.f execution, -Os
FAIL: g77.f-torture/execute/980628-6.f execution, -O0
FAIL: g77.f-torture/execute/980628-6.f execution, -O1
FAIL: g77.f-torture/execute/980628-6.f execution, -O2
FAIL: g77.f-torture/execute/980628-6.f execution, -O3 -fomit-frame-pointer
FAIL: g77.f-torture/execute/980628-6.f execution, -O3 -g
FAIL: g77.f-torture/execute/980628-6.f execution, -Os
FAIL: g77.f-torture/execute/980628-7.f execution, -O0
FAIL: g77.f-torture/execute/980628-7.f execution, -O1
FAIL: g77.f-torture/execute/980628-7.f execution, -O2
FAIL: g77.f-torture/execute/980628-7.f execution, -O3 -fomit-frame-pointer
FAIL: g77.f-torture/execute/980628-7.f execution, -O3 -g
FAIL: g77.f-torture/execute/980628-7.f execution, -Os
FAIL: g77.f-torture/execute/980628-8.f execution, -O0
FAIL: g77.f-torture/execute/980628-8.f execution, -O1
FAIL: g77.f-torture/execute/980628-8.f execution, -O2
FAIL: g77.f-torture/execute/980628-8.f execution, -O3 -fomit-frame-pointer
FAIL: g77.f-torture/execute/980628-8.f execution, -O3 -g
FAIL: g77.f-torture/execute/980628-8.f execution, -Os
FAIL: g77.f-torture/execute/980628-9.f execution, -O0
FAIL: g77.f-torture/execute/980628-9.f execution, -O1
FAIL: g77.f-torture/execute/980628-9.f execution, -O2
FAIL: g77.f-torture/execute/980628-9.f execution, -O3 -fomit-frame-pointer
FAIL: g77.f-torture/execute/980628-9.f execution, -O3 -g
FAIL: g77.f-torture/execute/980628-9.f execution, -Os
FAIL: g77.f-torture/execute/980701-0.f execution, -O0
FAIL: g77.f-torture/execute/980701-0.f execution, -O1
FAIL: g77.f-torture/execute/980701-0.f execution, -O2
FAIL: g77.f-torture/execute/980701-0.f execution, -O3 -fomit-frame-pointer
FAIL: g77.f-torture/execute/980701-0.f execution, -O3 -g
FAIL: g77.f-torture/execute/980701-0.f execution, -Os
FAIL: g77.f-torture/execute/980701-1.f execution, -O0
FAIL: g77.f-torture/execute/980701-1.f execution, -O1
FAIL: g77.f-torture/execute/980701-1.f execution, -O2
FAIL: g77.f-torture/execute/980701-1.f execution, -O3 -fomit-frame-pointer
FAIL: g77.f-torture/execute/980701-1.f execution, -O3 -g
FAIL: g77.f-torture/execute/980701-1.f execution, -Os
FAIL: g77.f-torture/execute/alpha2.f execution, -O0
FAIL: g77.f-torture/execute/alpha2.f execution, -O1
FAIL: g77.f-torture/execute/alpha2.f execution, -O2
FAIL: g77.f-torture/execute/alpha2.f execution, -O3 -fomit-frame-pointer
FAIL: g77.f-torture/execute/alpha2.f execution, -O3 -g
FAIL: g77.f-torture/execute/alpha2.f execution, -Os
FAIL: g77.f-torture/execute/auto0.f execution, -O0
FAIL: g77.f-torture/execute/auto0.f execution, -O1
FAIL: g77.f-torture/execute/auto0.f execution, -O2
FAIL: g77.f-torture/execute/auto0.f execution, -O3 -fomit-frame-pointer
FAIL: g77.f-torture/execute/auto0.f execution, -O3 -fomit-frame-pointer -funroll-loops
FAIL: g77.f-torture/execute/auto0.f execution, -O3 -fomit-frame-pointer -funroll-all-loops -finline-functions
FAIL: g77.f-torture/execute/auto0.f execution, -O3 -g
FAIL: g77.f-torture/execute/auto0.f execution, -Os
FAIL: g77.f-torture/execute/auto1.f execution, -O0
FAIL: g77.f-torture/execute/auto1.f execution, -O1
FAIL: g77.f-torture/execute/auto1.f execution, -O2
FAIL: g77.f-torture/execute/auto1.f execution, -O3 -fomit-frame-pointer
FAIL: g77.f-torture/execute/auto1.f execution, -O3 -fomit-frame-pointer -funroll-loops
FAIL: g77.f-torture/execute/auto1.f execution, -O3 -fomit-frame-pointer -funroll-all-loops -finline-functions
FAIL: g77.f-torture/execute/auto1.f execution, -O3 -g
FAIL: g77.f-torture/execute/auto1.f execution, -Os
FAIL: g77.f-torture/execute/cabs.f execution, -O0
FAIL: g77.f-torture/execute/cabs.f execution, -O1
FAIL: g77.f-torture/execute/cabs.f execution, -O2
FAIL: g77.f-torture/execute/cabs.f execution, -O3 -fomit-frame-pointer
FAIL: g77.f-torture/execute/cabs.f execution, -O3 -g
FAIL: g77.f-torture/execute/cabs.f execution, -Os
FAIL: g77.f-torture/execute/claus.f execution, -O0
FAIL: g77.f-torture/execute/claus.f execution, -O1
FAIL: g77.f-torture/execute/claus.f execution, -O2
FAIL: g77.f-torture/execute/claus.f execution, -O3 -fomit-frame-pointer
FAIL: g77.f-torture/execute/claus.f execution, -O3 -fomit-frame-pointer -funroll-loops
FAIL: g77.f-torture/execute/claus.f execution, -O3 -fomit-frame-pointer -funroll-all-loops -finline-functions
FAIL: g77.f-torture/execute/claus.f execution, -O3 -g
FAIL: g77.f-torture/execute/claus.f execution, -Os
FAIL: g77.f-torture/execute/complex_1.f execution, -O0
FAIL: g77.f-torture/execute/complex_1.f execution, -O1
FAIL: g77.f-torture/execute/complex_1.f execution, -O2
FAIL: g77.f-torture/execute/complex_1.f execution, -O3 -fomit-frame-pointer
FAIL: g77.f-torture/execute/complex_1.f execution, -O3 -g
FAIL: g77.f-torture/execute/complex_1.f execution, -Os
FAIL: g77.f-torture/execute/dcomplex.f execution, -O0
FAIL: g77.f-torture/execute/dcomplex.f execution, -O1
FAIL: g77.f-torture/execute/dcomplex.f execution, -O2
FAIL: g77.f-torture/execute/dcomplex.f execution, -O3 -fomit-frame-pointer
FAIL: g77.f-torture/execute/dcomplex.f execution, -O3 -g
FAIL: g77.f-torture/execute/dcomplex.f execution, -Os
FAIL: g77.f-torture/execute/dnrm2.f execution, -O0
FAIL: g77.f-torture/execute/dnrm2.f execution, -O1
FAIL: g77.f-torture/execute/dnrm2.f execution, -O2
FAIL: g77.f-torture/execute/dnrm2.f execution, -O3 -fomit-frame-pointer
FAIL: g77.f-torture/execute/dnrm2.f execution, -O3 -fomit-frame-pointer -funroll-loops
FAIL: g77.f-torture/execute/dnrm2.f execution, -O3 -fomit-frame-pointer -funroll-all-loops -finline-functions
FAIL: g77.f-torture/execute/dnrm2.f execution, -O3 -g
FAIL: g77.f-torture/execute/dnrm2.f execution, -Os
FAIL: g77.f-torture/execute/erfc.f execution, -O0
FAIL: g77.f-torture/execute/erfc.f execution, -O1
FAIL: g77.f-torture/execute/erfc.f execution, -O2
FAIL: g77.f-torture/execute/erfc.f execution, -O3 -fomit-frame-pointer
FAIL: g77.f-torture/execute/erfc.f execution, -O3 -g
FAIL: g77.f-torture/execute/erfc.f execution, -Os
FAIL: g77.f-torture/execute/exp.f execution, -O0
FAIL: g77.f-torture/execute/exp.f execution, -O1
FAIL: g77.f-torture/execute/exp.f execution, -O2
FAIL: g77.f-torture/execute/exp.f execution, -O3 -fomit-frame-pointer
FAIL: g77.f-torture/execute/exp.f execution, -O3 -g
FAIL: g77.f-torture/execute/exp.f execution, -Os
FAIL: g77.f-torture/execute/f90-intrinsic-bit.f execution, -O0
FAIL: g77.f-torture/execute/f90-intrinsic-bit.f execution, -O1
FAIL: g77.f-torture/execute/f90-intrinsic-bit.f execution, -O2
FAIL: g77.f-torture/execute/f90-intrinsic-bit.f execution, -O3 -fomit-frame-pointer
FAIL: g77.f-torture/execute/f90-intrinsic-bit.f execution, -O3 -fomit-frame-pointer -funroll-loops
FAIL: g77.f-torture/execute/f90-intrinsic-bit.f execution, -O3 -fomit-frame-pointer -funroll-all-loops -finline-functions
FAIL: g77.f-torture/execute/f90-intrinsic-bit.f execution, -O3 -g
FAIL: g77.f-torture/execute/f90-intrinsic-bit.f execution, -Os
FAIL: g77.f-torture/execute/f90-intrinsic-mathematical.f execution, -O0
FAIL: g77.f-torture/execute/f90-intrinsic-mathematical.f execution, -O1
FAIL: g77.f-torture/execute/f90-intrinsic-mathematical.f execution, -O2
FAIL: g77.f-torture/execute/f90-intrinsic-mathematical.f execution, -O3 -fomit-frame-pointer
FAIL: g77.f-torture/execute/f90-intrinsic-mathematical.f execution, -O3 -g
FAIL: g77.f-torture/execute/f90-intrinsic-mathematical.f execution, -Os
FAIL: g77.f-torture/execute/f90-intrinsic-numeric.f execution, -O0
FAIL: g77.f-torture/execute/f90-intrinsic-numeric.f execution, -O1
FAIL: g77.f-torture/execute/f90-intrinsic-numeric.f execution, -O2
FAIL: g77.f-torture/execute/f90-intrinsic-numeric.f execution, -O3 -fomit-frame-pointer
FAIL: g77.f-torture/execute/f90-intrinsic-numeric.f execution, -O3 -g
FAIL: g77.f-torture/execute/f90-intrinsic-numeric.f execution, -Os
FAIL: g77.f-torture/execute/intrinsic-f2c-z.f execution, -O0
FAIL: g77.f-torture/execute/intrinsic-f2c-z.f execution, -O1
FAIL: g77.f-torture/execute/intrinsic-f2c-z.f execution, -O2
FAIL: g77.f-torture/execute/intrinsic-f2c-z.f execution, -O3 -fomit-frame-pointer
FAIL: g77.f-torture/execute/intrinsic-f2c-z.f execution, -O3 -g
FAIL: g77.f-torture/execute/intrinsic-f2c-z.f execution, -Os
FAIL: g77.f-torture/execute/intrinsic-unix-bessel.f execution, -O0
FAIL: g77.f-torture/execute/intrinsic-unix-bessel.f execution, -O1
FAIL: g77.f-torture/execute/intrinsic-unix-bessel.f execution, -O2
FAIL: g77.f-torture/execute/intrinsic-unix-bessel.f execution, -O3 -fomit-frame-pointer
FAIL: g77.f-torture/execute/intrinsic-unix-bessel.f execution, -O3 -g
FAIL: g77.f-torture/execute/intrinsic-unix-bessel.f execution, -Os
FAIL: g77.f-torture/execute/intrinsic-unix-erf.f execution, -O0
FAIL: g77.f-torture/execute/intrinsic-unix-erf.f execution, -O1
FAIL: g77.f-torture/execute/intrinsic-unix-erf.f execution, -O2
FAIL: g77.f-torture/execute/intrinsic-unix-erf.f execution, -O3 -fomit-frame-pointer
FAIL: g77.f-torture/execute/intrinsic-unix-erf.f execution, -O3 -g
FAIL: g77.f-torture/execute/intrinsic-unix-erf.f execution, -Os
FAIL: g77.f-torture/execute/intrinsic-vax-cd.f execution, -O0
FAIL: g77.f-torture/execute/intrinsic-vax-cd.f execution, -O1
FAIL: g77.f-torture/execute/intrinsic-vax-cd.f execution, -O2
FAIL: g77.f-torture/execute/intrinsic-vax-cd.f execution, -O3 -fomit-frame-pointer
FAIL: g77.f-torture/execute/intrinsic-vax-cd.f execution, -O3 -g
FAIL: g77.f-torture/execute/intrinsic-vax-cd.f execution, -Os
FAIL: g77.f-torture/execute/intrinsic77.f execution, -O0
FAIL: g77.f-torture/execute/intrinsic77.f execution, -O1
FAIL: g77.f-torture/execute/intrinsic77.f execution, -O2
FAIL: g77.f-torture/execute/intrinsic77.f execution, -O3 -fomit-frame-pointer
FAIL: g77.f-torture/execute/intrinsic77.f execution, -O3 -g
FAIL: g77.f-torture/execute/intrinsic77.f execution, -Os
FAIL: g77.f-torture/execute/io0.f execution, -O0
FAIL: g77.f-torture/execute/io0.f execution, -O1
FAIL: g77.f-torture/execute/io0.f execution, -O2
FAIL: g77.f-torture/execute/io0.f execution, -O3 -fomit-frame-pointer
FAIL: g77.f-torture/execute/io0.f execution, -O3 -g
FAIL: g77.f-torture/execute/io0.f execution, -Os
FAIL: g77.f-torture/execute/io1.f execution, -O0
FAIL: g77.f-torture/execute/io1.f execution, -O1
FAIL: g77.f-torture/execute/io1.f execution, -O2
FAIL: g77.f-torture/execute/io1.f execution, -O3 -fomit-frame-pointer
FAIL: g77.f-torture/execute/io1.f execution, -O3 -g
FAIL: g77.f-torture/execute/io1.f execution, -Os
FAIL: g77.f-torture/execute/labug1.f execution, -O0
FAIL: g77.f-torture/execute/labug1.f execution, -O1
FAIL: g77.f-torture/execute/labug1.f execution, -O2
FAIL: g77.f-torture/execute/labug1.f execution, -O3 -fomit-frame-pointer
FAIL: g77.f-torture/execute/labug1.f execution, -O3 -fomit-frame-pointer -funroll-loops
FAIL: g77.f-torture/execute/labug1.f execution, -O3 -fomit-frame-pointer -funroll-all-loops -finline-functions
FAIL: g77.f-torture/execute/labug1.f execution, -O3 -g
FAIL: g77.f-torture/execute/labug1.f execution, -Os
FAIL: g77.f-torture/execute/large_vec.f execution, -O0
FAIL: g77.f-torture/execute/large_vec.f execution, -O1
FAIL: g77.f-torture/execute/large_vec.f execution, -O2
FAIL: g77.f-torture/execute/large_vec.f execution, -O3 -fomit-frame-pointer
FAIL: g77.f-torture/execute/large_vec.f execution, -O3 -g
FAIL: g77.f-torture/execute/large_vec.f execution, -Os
FAIL: g77.f-torture/execute/le.f execution, -O0
FAIL: g77.f-torture/execute/le.f execution, -O1
FAIL: g77.f-torture/execute/le.f execution, -O2
FAIL: g77.f-torture/execute/le.f execution, -O3 -fomit-frame-pointer
FAIL: g77.f-torture/execute/le.f execution, -O3 -g
FAIL: g77.f-torture/execute/le.f execution, -Os
FAIL: g77.f-torture/execute/short.f execution, -O0
FAIL: g77.f-torture/execute/short.f execution, -O1
FAIL: g77.f-torture/execute/short.f execution, -O2
FAIL: g77.f-torture/execute/short.f execution, -O3 -fomit-frame-pointer
FAIL: g77.f-torture/execute/short.f execution, -O3 -fomit-frame-pointer -funroll-loops
FAIL: g77.f-torture/execute/short.f execution, -O3 -fomit-frame-pointer -funroll-all-loops -finline-functions
FAIL: g77.f-torture/execute/short.f execution, -O3 -g
FAIL: g77.f-torture/execute/short.f execution, -Os
FAIL: g77.f-torture/execute/u77-test.f execution, -O0
FAIL: g77.f-torture/execute/u77-test.f execution, -O1
FAIL: g77.f-torture/execute/u77-test.f execution, -O2
FAIL: g77.f-torture/execute/u77-test.f execution, -O3 -fomit-frame-pointer
FAIL: g77.f-torture/execute/u77-test.f execution, -O3 -fomit-frame-pointer -funroll-loops
FAIL: g77.f-torture/execute/u77-test.f execution, -O3 -fomit-frame-pointer -funroll-all-loops -finline-functions
FAIL: g77.f-torture/execute/u77-test.f execution, -O3 -g
FAIL: g77.f-torture/execute/u77-test.f execution, -Os
FAIL: g77.f-torture/execute/cpp.F execution, -O0
FAIL: g77.f-torture/execute/cpp.F execution, -O1
FAIL: g77.f-torture/execute/cpp.F execution, -O2
FAIL: g77.f-torture/execute/cpp.F execution, -O3 -fomit-frame-pointer
FAIL: g77.f-torture/execute/cpp.F execution, -O3 -g
FAIL: g77.f-torture/execute/cpp.F execution, -Os
FAIL: g77.f-torture/execute/cpp2.F execution, -O0
FAIL: g77.f-torture/execute/cpp2.F execution, -O1
FAIL: g77.f-torture/execute/cpp2.F execution, -O2
FAIL: g77.f-torture/execute/cpp2.F execution, -O3 -fomit-frame-pointer
FAIL: g77.f-torture/execute/cpp2.F execution, -O3 -g
FAIL: g77.f-torture/execute/cpp2.F execution, -Os
=== g77 Summary ===
# of expected passes 847
# of unexpected failures 483
# of unresolved testcases 14
# of unsupported tests 8
/xxx/gnu/gcc-3.1/objdir/gcc/testsuite/../g77 version 3.1 20011216 (experimental)
=== gcc tests ===
Running target unix
FAIL: gcc.c-torture/compile/20001226-1.c, -O0
FAIL: gcc.c-torture/execute/920428-2.c execution, -O1
FAIL: gcc.c-torture/execute/920428-2.c execution, -O2
FAIL: gcc.c-torture/execute/920428-2.c execution, -O3 -fomit-frame-pointer
FAIL: gcc.c-torture/execute/920428-2.c execution, -O3 -g
FAIL: gcc.c-torture/execute/920428-2.c execution, -Os
FAIL: gcc.c-torture/execute/920501-3.c compilation, -O1
FAIL: gcc.c-torture/execute/920501-3.c compilation, -O2
FAIL: gcc.c-torture/execute/920501-3.c compilation, -O3 -fomit-frame-pointer
FAIL: gcc.c-torture/execute/920501-3.c compilation, -O3 -fomit-frame-pointer -funroll-loops
FAIL: gcc.c-torture/execute/920501-3.c compilation, -O3 -fomit-frame-pointer -funroll-all-loops -finline-functions
FAIL: gcc.c-torture/execute/920501-3.c compilation, -O3 -g
FAIL: gcc.c-torture/execute/920501-3.c compilation, -Os
FAIL: gcc.c-torture/execute/920501-7.c execution, -O1
FAIL: gcc.c-torture/execute/920501-7.c execution, -O2
FAIL: gcc.c-torture/execute/920501-7.c execution, -O3 -fomit-frame-pointer
FAIL: gcc.c-torture/execute/920501-7.c execution, -O3 -g
FAIL: gcc.c-torture/execute/920501-7.c execution, -Os
FAIL: gcc.c-torture/execute/comp-goto-2.c execution, -O1
FAIL: gcc.c-torture/execute/comp-goto-2.c execution, -O2
FAIL: gcc.c-torture/execute/comp-goto-2.c execution, -O3 -fomit-frame-pointer
FAIL: gcc.c-torture/execute/comp-goto-2.c execution, -O3 -g
FAIL: gcc.c-torture/execute/comp-goto-2.c execution, -Os
FAIL: gcc.c-torture/execute/strct-pack-1.c execution, -O2
FAIL: gcc.c-torture/execute/strct-pack-1.c execution, -Os
FAIL: gcc.c-torture/execute/ieee/rbug.c execution, -O3 -fomit-frame-pointer
FAIL: gcc.c-torture/execute/ieee/rbug.c execution, -O3 -g
FAIL: gcc.dg/20011130-1.c (test for excess errors)
FAIL: gcc.dg/asm-fs-1.c scan-assembler-not \\*_bar
FAIL: gcc.dg/asm-fs-1.c scan-assembler-not \\*_baz
FAIL: gcc.dg/asm-names.c (test for excess errors)
FAIL: gcc.dg/noncompile/930622-1.c (test for excess errors)
FAIL: alias-1.c
FAIL: wkali-1.c
FAIL: wkali-2a.o
FAIL: gcc.dg/special/gcsec-1.c (test for excess errors)
FAIL: 20000419-2.c
FAIL: gcc.misc-tests/gcov-7.c execution test
FAIL: gcc.misc-tests/gcov-7.c gcov: 10 failures in line counts, 3 in branch percentages, 4 in return percentages
FAIL: linkage.c
=== gcc Summary ===
# of expected passes 16473
# of unexpected failures 40
# of expected failures 43
# of unresolved testcases 7
# of unsupported tests 66
/xxx/gnu/gcc-3.1/objdir/gcc/xgcc version 3.1 20011216 (experimental)
=== objc tests ===
Running target unix
FAIL: objc/execute/IMP.m execution, -O
FAIL: objc/execute/_cmd.m execution, -O
FAIL: objc/execute/accessing_ivars.m execution, -O
FAIL: objc/execute/bf-1.m execution, -O
FAIL: objc/execute/bf-10.m execution, -O
FAIL: objc/execute/bf-11.m execution, -O
FAIL: objc/execute/bf-12.m execution, -O
FAIL: objc/execute/bf-13.m execution, -O
FAIL: objc/execute/bf-14.m execution, -O
FAIL: objc/execute/bf-15.m execution, -O
FAIL: objc/execute/bf-16.m execution, -O
FAIL: objc/execute/bf-17.m execution, -O
FAIL: objc/execute/bf-18.m execution, -O
FAIL: objc/execute/bf-19.m execution, -O
FAIL: objc/execute/bf-2.m execution, -O
FAIL: objc/execute/bf-20.m execution, -O
FAIL: objc/execute/bf-21.m execution, -O
FAIL: objc/execute/bf-3.m execution, -O
FAIL: objc/execute/bf-4.m execution, -O
FAIL: objc/execute/bf-5.m execution, -O
FAIL: objc/execute/bf-6.m execution, -O
FAIL: objc/execute/bf-7.m execution, -O
FAIL: objc/execute/bf-8.m execution, -O
FAIL: objc/execute/bf-9.m execution, -O
FAIL: objc/execute/bycopy-1.m execution, -O
FAIL: objc/execute/bycopy-2.m execution, -O
FAIL: objc/execute/bycopy-3.m execution, -O
FAIL: objc/execute/class-1.m execution, -O
FAIL: objc/execute/class-10.m execution, -O
FAIL: objc/execute/class-11.m execution, -O
FAIL: objc/execute/class-12.m execution, -O
FAIL: objc/execute/class-13.m execution, -O
FAIL: objc/execute/class-14.m execution, -O
FAIL: objc/execute/class-2.m execution, -O
FAIL: objc/execute/class-3.m execution, -O
FAIL: objc/execute/class-4.m execution, -O
FAIL: objc/execute/class-5.m execution, -O
FAIL: objc/execute/class-6.m execution, -O
FAIL: objc/execute/class-7.m execution, -O
FAIL: objc/execute/class-8.m execution, -O
FAIL: objc/execute/class-9.m execution, -O
FAIL: objc/execute/class_self-1.m execution, -O
FAIL: objc/execute/class_self-2.m execution, -O
FAIL: objc/execute/compatibility_alias.m execution, -O
FAIL: objc/execute/encode-1.m execution, -O
FAIL: objc/execute/enumeration-1.m execution, -O
FAIL: objc/execute/enumeration-2.m execution, -O
FAIL: objc/execute/fdecl.m execution, -O
FAIL: objc/execute/formal_protocol-1.m execution, -O
FAIL: objc/execute/formal_protocol-2.m execution, -O
FAIL: objc/execute/formal_protocol-3.m execution, -O
FAIL: objc/execute/formal_protocol-4.m execution, -O
FAIL: objc/execute/formal_protocol-5.m execution, -O
FAIL: objc/execute/formal_protocol-6.m execution, -O
FAIL: objc/execute/formal_protocol-7.m execution, -O
FAIL: objc/execute/informal_protocol.m execution, -O
FAIL: objc/execute/initialize.m execution, -O
FAIL: objc/execute/load-2.m execution, -O
FAIL: objc/execute/load-3.m execution, -O
FAIL: objc/execute/load.m execution, -O
FAIL: objc/execute/many_args_method.m execution, -O
FAIL: objc/execute/nested-1.m execution, -O
FAIL: objc/execute/nested-2.m execution, -O
FAIL: objc/execute/nested-3.m execution, -O
FAIL: objc/execute/no_clash.m execution, -O
FAIL: objc/execute/np-1.m execution, -O
FAIL: objc/execute/np-2.m execution, -O
FAIL: objc/execute/object_is_class.m execution, -O
FAIL: objc/execute/object_is_meta_class.m execution, -O
FAIL: objc/execute/private.m execution, -O
FAIL: objc/execute/protocol.m execution, -O
FAIL: objc/execute/redefining_self.m execution, -O
FAIL: objc/execute/root_methods.m execution, -O
FAIL: objc/execute/selector-1.m execution, -O
FAIL: objc/execute/static-1.m execution, -O
FAIL: objc/execute/static-2.m execution, -O
FAIL: objc/execute/string1.m execution, -O
FAIL: objc/execute/string2.m execution, -O
FAIL: objc/execute/string3.m execution, -O
FAIL: objc/execute/string4.m execution, -O
FAIL: objc/execute/va_method.m execution, -O
=== objc Summary ===
# of expected passes 136
# of unexpected failures 81
/xxx/gnu/gcc-3.1/objdir/gcc/xgcc version 3.1 20011216 (experimental)
=== libstdc++-v3 tests ===
Running target unix
FAIL: 18_support/numeric_limits.cc execution test
FAIL: 19_diagnostics/stdexceptions.cc execution test
FAIL: 21_strings/append.cc execution test
FAIL: 21_strings/ctor_copy_dtor.cc execution test
FAIL: 21_strings/element_access.cc execution test
FAIL: 21_strings/insert.cc execution test
FAIL: 21_strings/substr.cc execution test
XPASS: 22_locale/collate_members_wchar_t.cc execution test
XPASS: 22_locale/money_get_members_wchar_t.cc execution test
XPASS: 22_locale/money_put_members_wchar_t.cc execution test
XPASS: 22_locale/moneypunct_members_wchar_t.cc execution test
XPASS: 22_locale/num_get_members_wchar_t.cc execution test
XPASS: 22_locale/num_put_members_wchar_t.cc execution test
XPASS: 22_locale/numpunct_members_wchar_t.cc execution test
XPASS: 22_locale/time_get_members_wchar_t.cc execution test
XPASS: 22_locale/time_put_members_wchar_t.cc execution test
FAIL: 23_containers/bitset_ctor.cc execution test
FAIL: 23_containers/bitset_members.cc execution test
FAIL: 23_containers/list_modifiers.cc execution test
FAIL: 23_containers/vector_element_access.cc execution test
FAIL: 26_numerics/complex_inserters_extractors.cc execution test
FAIL: 27_io/ios_members.cc execution test
FAIL: 27_io/istream_extractor_arith.cc execution test
FAIL: 27_io/ostream_inserter_arith.cc execution test
=== libstdc++-v3 Summary ===
# of expected passes 317
# of unexpected failures 15
# of unexpected successes 9
# of expected failures 20
Compiler version: 3.1 20011216 (experimental)
Platform: hppa64-hp-hpux11.00
configure flags: --with-gnu-as --with-as=/opt/gnu64/bin/as --with-gnu-ld --with-ld=/opt/gnu64/bin/ls --enable-shared --disable-nls --prefix=/opt/gnu64 --host=hppa64-hp-hpux11.00
More information about the Gcc-testresults
mailing list