Results for 3.1 20011216 (experimental) testsuite on mipsel-unknown-linux-gnu
H . J . Lu
hjl@lucon.org
Mon Dec 17 17:53:00 GMT 2001
LAST_UPDATED: Sun Dec 16 19:16:33 UTC 2001
Native configuration is mipsel-unknown-linux-gnu
=== g++ tests ===
Running target unix
XPASS: g++.dg/template/friend.C (test for bogus messages, line 19)
XPASS: g++.dg/template/friend.C (test for bogus messages, line 21)
XPASS: g++.dg/template/friend.C (test for bogus messages, line 28)
FAIL: g++.eh/badalloc1.C Execution test
XPASS: g++.ext/instantiate3.C not instantiated (test for errors, line 13)
XPASS: g++.law/profile1.C (test for excess errors)
XPASS: g++.law/profile1.C Execution test
XPASS: g++.oliva/typename2.C implicit typename - (test for errors, line 26)
FAIL: g++.other/incomplete.C incomplete (test for errors, line 14)
FAIL: g++.other/incomplete.C incomplete (test for errors, line 15)
FAIL: g++.other/incomplete.C incomplete (test for errors, line 16)
FAIL: g++.other/init15.C caused compiler crash
XPASS: g++.pt/decl2.C ICE - (test for errors, line 8)
=== g++ Summary ===
# of expected passes 6726
# of unexpected failures 5
# of unexpected successes 8
# of expected failures 96
# of untested testcases 21
# of unsupported tests 1
/export/build/gnu/gcc/build-mipsel-linux/gcc/testsuite/../g++ version 3.1 20011216 (experimental)
=== g77 tests ===
Running target unix
FAIL: g77.f-torture/execute/20010430.f execution, -O2
FAIL: g77.f-torture/execute/20010430.f execution, -O3 -fomit-frame-pointer
FAIL: g77.f-torture/execute/20010430.f execution, -O3 -fomit-frame-pointer -funroll-loops
FAIL: g77.f-torture/execute/20010430.f execution, -O3 -fomit-frame-pointer -funroll-all-loops -finline-functions
FAIL: g77.f-torture/execute/20010430.f execution, -O3 -g
=== g77 Summary ===
# of expected passes 1339
# of unexpected failures 5
# of unsupported tests 8
/export/build/gnu/gcc/build-mipsel-linux/gcc/testsuite/../g77 version 3.1 20011216 (experimental)
=== gcc tests ===
Running target unix
FAIL: gcc.c-torture/compile/20001226-1.c, -O0
FAIL: gcc.c-torture/compile/20001226-1.c, -O2
FAIL: gcc.c-torture/compile/20001226-1.c, -O3 -fomit-frame-pointer
FAIL: gcc.c-torture/compile/20001226-1.c, -O3 -g
FAIL: gcc.c-torture/compile/20001226-1.c, -Os
FAIL: gcc.c-torture/compile/20011114-1.c, -O0
FAIL: gcc.c-torture/compile/20011114-1.c, -O1
FAIL: gcc.c-torture/compile/20011114-1.c, -O2
FAIL: gcc.c-torture/compile/20011114-1.c, -O3 -fomit-frame-pointer
FAIL: gcc.c-torture/compile/20011114-1.c, -O3 -g
FAIL: gcc.c-torture/compile/20011114-1.c, -Os
FAIL: gcc.c-torture/execute/20010122-1.c execution, -O0
FAIL: gcc.c-torture/execute/20010122-1.c execution, -O1
FAIL: gcc.c-torture/execute/20010122-1.c execution, -O2
FAIL: gcc.c-torture/execute/20010122-1.c execution, -O3 -fomit-frame-pointer
FAIL: gcc.c-torture/execute/20010122-1.c execution, -O3 -fomit-frame-pointer -funroll-loops
FAIL: gcc.c-torture/execute/20010122-1.c execution, -O3 -fomit-frame-pointer -funroll-all-loops -finline-functions
FAIL: gcc.c-torture/execute/20010122-1.c execution, -O3 -g
FAIL: gcc.c-torture/execute/20010122-1.c execution, -Os
FAIL: gcc.c-torture/execute/920428-2.c execution, -O1
FAIL: gcc.c-torture/execute/920428-2.c execution, -O2
FAIL: gcc.c-torture/execute/920428-2.c execution, -O3 -fomit-frame-pointer
FAIL: gcc.c-torture/execute/920428-2.c execution, -O3 -g
FAIL: gcc.c-torture/execute/920428-2.c execution, -Os
FAIL: gcc.c-torture/execute/920501-3.c compilation, -O1
FAIL: gcc.c-torture/execute/920501-3.c compilation, -O2
FAIL: gcc.c-torture/execute/920501-3.c compilation, -O3 -fomit-frame-pointer
FAIL: gcc.c-torture/execute/920501-3.c compilation, -O3 -fomit-frame-pointer -funroll-loops
FAIL: gcc.c-torture/execute/920501-3.c compilation, -O3 -fomit-frame-pointer -funroll-all-loops -finline-functions
FAIL: gcc.c-torture/execute/920501-3.c compilation, -O3 -g
FAIL: gcc.c-torture/execute/920501-3.c compilation, -Os
FAIL: gcc.c-torture/execute/920501-7.c execution, -O1
FAIL: gcc.c-torture/execute/920501-7.c execution, -O2
FAIL: gcc.c-torture/execute/920501-7.c execution, -O3 -fomit-frame-pointer
FAIL: gcc.c-torture/execute/920501-7.c execution, -O3 -g
FAIL: gcc.c-torture/execute/920501-7.c execution, -Os
FAIL: gcc.c-torture/execute/950704-1.c compilation, -O3 -fomit-frame-pointer
FAIL: gcc.c-torture/execute/950704-1.c compilation, -O3 -g
FAIL: gcc.c-torture/execute/comp-goto-2.c execution, -O1
FAIL: gcc.c-torture/execute/comp-goto-2.c execution, -O2
FAIL: gcc.c-torture/execute/comp-goto-2.c execution, -O3 -fomit-frame-pointer
FAIL: gcc.c-torture/execute/comp-goto-2.c execution, -O3 -g
FAIL: gcc.c-torture/execute/comp-goto-2.c execution, -Os
FAIL: gcc.c-torture/execute/conversion.c execution, -O0
FAIL: gcc.c-torture/execute/conversion.c execution, -O1
FAIL: gcc.c-torture/execute/conversion.c execution, -O2
FAIL: gcc.c-torture/execute/conversion.c execution, -Os
FAIL: gcc.c-torture/execute/ieee/fp-cmp-4.c compilation, -O0
FAIL: gcc.c-torture/execute/ieee/fp-cmp-4.c compilation, -O1
FAIL: gcc.c-torture/execute/ieee/fp-cmp-4.c compilation, -O2
FAIL: gcc.c-torture/execute/ieee/fp-cmp-4.c compilation, -O3 -fomit-frame-pointer
FAIL: gcc.c-torture/execute/ieee/fp-cmp-4.c compilation, -O3 -fomit-frame-pointer -funroll-loops
FAIL: gcc.c-torture/execute/ieee/fp-cmp-4.c compilation, -O3 -fomit-frame-pointer -funroll-all-loops -finline-functions
FAIL: gcc.c-torture/execute/ieee/fp-cmp-4.c compilation, -O3 -g
FAIL: gcc.c-torture/execute/ieee/fp-cmp-4.c compilation, -Os
FAIL: gcc.c-torture/execute/ieee/fp-cmp-5.c compilation, -O0
FAIL: gcc.c-torture/execute/ieee/fp-cmp-5.c compilation, -O1
FAIL: gcc.c-torture/execute/ieee/fp-cmp-5.c compilation, -O2
FAIL: gcc.c-torture/execute/ieee/fp-cmp-5.c compilation, -O3 -fomit-frame-pointer
FAIL: gcc.c-torture/execute/ieee/fp-cmp-5.c compilation, -O3 -fomit-frame-pointer -funroll-loops
FAIL: gcc.c-torture/execute/ieee/fp-cmp-5.c compilation, -O3 -fomit-frame-pointer -funroll-all-loops -finline-functions
FAIL: gcc.c-torture/execute/ieee/fp-cmp-5.c compilation, -O3 -g
FAIL: gcc.c-torture/execute/ieee/fp-cmp-5.c compilation, -Os
FAIL: gcc.dg/cpp/assert_trad1.c (test for excess errors)
FAIL: gcc.dg/cpp/assert_trad2.c (test for excess errors)
FAIL: gcc.dg/cpp/assert_trad3.c (test for excess errors)
FAIL: gcc.dg/cpp/defined_trad.c (test for excess errors)
FAIL: gcc.dg/cpp/hash2.c (test for excess errors)
FAIL: gcc.dg/cpp/tr-define.c (test for excess errors)
FAIL: gcc.dg/cpp/tr-direct.c (test for excess errors)
FAIL: gcc.dg/cpp/tr-paste.c (test for excess errors)
FAIL: gcc.dg/cpp/tr-str.c (test for excess errors)
FAIL: gcc.dg/asm-fs-1.c scan-assembler-not \\*_bar
FAIL: gcc.dg/asm-fs-1.c scan-assembler-not \\*_baz
FAIL: gcc.dg/c99-intconst-1.c (test for excess errors)
FAIL: gcc.dg/ext-glob.c (test for excess errors)
FAIL: gcc.dg/noncompile/930622-1.c (test for excess errors)
FAIL: gcc.dg/special/gcsec-1.c (test for excess errors)
=== gcc Summary ===
# of expected passes 16422
# of unexpected failures 78
# of expected failures 43
# of unresolved testcases 25
# of unsupported tests 64
/export/build/gnu/gcc/build-mipsel-linux/gcc/xgcc version 3.1 20011216 (experimental)
=== objc tests ===
Running target unix
FAIL: objc/execute/formal_protocol-6.m execution, -O
=== objc Summary ===
# of expected passes 216
# of unexpected failures 1
/export/build/gnu/gcc/build-mipsel-linux/gcc/xgcc version 3.1 20011216 (experimental)
=== libstdc++-v3 tests ===
Running target unix
FAIL: 18_support/numeric_limits.cc execution test
FAIL: 22_locale/ctor_copy_dtor.cc execution test
XPASS: 22_locale/ctype_members_char.cc execution test
XPASS: 22_locale/members.cc execution test
XPASS: 22_locale/messages_byname.cc execution test
XPASS: 22_locale/messages_members_char.cc execution test
XPASS: 22_locale/money_get_members_char.cc execution test
XPASS: 22_locale/money_get_members_wchar_t.cc execution test
XPASS: 22_locale/money_put_members_char.cc execution test
XPASS: 22_locale/money_put_members_wchar_t.cc execution test
XPASS: 22_locale/moneypunct_byname.cc execution test
XPASS: 22_locale/moneypunct_members_char.cc execution test
XPASS: 22_locale/moneypunct_members_wchar_t.cc execution test
XPASS: 22_locale/num_get_members_char.cc execution test
XPASS: 22_locale/num_get_members_wchar_t.cc execution test
XPASS: 22_locale/num_put_members_char.cc execution test
XPASS: 22_locale/num_put_members_wchar_t.cc execution test
XPASS: 22_locale/numpunct_byname.cc execution test
XPASS: 22_locale/numpunct_members_char.cc execution test
XPASS: 22_locale/numpunct_members_wchar_t.cc execution test
XPASS: 22_locale/time_get_members_char.cc execution test
XPASS: 22_locale/time_get_members_wchar_t.cc execution test
XPASS: 22_locale/time_put_members_char.cc execution test
=== libstdc++-v3 Summary ===
# of expected passes 330
# of unexpected failures 2
# of unexpected successes 21
# of expected failures 8
Compiler version: 3.1 20011216 (experimental)
Platform: mipsel-unknown-linux-gnu
configure flags: --host=mipsel-unknown-linux-gnu --enable-clocale=gnu --enable-shared --enable-threads=posix --enable-haifa --disable-checking --prefix=/usr/gcc-3.1 --with-local-prefix=/usr/local
More information about the Gcc-testresults
mailing list