Results for 3.0.3 20011217 (prerelease) with PR3145 patch testsuite on i686-pc-linux-gnu
michael@ritzert.de
michael@ritzert.de
Mon Dec 17 02:23:00 GMT 2001
LAST_UPDATED: Mon Dez 17 08:19:33 UTC 2001
Native configuration is i686-pc-linux-gnu
=== g++ tests ===
Running target unix
FAIL: g++.ext/instantiate1.C not instantiated (test for errors, line 20)
=== g++ Summary ===
# of expected passes 6515
# of unexpected failures 1
# of expected failures 103
# of untested testcases 9
/3/gcc/gcc-3_0-branch/obj/gcc/testsuite/../g++ version 3.0.3 20011217 (prerelease) with PR3145 patch
=== g77 tests ===
Running target unix
=== g77 Summary ===
# of expected passes 949
=== gcc tests ===
Running target unix
XPASS: gcc.c-torture/execute/20000801-4.c execution, -O0
XPASS: gcc.c-torture/execute/20000801-4.c execution, -O1
XPASS: gcc.c-torture/execute/20000801-4.c execution, -O2
XPASS: gcc.c-torture/execute/20000801-4.c execution, -O3 -fomit-frame-pointer
XPASS: gcc.c-torture/execute/20000801-4.c execution, -O3 -g
XPASS: gcc.c-torture/execute/20000801-4.c execution, -Os
FAIL: gcc.dg/format/ext-3.c bad %_0 (test for warnings, line 213)
FAIL: gcc.dg/format/ext-3.c bad %^# (test for warnings, line 215)
FAIL: gcc.dg/format/ext-3.c (test for excess errors)
=== gcc Summary ===
# of expected passes 15340
# of unexpected failures 3
# of unexpected successes 6
# of expected failures 77
# of unsupported tests 20
/3/gcc/gcc-3_0-branch/obj/gcc/xgcc version 3.0.3 20011217 (prerelease) with PR3145 patch
=== objc tests ===
Running target unix
=== objc Summary ===
# of expected passes 153
# of expected failures 1
/3/gcc/gcc-3_0-branch/obj/gcc/xgcc version 3.0.3 20011217 (prerelease) with PR3145 patch
=== libjava tests ===
Running target unix
XPASS: N19990310_4 output from source compiled test
XPASS: N19990310_4 -O output from source compiled test
XPASS: stringconst output from bytecode->native test
XPASS: stringconst -O output from bytecode->native test
XPASS: stub compilation from source
XPASS: stub byte compilation
XPASS: stub compilation from bytecode
XPASS: stub -O compilation from source
XPASS: stub byte compilation
XPASS: stub -O compilation from bytecode
=== libjava Summary ===
# of expected passes 1676
# of unexpected successes 10
# of expected failures 14
# of untested testcases 16
=== libstdc++-v3 tests ===
Running target unix
=== libstdc++-v3 Summary ===
# of expected passes 247
# of expected failures 8
Compiler version: 3.0.3 20011217 (prerelease) with PR3145 patch
Platform: i686-pc-linux-gnu
configure flags: --host=i686-pc-linux-gnu --enable-threads --prefix=/3/gcc/gcc-3_0-branch/install
More information about the Gcc-testresults
mailing list