Results for 3.1 20011215 (experimental) testsuite on i686-pc-linux-gnu
Andris Pavenis
andris@hal.astr.lu.lv
Sat Dec 15 20:27:00 GMT 2001
Last updated from CVS: 2001 Dec 16 04:02 +0200
System: Linux kernel 2.4.17pre2
glibc-2.2.3
binutils-2.11.90.0.31
LAST_UPDATED: Sun Dec 16 02:02:46 UTC 2001
Native configuration is i686-pc-linux-gnu
=== g++ tests ===
Running target unix
FAIL: g++.dg/eh/omit-frame-pointer.C execution test
FAIL: g++.dg/eh/registers1.C execution test
FAIL: g++.abi/cxa_vec.C Execution test
FAIL: g++.eh/badalloc1.C Execution test
FAIL: g++.eh/fntry1.C Execution test
FAIL: g++.eh/rethrow1.C Execution test
FAIL: g++.eh/rethrow2.C Execution test
FAIL: g++.eh/rethrow3.C Execution test
FAIL: g++.eh/rethrow6.C Execution test
FAIL: g++.eh/spec2.C Execution test
FAIL: g++.mike/eh23.C Execution test
FAIL: g++.mike/eh33.C Execution test
FAIL: g++.mike/eh39.C Execution test
FAIL: g++.mike/eh40.C Execution test
FAIL: g++.mike/eh50.C Execution test
FAIL: g++.mike/eh51.C Execution test
XPASS: g++.oliva/typename2.C implicit typename - (test for errors, line 26)
XPASS: g++.pt/decl2.C ICE - (test for errors, line 8)
=== g++ Summary ===
# of expected passes 6738
# of unexpected failures 16
# of unexpected successes 2
# of expected failures 97
# of untested testcases 9
/disk2/cvs/gcc31/build/build.lnx/gcc/testsuite/../g++ version 3.1 20011215 (experimental)
=== g77 tests ===
Running target unix
=== g77 Summary ===
# of expected passes 1360
/disk2/cvs/gcc31/build/build.lnx/gcc/testsuite/../g77 version 3.1 20011215 (experimental)
=== gcc tests ===
Running target unix
FAIL: gcc.c-torture/compile/20011114-1.c, -O0
FAIL: gcc.c-torture/compile/20011114-1.c, -O1
FAIL: gcc.c-torture/compile/20011114-1.c, -O2
FAIL: gcc.c-torture/compile/20011114-1.c, -O3 -fomit-frame-pointer
FAIL: gcc.c-torture/compile/20011114-1.c, -O3 -g
FAIL: gcc.c-torture/compile/20011114-1.c, -Os
FAIL: gcc.c-torture/execute/920428-2.c execution, -O1
FAIL: gcc.c-torture/execute/920428-2.c execution, -O2
FAIL: gcc.c-torture/execute/920428-2.c execution, -O3 -fomit-frame-pointer
FAIL: gcc.c-torture/execute/920428-2.c execution, -O3 -g
FAIL: gcc.c-torture/execute/920428-2.c execution, -Os
FAIL: gcc.c-torture/execute/920501-3.c compilation, -O1
FAIL: gcc.c-torture/execute/920501-3.c compilation, -O2
FAIL: gcc.c-torture/execute/920501-3.c compilation, -O3 -fomit-frame-pointer
FAIL: gcc.c-torture/execute/920501-3.c compilation, -O3 -fomit-frame-pointer -funroll-loops
FAIL: gcc.c-torture/execute/920501-3.c compilation, -O3 -fomit-frame-pointer -funroll-all-loops -finline-functions
FAIL: gcc.c-torture/execute/920501-3.c compilation, -O3 -g
FAIL: gcc.c-torture/execute/920501-3.c compilation, -Os
FAIL: gcc.c-torture/execute/920501-7.c execution, -O1
FAIL: gcc.c-torture/execute/920501-7.c execution, -O2
FAIL: gcc.c-torture/execute/920501-7.c execution, -O3 -fomit-frame-pointer
FAIL: gcc.c-torture/execute/920501-7.c execution, -O3 -g
FAIL: gcc.c-torture/execute/920501-7.c execution, -Os
FAIL: gcc.c-torture/execute/comp-goto-2.c execution, -O1
FAIL: gcc.c-torture/execute/comp-goto-2.c execution, -O2
FAIL: gcc.c-torture/execute/comp-goto-2.c execution, -O3 -fomit-frame-pointer
FAIL: gcc.c-torture/execute/comp-goto-2.c execution, -O3 -g
FAIL: gcc.c-torture/execute/comp-goto-2.c execution, -Os
FAIL: gcc.dg/c99-intconst-1.c (test for excess errors)
FAIL: gcc.dg/format/c99-scanf-1.c %hhu sign (test for warnings, line 144)
FAIL: gcc.dg/format/ext-3.c bad %_0 (test for warnings, line 213)
FAIL: gcc.dg/format/ext-3.c bad %^# (test for warnings, line 215)
FAIL: gcc.dg/format/ext-3.c (test for excess errors)
FAIL: gcc.dg/format/xopen-1.c multiple use of scanf argument (test for warnings, line 124)
FAIL: gcc.dg/format/xopen-1.c (test for excess errors)
FAIL: gcc.dg/format/xopen-1.c multiple use of scanf argument (test for warnings, line 124)
FAIL: gcc.dg/format/xopen-1.c (test for excess errors)
=== gcc Summary ===
# of expected passes 16538
# of unexpected failures 37
# of expected failures 47
# of unresolved testcases 7
# of unsupported tests 29
/disk2/cvs/gcc31/build/build.lnx/gcc/xgcc version 3.1 20011215 (experimental)
=== objc tests ===
Running target unix
FAIL: objc/execute/formal_protocol-6.m execution, -O
=== objc Summary ===
# of expected passes 216
# of unexpected failures 1
/disk2/cvs/gcc31/build/build.lnx/gcc/xgcc version 3.1 20011215 (experimental)
=== libstdc++-v3 tests ===
Running target unix
FAIL: 21_strings/inserters_extractors.cc execution test
FAIL: 22_locale/ctor_copy_dtor.cc execution test
XPASS: 22_locale/members.cc execution test
XPASS: 22_locale/messages_byname.cc execution test
XPASS: 22_locale/messages_members_char.cc execution test
XPASS: 22_locale/money_get_members_wchar_t.cc execution test
XPASS: 22_locale/money_put_members_wchar_t.cc execution test
XPASS: 22_locale/moneypunct_byname.cc execution test
XPASS: 22_locale/moneypunct_members_char.cc execution test
XPASS: 22_locale/moneypunct_members_wchar_t.cc execution test
XPASS: 22_locale/num_get_members_char.cc execution test
XPASS: 22_locale/num_get_members_wchar_t.cc execution test
XPASS: 22_locale/num_put_members_char.cc execution test
XPASS: 22_locale/num_put_members_wchar_t.cc execution test
XPASS: 22_locale/numpunct_byname.cc execution test
XPASS: 22_locale/numpunct_members_char.cc execution test
XPASS: 22_locale/numpunct_members_wchar_t.cc execution test
FAIL: 22_locale/operators.cc execution test
XPASS: 22_locale/time_get_members_wchar_t.cc execution test
XPASS: 22_locale/time_put_members_char.cc execution test
FAIL: 23_containers/list_modifiers.cc execution test
FAIL: 26_numerics/complex_inserters_extractors.cc execution test
FAIL: 27_io/istream_extractor_arith.cc execution test
FAIL: 27_io/istream_extractor_char.cc execution test
FAIL: 27_io/istream_extractor_other.cc execution test
FAIL: 27_io/istream_manip.cc execution test
FAIL: 27_io/istream_seeks.cc execution test
FAIL: 27_io/istream_sentry.cc execution test
FAIL: 27_io/istringstream_members.cc execution test
FAIL: 27_io/ostream_inserter_other.cc execution test
FAIL: 27_io/stringstream_members.cc execution test
=== libstdc++-v3 Summary ===
# of expected passes 318
# of unexpected failures 14
# of unexpected successes 17
# of expected failures 12
Compiler version: 3.1 20011215 (experimental)
Platform: i686-pc-linux-gnu
configure flags: --host=i686-pc-linux-gnu --prefix=/disk2/gcc31 --enable-shared --enable-languages=c,c++,f77,objc --verbose --enable-threads=posix
Counting all warnings,
there are 52 warnings in stage3 of this bootstrap.
Number of warnings per file:
23 gcc/combine.c
6 gcc/cp/pt.c
5 gcc/emit-rtl.c
5 gcc/cse.c
3 gcc/gcc.c
3 gcc/fold-const.c
1 insn-emit.c
1 gcc/regmove.c
1 gcc/profile.c
1 gcc/objc/lang-specs.h
1 gcc/function.c
1 gcc/cp/lang-specs.h
1 gcc/cp/error.c
Number of warning types:
39 comparison between signed and unsigned
6 signed and unsigned type in conditional expression
5 string length `???' is greater than the length `???' ISO C89 compilers are required to support
1 pointer targets in passing arg ??? of `???' differ in signedness
1 `???' defined but not used
More information about the Gcc-testresults
mailing list