Results for 3.1 20011214 (experimental) testsuite on sparc-unknown-linux-gnu

Christian Jönsson c.christian.joensson@telia.com
Sat Dec 15 10:03:00 GMT 2001


[hmm, is this really what to expect?]

This was on a Debian Woody (test release) ss20 system using

binutils_2.11.92.0.12.3-3_sparc.deb
dejagnu_1.4-4_all.deb
libc6_2.2.4-5_sparc.deb

/ChJ

LAST_UPDATED: Fri Dec 14 15:27:35 UTC 2001

Native configuration is sparc-unknown-linux-gnu

		=== g++ tests ===


Running target unix
FAIL: g++.dg/special/conpr-2.C execution test
FAIL: g++.dg/special/conpr-3.C execution test
FAIL: g++.dg/special/initp1.C execution test
XPASS: g++.oliva/typename2.C implicit typename - (test for errors, line 26)
XPASS: g++.pt/decl2.C ICE - (test for errors, line 8)
XPASS: g++.robertl/eb17.C  Execution test
FAIL: g++.robertl/eb83.C  Execution test

		=== g++ Summary ===

# of expected passes		6731
# of unexpected failures	4
# of unexpected successes	3
# of expected failures		96
# of untested testcases		20
# of unsupported tests		1
/home/chj/objdir-gcc/gcc/testsuite/../g++ version 3.1 20011214 
(experimental)

		=== g77 tests ===


Running target unix
FAIL: g77.dg/bprob/bprob-1.f execution: file bprob-1.da does not exist, 
  -g  -fprofile-arcs
FAIL: g77.dg/bprob/bprob-1.f execution: file bprob-1.da does not exist, 
  -O0  -fprofile-arcs
FAIL: g77.dg/bprob/bprob-1.f execution: file bprob-1.da does not exist, 
  -O1  -fprofile-arcs
FAIL: g77.dg/bprob/bprob-1.f execution: file bprob-1.da does not exist, 
  -O2  -fprofile-arcs
FAIL: g77.dg/bprob/bprob-1.f execution: file bprob-1.da does not exist, 
  -O3  -fprofile-arcs
FAIL: g77.dg/bprob/bprob-1.f execution: file bprob-1.da does not exist, 
  -O3 -g  -fprofile-arcs
FAIL: g77.dg/bprob/bprob-1.f execution: file bprob-1.da does not exist, 
  -Os  -fprofile-arcs
FAIL: g77.dg/gcov/gcov-1.f gcov: 118 failures in line counts, 32 in 
branch percentages, 24 in return percentages
FAIL: g77.f-torture/execute/20010430.f execution,  -O2
FAIL: g77.f-torture/execute/20010430.f execution,  -O3 -fomit-frame-pointer
FAIL: g77.f-torture/execute/20010430.f execution,  -O3 
-fomit-frame-pointer -funroll-loops
FAIL: g77.f-torture/execute/20010430.f execution,  -O3 
-fomit-frame-pointer -funroll-all-loops -finline-functions
FAIL: g77.f-torture/execute/20010430.f execution,  -O3 -g
FAIL: g77.f-torture/execute/f90-intrinsic-bit.f execution,  -O1

		=== g77 Summary ===

# of expected passes		1316
# of unexpected failures	14
# of unresolved testcases	14
# of unsupported tests		8
/home/chj/objdir-gcc/gcc/testsuite/../g77 version 3.1 20011214 
(experimental)

		=== gcc tests ===


Running target unix
FAIL: gcc.c-torture/compile/20001226-1.c,  -O1
FAIL: gcc.c-torture/compile/20001226-1.c,  -O2
FAIL: gcc.c-torture/compile/20001226-1.c,  -O3 -fomit-frame-pointer
FAIL: gcc.c-torture/compile/20001226-1.c,  -O3 -g
FAIL: gcc.c-torture/compile/20001226-1.c,  -Os
FAIL: gcc.c-torture/compile/20011114-1.c,  -O0
FAIL: gcc.c-torture/compile/20011114-1.c,  -O1
FAIL: gcc.c-torture/compile/20011114-1.c,  -O2
FAIL: gcc.c-torture/compile/20011114-1.c,  -O3 -fomit-frame-pointer
FAIL: gcc.c-torture/compile/20011114-1.c,  -O3 -g
FAIL: gcc.c-torture/compile/20011114-1.c,  -Os
FAIL: gcc.c-torture/compile/921202-1.c,  -Os
FAIL: gcc.c-torture/compile/950613-1.c,  -O1
FAIL: gcc.c-torture/compile/950613-1.c,  -O2
FAIL: gcc.c-torture/compile/950613-1.c,  -O3 -fomit-frame-pointer
FAIL: gcc.c-torture/compile/950613-1.c,  -O3 -g
FAIL: gcc.c-torture/compile/950613-1.c,  -Os
FAIL: gcc.c-torture/execute/strct-pack-1.c execution,  -O2
FAIL: gcc.c-torture/execute/strct-pack-1.c execution,  -Os
FAIL: gcc.dg/20001013-1.c (test for excess errors)
FAIL: gcc.dg/20010912-1.c execution test
FAIL: gcc.dg/c99-intconst-1.c (test for excess errors)
FAIL: gcc.dg/pack-test-1.c (test for excess errors)
FAIL: gcc.dg/pack-test-2.c  (test for errors, line 7)
FAIL: gcc.dg/pack-test-2.c  (test for errors, line 14)
FAIL: gcc.dg/pack-test-2.c  (test for errors, line 19)
FAIL: gcc.dg/pack-test-2.c (test for excess errors)
FAIL: gcc.dg/noncompile/930622-1.c (test for excess errors)
FAIL: gcc.misc-tests/bprob-1.c execution,    -g  -fprofile-arcs
FAIL: gcc.misc-tests/bprob-1.c execution,    -O0  -fprofile-arcs
FAIL: gcc.misc-tests/bprob-1.c execution,    -O1  -fprofile-arcs
FAIL: gcc.misc-tests/bprob-1.c execution,    -O2 -DPERFTIME  -fprofile-arcs
FAIL: gcc.misc-tests/bprob-1.c execution,    -O3 -DPERFTIME  -fprofile-arcs
FAIL: gcc.misc-tests/bprob-1.c execution,    -O3 -g -DPERFTIME 
-fprofile-arcs
FAIL: gcc.misc-tests/bprob-1.c execution,    -Os  -fprofile-arcs
FAIL: gcc.misc-tests/bprob-2.c execution,    -g  -fprofile-arcs
FAIL: gcc.misc-tests/bprob-2.c execution,    -O0  -fprofile-arcs
FAIL: gcc.misc-tests/bprob-2.c execution,    -O1  -fprofile-arcs
FAIL: gcc.misc-tests/bprob-2.c execution,    -O2 -DPERFTIME  -fprofile-arcs
FAIL: gcc.misc-tests/bprob-2.c execution,    -O3 -DPERFTIME  -fprofile-arcs
FAIL: gcc.misc-tests/bprob-2.c execution,    -O3 -g -DPERFTIME 
-fprofile-arcs
FAIL: gcc.misc-tests/bprob-2.c execution,    -Os  -fprofile-arcs
FAIL: gcc.misc-tests/gcov-1.c execution test
FAIL: gcc.misc-tests/gcov-1.c gcov: 3 failures in line counts
FAIL: gcc.misc-tests/gcov-2.c execution test
FAIL: gcc.misc-tests/gcov-2.c gcov: 3 failures in line counts
FAIL: gcc.misc-tests/gcov-3.c execution test
FAIL: gcc.misc-tests/gcov-3.c gcov: 2 failures in line counts
FAIL: gcc.misc-tests/gcov-4.c execution test
FAIL: gcc.misc-tests/gcov-4.c gcov: 50 failures in line counts
FAIL: gcc.misc-tests/gcov-4b.c execution test
FAIL: gcc.misc-tests/gcov-4b.c gcov: 24 failures in branch percentages
FAIL: gcc.misc-tests/gcov-5b.c execution test
FAIL: gcc.misc-tests/gcov-6.c execution test
FAIL: gcc.misc-tests/gcov-6.c gcov: 3 failures in line counts, 1 in 
branch percentages, 3 in return percentages
FAIL: gcc.misc-tests/gcov-7.c execution test
FAIL: gcc.misc-tests/gcov-7.c gcov: 9 failures in line counts, 3 in 
branch percentages, 4 in return percentages

		=== gcc Summary ===

# of expected passes		16449
# of unexpected failures	57
# of expected failures		43
# of unresolved testcases	28
# of unsupported tests		57
/home/chj/objdir-gcc/gcc/xgcc version 3.1 20011214 (experimental)

		=== objc tests ===


Running target unix
FAIL: objc/execute/formal_protocol-6.m execution,  -O

		=== objc Summary ===

# of expected passes		216
# of unexpected failures	1
/home/chj/objdir-gcc/gcc/xgcc version 3.1 20011214 (experimental)

		=== libstdc++-v3 tests ===


Running target unix
FAIL: 18_support/numeric_limits.cc execution test
XPASS: 22_locale/collate_members_wchar_t.cc execution test

		=== libstdc++-v3 Summary ===

# of expected passes		331
# of unexpected failures	1
# of unexpected successes	1
# of expected failures		28

Compiler version: 3.1 20011214 (experimental)
Platform: sparc-unknown-linux-gnu
configure flags: --host=sparc-unknown-linux-gnu 
--enable-languages=c,c++,f77,objc --disable-shared
Counting all warnings,
there are 772 warnings in stage3 of this bootstrap.

Number of warnings per file:
     122	gcc/gcc.c
     105	gcc/objc/objc-act.c
     105	gcc/gcov.c
      66	gcc/config/sparc/sparc.c
      56	gcc/sched-vis.c
      35	gcc/cppfiles.c
      28	gcc/genextract.c
      28	gcc/dwarf2out.c
      28	gcc/collect2.c
      22	gcc/profile.c
      22	gcc/combine.c
      21	gcc/varasm.c
      21	gcc/gensupport.c
      14	gcc/mkdeps.c
      14	gcc/genrecog.c
       7	gcc/tradcpp.c
       7	gcc/stmt.c
       7	gcc/read-rtl.c
       7	gcc/hash.c
       7	gcc/genattrtab.c
       7	gcc/final.c
       7	gcc/attribs.c
       7	This was on a Debian Woody (test release) ss20 system using

binutils_2.11.92.0.12.3-3_sparc.deb
dejagnu_1.4-4_all.deb
libc6_2.2.4-5_sparc.deb

/ChJ
LAST_UPDATED: Fri Dec 14 15:27:35 UTC 2001

Native configuration is sparc-unknown-linux-gnu

		=== g++ tests ===


Running target unix
FAIL: g++.dg/special/conpr-2.C execution test
FAIL: g++.dg/special/conpr-3.C execution test
FAIL: g++.dg/special/initp1.C execution test
XPASS: g++.oliva/typename2.C implicit typename - (test for errors, line 26)
XPASS: g++.pt/decl2.C ICE - (test for errors, line 8)
XPASS: g++.robertl/eb17.C  Execution test
FAIL: g++.robertl/eb83.C  Execution test

		=== g++ Summary ===

# of expected passes		6731
# of unexpected failures	4
# of unexpected successes	3
# of expected failures		96
# of untested testcases		20
# of unsupported tests		1
/home/chj/objdir-gcc/gcc/testsuite/../g++ version 3.1 20011214 
(experimental)

		=== g77 tests ===


Running target unix
FAIL: g77.dg/bprob/bprob-1.f execution: file bprob-1.da does not exist, 
  -g  -fprofile-arcs
FAIL: g77.dg/bprob/bprob-1.f execution: file bprob-1.da does not exist, 
  -O0  -fprofile-arcs
FAIL: g77.dg/bprob/bprob-1.f execution: file bprob-1.da does not exist, 
  -O1  -fprofile-arcs
FAIL: g77.dg/bprob/bprob-1.f execution: file bprob-1.da does not exist, 
  -O2  -fprofile-arcs
FAIL: g77.dg/bprob/bprob-1.f execution: file bprob-1.da does not exist, 
  -O3  -fprofile-arcs
FAIL: g77.dg/bprob/bprob-1.f execution: file bprob-1.da does not exist, 
  -O3 -g  -fprofile-arcs
FAIL: g77.dg/bprob/bprob-1.f execution: file bprob-1.da does not exist, 
  -Os  -fprofile-arcs
FAIL: g77.dg/gcov/gcov-1.f gcov: 118 failures in line counts, 32 in 
branch percentages, 24 in return percentages
FAIL: g77.f-torture/execute/20010430.f execution,  -O2
FAIL: g77.f-torture/execute/20010430.f execution,  -O3 -fomit-frame-pointer
FAIL: g77.f-torture/execute/20010430.f execution,  -O3 
-fomit-frame-pointer -funroll-loops
FAIL: g77.f-torture/execute/20010430.f execution,  -O3 
-fomit-frame-pointer -funroll-all-loops -finline-functions
FAIL: g77.f-torture/execute/20010430.f execution,  -O3 -g
FAIL: g77.f-torture/execute/f90-intrinsic-bit.f execution,  -O1

		=== g77 Summary ===

# of expected passes		1316
# of unexpected failures	14
# of unresolved testcases	14
# of unsupported tests		8
/home/chj/objdir-gcc/gcc/testsuite/../g77 version 3.1 20011214 
(experimental)

		=== gcc tests ===


Running target unix
FAIL: gcc.c-torture/compile/20001226-1.c,  -O1
FAIL: gcc.c-torture/compile/20001226-1.c,  -O2
FAIL: gcc.c-torture/compile/20001226-1.c,  -O3 -fomit-frame-pointer
FAIL: gcc.c-torture/compile/20001226-1.c,  -O3 -g
FAIL: gcc.c-torture/compile/20001226-1.c,  -Os
FAIL: gcc.c-torture/compile/20011114-1.c,  -O0
FAIL: gcc.c-torture/compile/20011114-1.c,  -O1
FAIL: gcc.c-torture/compile/20011114-1.c,  -O2
FAIL: gcc.c-torture/compile/20011114-1.c,  -O3 -fomit-frame-pointer
FAIL: gcc.c-torture/compile/20011114-1.c,  -O3 -g
FAIL: gcc.c-torture/compile/20011114-1.c,  -Os
FAIL: gcc.c-torture/compile/921202-1.c,  -Os
FAIL: gcc.c-torture/compile/950613-1.c,  -O1
FAIL: gcc.c-torture/compile/950613-1.c,  -O2
FAIL: gcc.c-torture/compile/950613-1.c,  -O3 -fomit-frame-pointer
FAIL: gcc.c-torture/compile/950613-1.c,  -O3 -g
FAIL: gcc.c-torture/compile/950613-1.c,  -Os
FAIL: gcc.c-torture/execute/strct-pack-1.c execution,  -O2
FAIL: gcc.c-torture/execute/strct-pack-1.c execution,  -Os
FAIL: gcc.dg/20001013-1.c (test for excess errors)
FAIL: gcc.dg/20010912-1.c execution test
FAIL: gcc.dg/c99-intconst-1.c (test for excess errors)
FAIL: gcc.dg/pack-test-1.c (test for excess errors)
FAIL: gcc.dg/pack-test-2.c  (test for errors, line 7)
FAIL: gcc.dg/pack-test-2.c  (test for errors, line 14)
FAIL: gcc.dg/pack-test-2.c  (test for errors, line 19)
FAIL: gcc.dg/pack-test-2.c (test for excess errors)
FAIL: gcc.dg/noncompile/930622-1.c (test for excess errors)
FAIL: gcc.misc-tests/bprob-1.c execution,    -g  -fprofile-arcs
FAIL: gcc.misc-tests/bprob-1.c execution,    -O0  -fprofile-arcs
FAIL: gcc.misc-tests/bprob-1.c execution,    -O1  -fprofile-arcs
FAIL: gcc.misc-tests/bprob-1.c execution,    -O2 -DPERFTIME  -fprofile-arcs
FAIL: gcc.misc-tests/bprob-1.c execution,    -O3 -DPERFTIME  -fprofile-arcs
FAIL: gcc.misc-tests/bprob-1.c execution,    -O3 -g -DPERFTIME 
-fprofile-arcs
FAIL: gcc.misc-tests/bprob-1.c execution,    -Os  -fprofile-arcs
FAIL: gcc.misc-tests/bprob-2.c execution,    -g  -fprofile-arcs
FAIL: gcc.misc-tests/bprob-2.c execution,    -O0  -fprofile-arcs
FAIL: gcc.misc-tests/bprob-2.c execution,    -O1  -fprofile-arcs
FAIL: gcc.misc-tests/bprob-2.c execution,    -O2 -DPERFTIME  -fprofile-arcs
FAIL: gcc.misc-tests/bprob-2.c execution,    -O3 -DPERFTIME  -fprofile-arcs
FAIL: gcc.misc-tests/bprob-2.c execution,    -O3 -g -DPERFTIME 
-fprofile-arcs
FAIL: gcc.misc-tests/bprob-2.c execution,    -Os  -fprofile-arcs
FAIL: gcc.misc-tests/gcov-1.c execution test
FAIL: gcc.misc-tests/gcov-1.c gcov: 3 failures in line counts
FAIL: gcc.misc-tests/gcov-2.c execution test
FAIL: gcc.misc-tests/gcov-2.c gcov: 3 failures in line counts
FAIL: gcc.misc-tests/gcov-3.c execution test
FAIL: gcc.misc-tests/gcov-3.c gcov: 2 failures in line counts
FAIL: gcc.misc-tests/gcov-4.c execution test
FAIL: gcc.misc-tests/gcov-4.c gcov: 50 failures in line counts
FAIL: gcc.misc-tests/gcov-4b.c execution test
FAIL: gcc.misc-tests/gcov-4b.c gcov: 24 failures in branch percentages
FAIL: gcc.misc-tests/gcov-5b.c execution test
FAIL: gcc.misc-tests/gcov-6.c execution test
FAIL: gcc.misc-tests/gcov-6.c gcov: 3 failures in line counts, 1 in 
branch percentages, 3 in return percentages
FAIL: gcc.misc-tests/gcov-7.c execution test
FAIL: gcc.misc-tests/gcov-7.c gcov: 9 failures in line counts, 3 in 
branch percentages, 4 in return percentages

		=== gcc Summary ===

# of expected passes		16449
# of unexpected failures	57
# of expected failures		43
# of unresolved testcases	28
# of unsupported tests		57
/home/chj/objdir-gcc/gcc/xgcc version 3.1 20011214 (experimental)

		=== objc tests ===


Running target unix
FAIL: objc/execute/formal_protocol-6.m execution,  -O

		=== objc Summary ===

# of expected passes		216
# of unexpected failures	1
/home/chj/objdir-gcc/gcc/xgcc version 3.1 20011214 (experimental)

		=== libstdc++-v3 tests ===


Running target unix
FAIL: 18_support/numeric_limits.cc execution test
XPASS: 22_locale/collate_members_wchar_t.cc execution test

		=== libstdc++-v3 Summary ===

# of expected passes		331
# of unexpected failures	1
# of unexpected successes	1
# of expected failures		28

Compiler version: 3.1 20011214 (experimental)
Platform: sparc-unknown-linux-gnu
configure flags: --host=sparc-unknown-linux-gnu 
--enable-languages=c,c++,f77,objc --disable-shared
Counting all warnings,
there are 772 warnings in stage3 of this bootstrap.

Number of warnings per file:
     122	gcc/gcc.c
     105	gcc/objc/objc-act.c
     105	gcc/gcov.c
      66	gcc/config/sparc/sparc.c
      56	gcc/sched-vis.c
      35	gcc/cppfiles.c
      28	gcc/genextract.c
      28	gcc/dwarf2out.c
      28	gcc/collect2.c
      22	gcc/profile.c
      22	gcc/combine.c
      21	gcc/varasm.c
      21	gcc/gensupport.c
      14	gcc/mkdeps.c
      14	gcc/genrecog.c
       7	gcc/tradcpp.c
       7	gcc/stmt.c
       7	gcc/read-rtl.c
       7	gcc/hash.c
       7	gcc/genattrtab.c
       7	gcc/final.c
       7	gcc/attribs.c
       7	cxxmain.c
       6	gcc/cse.c
       6	gcc/cp/pt.c
       5	gcc/emit-rtl.c
       3	gcc/fold-const.c
       2	gcc/reload1.c
       1	gcc/regmove.c
       1	gcc/objc/lang-specs.h
       1	gcc/function.c
       1	gcc/cp/lang-specs.h
       1	gcc/cp/error.c
       1	gcc/cfgcleanup.c
       1	gcc/builtins.c

Number of warning types:
     714	traditional C rejects automatic aggregate initialization
      38	comparison between signed and unsigned
      11	signed and unsigned type in conditional expression
       5	string length \`???' is greater than the length \`???' ISO C89 
compilers are required to support
       2	unused parameter \`???'
       1	pointer targets in passing arg ??? of \`???' differ in signedness
       1	\`???' defined but not used
cxxmain.c
       6	gcc/cse.c
       6	gcc/cp/pt.c
       5	gcc/emit-rtl.c
       3	gcc/fold-const.c
       2	gcc/reload1.c
       1	gcc/regmove.c
       1	gcc/objc/lang-specs.h
       1	gcc/function.c
       1	gcc/cp/lang-specs.h
       1	gcc/cp/error.c
       1	gcc/cfgcleanup.c
       1	gcc/builtins.c

Number of warning types:
     714	traditional C rejects automatic aggregate initialization
      38	comparison between signed and unsigned
      11	signed and unsigned type in conditional expression
       5	string length \`???' is greater than the length \`???' ISO C89 
compilers are required to support
       2	unused parameter \`???'
       1	pointer targets in passing arg ??? of \`???' differ in signedness
       1	\`???' defined but not used



More information about the Gcc-testresults mailing list