Results for 3.1 20011210 (experimental) testsuite on i386-unknown-freebsd4.0
Alexandre Oliva
oliva@mish.cs.utah.edu
Wed Dec 12 14:33:00 GMT 2001
Native configuration is i386-unknown-freebsd4.0
=== binutils tests ===
Running target unix
=== binutils Summary ===
# of expected passes 26
=== g++ tests ===
Running target unix
FAIL: g++.dg/eh/omit-frame-pointer.C execution test
FAIL: g++.dg/template/recurse.C (test for excess errors)
FAIL: g++.eh/badalloc1.C Execution test
FAIL: g++.other/enum5.C (test for excess errors)
FAIL: g++.other/init15.C caused compiler crash
XPASS: g++.pt/decl2.C ICE - (test for errors, line 8)
XPASS: g++.robertl/eb17.C Execution test
=== g++ Summary ===
# of expected passes 6728
# of unexpected failures 5
# of unexpected successes 2
# of expected failures 93
# of untested testcases 15
# of unsupported tests 1
/x/oliva/egcs/gcc/testsuite/../g++ version 3.1 20011210 (experimental)
=== g77 tests ===
Running target unix
FAIL: g77.f-torture/execute/io1.f execution, -O0
FAIL: g77.f-torture/execute/io1.f execution, -O1
FAIL: g77.f-torture/execute/io1.f execution, -O2
FAIL: g77.f-torture/execute/io1.f execution, -O3 -fomit-frame-pointer
FAIL: g77.f-torture/execute/io1.f execution, -O3 -g
FAIL: g77.f-torture/execute/io1.f execution, -Os
=== g77 Summary ===
# of expected passes 1338
# of unexpected failures 6
# of unsupported tests 8
/x/oliva/egcs/gcc/testsuite/../g77 version 3.1 20011210 (experimental)
=== gas tests ===
Running target unix
=== gas Summary ===
# of expected passes 73
=== gcc tests ===
Running target unix
FAIL: gcc.c-torture/compile/20011114-1.c, -O0
FAIL: gcc.c-torture/compile/20011114-1.c, -O1
FAIL: gcc.c-torture/compile/20011114-1.c, -O2
FAIL: gcc.c-torture/compile/20011114-1.c, -O3 -fomit-frame-pointer
FAIL: gcc.c-torture/compile/20011114-1.c, -O3 -g
FAIL: gcc.c-torture/compile/20011114-1.c, -Os
FAIL: gcc.c-torture/execute/loop-2c.c execution, -Os
FAIL: gcc.c-torture/execute/loop-2d.c execution, -Os
FAIL: gcc.c-torture/execute/loop-3c.c execution, -Os
XPASS: gcc.c-torture/execute/ieee/rbug.c execution, -O3 -fomit-frame-pointer
XPASS: gcc.c-torture/execute/ieee/rbug.c execution, -O3 -g
FAIL: gcc.dg/20011130-1.c (test for excess errors)
FAIL: gcc.dg/c99-intconst-1.c (test for excess errors)
FAIL: gcc.dg/wchar_t-1.c (test for excess errors)
FAIL: gcc.dg/wint_t-1.c (test for excess errors)
FAIL: gcc.dg/format/c99-scanf-3.c vfscanf (test for warnings, line 21)
FAIL: gcc.dg/format/c99-scanf-3.c vfscanf (test for warnings, line 21)
FAIL: gcc.dg/format/ext-6.c vfscanf (test for warnings, line 38)
FAIL: gcc.dg/format/ext-6.c vfscanf (test for warnings, line 38)
FAIL: gcc.dg/special/gcsec-1.c execution test
=== gcc Summary ===
# of expected passes 16515
# of unexpected failures 18
# of unexpected successes 2
# of expected failures 47
# of unsupported tests 32
/x/oliva/egcs/gcc/xgcc version 3.1 20011210 (experimental)
=== ld tests ===
Running target unix
FAIL: bootstrap
FAIL: bootstrap with strip
FAIL: bootstrap with --static
FAIL: bootstrap with --traditional-format
FAIL: bootstrap with --no-keep-memory
FAIL: cdtest
FAIL: cdtest with -Ur
XPASS: undefined line
=== ld Summary ===
# of expected passes 17
# of unexpected failures 7
# of unexpected successes 1
# of expected failures 1
=== objc tests ===
Running target unix
FAIL: objc/execute/formal_protocol-6.m execution, -O
=== objc Summary ===
# of expected passes 209
# of unexpected failures 1
/x/oliva/egcs/gcc/xgcc version 3.1 20011210 (experimental)
Compiler version: 3.1 20011210 (experimental)
Platform: i386-unknown-freebsd4.0
BOOT_CFLAGS: standard
More information about the Gcc-testresults
mailing list