Results for 3.1 20011211 (experimental) testsuite on alphaev6-unknown-linux-gnu

Richard Henderson rth@cygnus.com
Tue Dec 11 22:43:00 GMT 2001


LAST_UPDATED: Wed Dec 12 02:56:23 UTC 2001

Native configuration is alphaev6-unknown-linux-gnu

		=== libjava tests ===


Running target unix
FAIL: findclass output
FAIL: martin output
FAIL: register run
FAIL: throwit run
FAIL: Array_1 execution from source compiled test
FAIL: Array_1 execution from bytecode->native test
FAIL: Array_1 -O execution from source compiled test
FAIL: Array_1 -O execution from bytecode->native test
FAIL: StringBuffer_1 execution from source compiled test
FAIL: StringBuffer_1 execution from bytecode->native test
FAIL: StringBuffer_1 -O execution from source compiled test
FAIL: StringBuffer_1 -O execution from bytecode->native test
XPASS: stringconst output from bytecode->native test
XPASS: stringconst -O output from bytecode->native test
FAIL: stringconst2 output from source compiled test
FAIL: stringconst2 output from bytecode->native test
FAIL: stringconst2 -O output from source compiled test
FAIL: stringconst2 -O output from bytecode->native test
FAIL: invokethrow output from bytecode->native test
FAIL: invokethrow -O output from bytecode->native test
XPASS: PR3731 output from source compiled test
XPASS: PR3731 output from bytecode->native test
XPASS: PR3731 -O output from source compiled test
XPASS: PR3731 -O output from bytecode->native test
FAIL: SyncTest execution from bytecode->native test
FAIL: SyncTest -O execution from bytecode->native test

		=== libjava Summary ===

# of expected passes		1868
# of unexpected failures	20
# of unexpected successes	6
# of expected failures		12
# of untested testcases		28
		=== libstdc++-v3 tests ===


Running target unix
FAIL: 18_support/numeric_limits.cc execution test
XPASS: 22_locale/collate_members_wchar_t.cc execution test

		=== libstdc++-v3 Summary ===

# of expected passes		332
# of unexpected failures	1
# of unexpected successes	1
# of expected failures		27
		=== g77 tests ===


Running target unix
FAIL: g77.f-torture/execute/20010430.f execution,  -O2 
FAIL: g77.f-torture/execute/20010430.f execution,  -O3 -fomit-frame-pointer 
FAIL: g77.f-torture/execute/20010430.f execution,  -O3 -fomit-frame-pointer -funroll-loops 
FAIL: g77.f-torture/execute/20010430.f execution,  -O3 -fomit-frame-pointer -funroll-all-loops -finline-functions 
FAIL: g77.f-torture/execute/20010430.f execution,  -O3 -g 

		=== g77 Summary ===

# of expected passes		1339
# of unexpected failures	5
# of unsupported tests		8
/castro/street/rth/gcc/build/axp/gcc/testsuite/../g77 version 3.1 20011211 (experimental)

		=== gcc tests ===


Running target unix
FAIL: gcc.c-torture/execute/20000605-1.c execution,  -O2 
FAIL: gcc.c-torture/execute/20000605-1.c execution,  -O3 -fomit-frame-pointer 
FAIL: gcc.c-torture/execute/20000605-1.c execution,  -O3 -fomit-frame-pointer -funroll-loops 
FAIL: gcc.c-torture/execute/20000605-1.c execution,  -O3 -fomit-frame-pointer -funroll-all-loops -finline-functions 
FAIL: gcc.c-torture/execute/20000605-1.c execution,  -O3 -g 
FAIL: gcc.c-torture/execute/20000605-1.c execution,  -Os 
FAIL: gcc.c-torture/execute/20011008-3.c execution,  -O3 -fomit-frame-pointer 
FAIL: gcc.c-torture/execute/20011008-3.c execution,  -O3 -fomit-frame-pointer -funroll-loops 
FAIL: gcc.c-torture/execute/20011008-3.c execution,  -O3 -fomit-frame-pointer -funroll-all-loops -finline-functions 
FAIL: gcc.c-torture/execute/20011008-3.c execution,  -O3 -g 
FAIL: gcc.dg/20011130-1.c (test for excess errors)

		=== gcc Summary ===

# of expected passes		16481
# of unexpected failures	11
# of expected failures		47
# of unsupported tests		61
/castro/street/rth/gcc/build/axp/gcc/xgcc version 3.1 20011211 (experimental)

		=== g++ tests ===


Running target unix
FAIL: g++.dg/eh/registers1.C execution test
FAIL: g++.dg/init/init-ref2.C execution test
FAIL: g++.eh/badalloc1.C  Execution test
FAIL: g++.jason/thunk3.C (test for excess errors)
FAIL: g++.other/enum5.C (test for excess errors)
XPASS: g++.pt/decl2.C ICE - (test for errors, line 8)
XPASS: g++.robertl/eb17.C  Execution test

		=== g++ Summary ===

# of expected passes		6718
# of unexpected failures	5
# of unexpected successes	2
# of expected failures		95
# of untested testcases		20
# of unsupported tests		1
/castro/street/rth/gcc/build/axp/gcc/testsuite/../g++ version 3.1 20011211 (experimental)

		=== objc tests ===


Running target unix
FAIL: objc/execute/formal_protocol-6.m execution,  -O 

		=== objc Summary ===

# of expected passes		210
# of unexpected failures	1
/castro/street/rth/gcc/build/axp/gcc/xgcc version 3.1 20011211 (experimental)


Compiler version: 3.1 20011211 (experimental) 
Platform: alphaev6-unknown-linux-gnu
configure flags: --host=alphaev6-unknown-linux-gnu --prefix=/castro/street/H-alpha-linux --enable-threads



More information about the Gcc-testresults mailing list