Results for 3.1 20011211 (experimental) testsuite on i686-pc-linux-gnu

Brad Lucier lucier@IRO.UMontreal.CA
Tue Dec 11 15:36:00 GMT 2001


LAST_UPDATED: Tue Dec 11 21:36:19 UTC 2001

Native configuration is i686-pc-linux-gnu

		=== g++ tests ===


Running target unix
FAIL: g++.eh/badalloc1.C  Execution test
FAIL: g++.other/enum5.C (test for excess errors)
XPASS: g++.pt/decl2.C ICE - (test for errors, line 8)
XPASS: g++.robertl/eb17.C  Execution test

		=== g++ Summary ===

# of expected passes		6739
# of unexpected failures	2
# of unexpected successes	2
# of expected failures		94
# of untested testcases		9
/u/lucier/programs/gcc/gcc-3.1/objdir/gcc/testsuite/../g++ version 3.1 20011211 (experimental)

		=== g77 tests ===


Running target unix

		=== g77 Summary ===

# of expected passes		1360
/u/lucier/programs/gcc/gcc-3.1/objdir/gcc/testsuite/../g77 version 3.1 20011211 (experimental)

		=== gcc tests ===


Running target unix
FAIL: gcc.c-torture/compile/20001226-1.c,  -O3 -g  
FAIL: gcc.c-torture/compile/20011114-1.c,  -O0  
FAIL: gcc.c-torture/compile/20011114-1.c,  -O1  
FAIL: gcc.c-torture/compile/20011114-1.c,  -O2  
FAIL: gcc.c-torture/compile/20011114-1.c,  -O3 -fomit-frame-pointer  
FAIL: gcc.c-torture/compile/20011114-1.c,  -O3 -g  
FAIL: gcc.c-torture/compile/20011114-1.c,  -Os  
FAIL: gcc.dg/c99-intconst-1.c (test for excess errors)

		=== gcc Summary ===

# of expected passes		16543
# of unexpected failures	8
# of expected failures		47
# of unsupported tests		28
/u/lucier/programs/gcc/gcc-3.1/objdir/gcc/xgcc version 3.1 20011211 (experimental)

		=== objc tests ===


Running target unix
FAIL: objc/execute/formal_protocol-6.m execution,  -O 
FAIL: objc.dg/const-str-1.m (test for excess errors)

		=== objc Summary ===

# of expected passes		209
# of unexpected failures	2
/u/lucier/programs/gcc/gcc-3.1/objdir/gcc/xgcc version 3.1 20011211 (experimental)

		=== libjava tests ===


Running target unix
FAIL: findclass output
FAIL: martin output
FAIL: register run
FAIL: throwit run
XPASS: PR3731 output from source compiled test
XPASS: PR3731 output from bytecode->native test
XPASS: PR3731 -O output from source compiled test
XPASS: PR3731 -O output from bytecode->native test
FAIL: Primes output from source compiled test
FAIL: Primes -O output from source compiled test
FAIL: Primes -O output from bytecode->native test
FAIL: StringBuffer_1 execution from source compiled test
FAIL: StringBuffer_1 execution from bytecode->native test
FAIL: StringBuffer_1 -O execution from source compiled test
FAIL: StringBuffer_1 -O execution from bytecode->native test
FAIL: TLtest compilation from bytecode
FAIL: TLtest -O compilation from bytecode
XPASS: stringconst output from bytecode->native test
XPASS: stringconst -O output from bytecode->native test

		=== libjava Summary ===

# of expected passes		1801
# of unexpected failures	13
# of unexpected successes	6
# of expected failures		12
# of untested testcases		102
		=== libstdc++-v3 tests ===


Running target unix
XPASS: 22_locale/collate_members_wchar_t.cc execution test
XPASS: 22_locale/time_put_members_char.cc execution test

		=== libstdc++-v3 Summary ===

# of expected passes		333
# of unexpected successes	2
# of expected failures		26

Compiler version: 3.1 20011211 (experimental) 
Platform: i686-pc-linux-gnu
configure flags: --host=i686-pc-linux-gnu --enable-languages=c,c++,java,f77,objc
Counting all warnings,
there are 52 warnings in stage3 of this bootstrap.

Number of warnings per file:
     23	gcc/combine.c
      6	gcc/cp/pt.c
      5	gcc/emit-rtl.c
      5	gcc/cse.c
      3	gcc/gcc.c
      3	gcc/fold-const.c
      1	insn-emit.c
      1	gcc/regmove.c
      1	gcc/profile.c
      1	gcc/objc/lang-specs.h
      1	gcc/java/jvspec.c
      1	gcc/function.c
      1	gcc/cp/lang-specs.h

Number of warning types:
     39	comparison between signed and unsigned
      6	string length \`???' is greater than the length \`???' ISO C89 compilers are required to support
      6	signed and unsigned type in conditional expression
      1	pointer targets in passing arg ??? of \`???' differ in signedness



More information about the Gcc-testresults mailing list