Results for 3.1 20011210 (experimental) testsuite on i686-pc-linux-gnu

Andreas Schwab schwab@suse.de
Tue Dec 11 14:02:00 GMT 2001


LAST_UPDATED: Mon Dec 10 10:25:32 UTC 2001

Native configuration is i686-pc-linux-gnu

		=== g++ tests ===


Running target unix
FAIL: g++.dg/template/recurse.C (test for excess errors)
FAIL: g++.eh/badalloc1.C  Execution test
FAIL: g++.other/enum5.C (test for excess errors)
XPASS: g++.pt/decl2.C ICE - (test for errors, line 8)
XPASS: g++.robertl/eb17.C  Execution test

		=== g++ Summary ===

# of expected passes		6737
# of unexpected failures	3
# of unexpected successes	2
# of expected failures		93
# of untested testcases		9
/tmp/cvs/test/gcc/gcc/testsuite/../g++ version 3.1 20011210 (experimental)

		=== g77 tests ===


Running target unix

		=== g77 Summary ===

# of expected passes		1360
/tmp/cvs/test/gcc/gcc/testsuite/../g77 version 3.1 20011210 (experimental)

		=== gcc tests ===


Running target unix
FAIL: gcc.c-torture/compile/20011114-1.c,  -O0  
FAIL: gcc.c-torture/compile/20011114-1.c,  -O1  
FAIL: gcc.c-torture/compile/20011114-1.c,  -O2  
FAIL: gcc.c-torture/compile/20011114-1.c,  -O3 -fomit-frame-pointer  
FAIL: gcc.c-torture/compile/20011114-1.c,  -O3 -g  
FAIL: gcc.c-torture/compile/20011114-1.c,  -Os  
FAIL: gcc.dg/c99-intconst-1.c (test for excess errors)

		=== gcc Summary ===

# of expected passes		16539
# of unexpected failures	7
# of expected failures		47
# of unsupported tests		28
/tmp/cvs/test/gcc/gcc/xgcc version 3.1 20011210 (experimental)

		=== objc tests ===


Running target unix
FAIL: objc/execute/formal_protocol-6.m execution,  -O 

		=== objc Summary ===

# of expected passes		209
# of unexpected failures	1
/tmp/cvs/test/gcc/gcc/xgcc version 3.1 20011210 (experimental)

		=== libjava tests ===


Running target unix
FAIL: register run
XPASS: PR3731 output from source compiled test
XPASS: PR3731 output from bytecode->native test
XPASS: PR3731 -O output from source compiled test
XPASS: PR3731 -O output from bytecode->native test
XPASS: stringconst output from bytecode->native test
XPASS: stringconst -O output from bytecode->native test

		=== libjava Summary ===

# of expected passes		1897
# of unexpected failures	1
# of unexpected successes	6
# of expected failures		12
# of untested testcases		17
		=== libstdc++-v3 tests ===


Running target unix
XPASS: 22_locale/collate_members_wchar_t.cc execution test
XPASS: 22_locale/time_put_members_char.cc execution test

		=== libstdc++-v3 Summary ===

# of expected passes		331
# of unexpected successes	2
# of expected failures		26

Compiler version: 3.1 20011210 (experimental) 
Platform: i686-pc-linux-gnu
configure flags: --host=i686-linux --prefix=/usr/local/i386-linux --enable-shared --enable-threads --with-system-zlib



More information about the Gcc-testresults mailing list