Results for 3.1 20011210 (experimental) testsuite on i586-redhat-linux-gnu
Gcc k6 testing account
caligula@cam029208.student.utwente.nl
Tue Dec 11 01:32:00 GMT 2001
Gcc bootstrap for target k6-redhat-linux-gnu on the following system
====================================================================
Red Hat Linux release 7.0 (Guinness)
Kernel 2.4.16 on an i586
Gnu C 2.96
binutils 2.11.90.0.8
Linux C Library 2.2.4
Dynamic linker (ldd) 2.2.4
RPM versions:
gcc-2.96-97
binutils-2.11.90.0.8-8
glibc-2.2.4-18.7.0
dejagnu-1.4.1-3
====================================================================
LAST_UPDATED: Tue Dec 11 01:06:28 UTC 2001
Native configuration is i586-redhat-linux-gnu
=== g++ tests ===
Running target unix
FAIL: g++.dg/eh/omit-frame-pointer.C execution test
FAIL: g++.dg/template/recurse.C (test for excess errors)
FAIL: g++.eh/badalloc1.C Execution test
FAIL: g++.other/enum5.C (test for excess errors)
XPASS: g++.pt/decl2.C ICE - (test for errors, line 8)
XPASS: g++.robertl/eb17.C Execution test
=== g++ Summary ===
# of expected passes 6737
# of unexpected failures 4
# of unexpected successes 2
# of expected failures 93
# of untested testcases 9
/home/caligula/cvs/gcc-head/objdir/gcc/testsuite/../g++ version 3.1 20011210 (experimental)
=== g77 tests ===
Running target unix
=== g77 Summary ===
# of expected passes 1344
# of unsupported tests 8
/home/caligula/cvs/gcc-head/objdir/gcc/testsuite/../g77 version 3.1 20011210 (experimental)
=== gcc tests ===
Running target unix
FAIL: gcc.c-torture/compile/20001226-1.c, -Os
FAIL: gcc.c-torture/compile/20011114-1.c, -O0
FAIL: gcc.c-torture/compile/20011114-1.c, -O1
FAIL: gcc.c-torture/compile/20011114-1.c, -O2
FAIL: gcc.c-torture/compile/20011114-1.c, -O3 -fomit-frame-pointer
FAIL: gcc.c-torture/compile/20011114-1.c, -O3 -g
FAIL: gcc.c-torture/compile/20011114-1.c, -Os
FAIL: gcc.c-torture/execute/dbra-1.c execution, -O3 -fomit-frame-pointer
FAIL: gcc.c-torture/execute/dbra-1.c execution, -O3 -g
FAIL: gcc.c-torture/execute/loop-2c.c execution, -Os
FAIL: gcc.c-torture/execute/loop-2d.c execution, -Os
FAIL: gcc.c-torture/execute/loop-3c.c execution, -Os
FAIL: gcc.dg/c99-intconst-1.c (test for excess errors)
=== gcc Summary ===
# of expected passes 16537
# of unexpected failures 13
# of expected failures 43
# of unsupported tests 28
/home/caligula/cvs/gcc-head/objdir/gcc/xgcc version 3.1 20011210 (experimental)
=== objc tests ===
Running target unix
FAIL: objc/execute/formal_protocol-6.m execution, -O
=== objc Summary ===
# of expected passes 209
# of unexpected failures 1
/home/caligula/cvs/gcc-head/objdir/gcc/xgcc version 3.1 20011210 (experimental)
=== libjava tests ===
Running target unix
FAIL: register run
XPASS: PR3731 output from source compiled test
XPASS: PR3731 output from bytecode->native test
XPASS: PR3731 -O output from source compiled test
XPASS: PR3731 -O output from bytecode->native test
FAIL: Primes output from source compiled test
FAIL: Primes output from bytecode->native test
FAIL: Primes -O output from source compiled test
FAIL: Primes -O output from bytecode->native test
XPASS: stringconst output from bytecode->native test
XPASS: stringconst -O output from bytecode->native test
=== libjava Summary ===
# of expected passes 1893
# of unexpected failures 5
# of unexpected successes 6
# of expected failures 12
# of untested testcases 17
=== libstdc++-v3 tests ===
Running target unix
XPASS: 22_locale/collate_members_wchar_t.cc execution test
XPASS: 22_locale/time_put_members_char.cc execution test
=== libstdc++-v3 Summary ===
# of expected passes 331
# of unexpected successes 2
# of expected failures 26
Compiler version: 3.1 20011210 (experimental)
Platform: i586-redhat-linux-gnu
configure flags: --prefix=/opt/k6/gcc-head --host=k6-redhat-linux-gnu --target=k6-redhat-linux-gnu --enable-languages=c,c++,objc,f77,java --enable-threads=posix
More information about the Gcc-testresults
mailing list