Results for 3.1 20011210 (experimental) testsuite on i686-pc-linux-gnu
Andris Pavenis
andris@hal.astr.lu.lv
Mon Dec 10 20:20:00 GMT 2001
Last updated from CVS: 2001 Dec 11 04:03 +0200
System: Linux kernel 2.4.17pre2
glibc-2.2.3
binutils-2.11.90.0.31
LAST_UPDATED: Tue Dec 11 02:03:56 UTC 2001
Native configuration is i686-pc-linux-gnu
=== g++ tests ===
Running target unix
FAIL: g++.dg/template/recurse.C (test for excess errors)
FAIL: g++.eh/badalloc1.C Execution test
FAIL: g++.other/enum5.C (test for excess errors)
XPASS: g++.pt/decl2.C ICE - (test for errors, line 8)
XPASS: g++.robertl/eb17.C Execution test
=== g++ Summary ===
# of expected passes 6740
# of unexpected failures 3
# of unexpected successes 2
# of expected failures 93
# of untested testcases 9
/disk2/cvs/gcc31/build/build.lnx/gcc/testsuite/../g++ version 3.1 20011210 (experimental)
=== g77 tests ===
Running target unix
=== g77 Summary ===
# of expected passes 1360
/disk2/cvs/gcc31/build/build.lnx/gcc/testsuite/../g77 version 3.1 20011210 (experimental)
=== gcc tests ===
Running target unix
FAIL: gcc.c-torture/compile/20011114-1.c, -O0
FAIL: gcc.c-torture/compile/20011114-1.c, -O1
FAIL: gcc.c-torture/compile/20011114-1.c, -O2
FAIL: gcc.c-torture/compile/20011114-1.c, -O3 -fomit-frame-pointer
FAIL: gcc.c-torture/compile/20011114-1.c, -O3 -g
FAIL: gcc.c-torture/compile/20011114-1.c, -Os
FAIL: gcc.dg/c99-intconst-1.c (test for excess errors)
FAIL: gcc.dg/format/c99-scanf-1.c %hhu sign (test for warnings, line 144)
=== gcc Summary ===
# of expected passes 16538
# of unexpected failures 8
# of expected failures 47
# of unsupported tests 28
/disk2/cvs/gcc31/build/build.lnx/gcc/xgcc version 3.1 20011210 (experimental)
=== objc tests ===
Running target unix
FAIL: objc/execute/formal_protocol-6.m execution, -O
=== objc Summary ===
# of expected passes 209
# of unexpected failures 1
/disk2/cvs/gcc31/build/build.lnx/gcc/xgcc version 3.1 20011210 (experimental)
=== libstdc++-v3 tests ===
Running target unix
XPASS: 22_locale/collate_members_wchar_t.cc execution test
XPASS: 22_locale/time_put_members_char.cc execution test
=== libstdc++-v3 Summary ===
# of expected passes 331
# of unexpected successes 2
# of expected failures 26
Compiler version: 3.1 20011210 (experimental)
Platform: i686-pc-linux-gnu
configure flags: --host=i686-pc-linux-gnu --prefix=/disk2/gcc31 --enable-shared --enable-languages=c,c++,f77,objc --verbose --enable-threads=posix
Counting all warnings,
there are 51 warnings in stage3 of this bootstrap.
Number of warnings per file:
23 gcc/combine.c
6 gcc/cp/pt.c
5 gcc/emit-rtl.c
5 gcc/cse.c
3 gcc/gcc.c
3 gcc/fold-const.c
1 insn-emit.c
1 gcc/regmove.c
1 gcc/profile.c
1 gcc/objc/lang-specs.h
1 gcc/function.c
1 gcc/cp/lang-specs.h
Number of warning types:
39 comparison between signed and unsigned
6 signed and unsigned type in conditional expression
5 string length `???' is greater than the length `???' ISO C89 compilers are required to support
1 pointer targets in passing arg ??? of `???' differ in signedness
More information about the Gcc-testresults
mailing list