Results for 3.1 20011209 (experimental) testsuite on mips-sgi-i rix6.5

Billinghurst, David (CRTS) David.Billinghurst@riotinto.com
Mon Dec 10 04:19:00 GMT 2001


With changes to testsuite:
* set LD_LIBRARYN32_PATH externally
* set LD_LIBRARY64_PATH externally
* don't set LD_LIBRARYN32_PATH in g++.exp or objc.exp
* don't set LD_LIBRARY64_PATH in g++.exp or objc.exp

These changes enable the testsuite to run, but are not 
the permanent solution.  One possible solution is 
http://gcc.gnu.org/ml/gcc-patches/2000-11/msg01537.html

LAST_UPDATED: Sun Dec 09 23:25:44 2001

Native configuration is mips-sgi-irix6.5

		=== g77 tests ===


Running target unix
FAIL: g77.f-torture/execute/20010430.f execution,  -O2 
FAIL: g77.f-torture/execute/20010430.f execution,  -O3 -fomit-frame-pointer 
FAIL: g77.f-torture/execute/20010430.f execution,  -O3 -fomit-frame-pointer
-funroll-loops 
FAIL: g77.f-torture/execute/20010430.f execution,  -O3 -fomit-frame-pointer
-funroll-all-loops -finline-functions 
FAIL: g77.f-torture/execute/20010430.f execution,  -O3 -g 

		=== g77 Summary for unix ===

# of expected passes		1317
# of unexpected failures	5
# of expected failures		14
# of untested testcases		8
# of unsupported tests		8

Running target unix/-mabi=64
FAIL: g77.f-torture/compile/20000511-2.f,  -O0  
FAIL: g77.f-torture/compile/20000511-2.f,  -O1  
FAIL: g77.f-torture/compile/20000511-2.f,  -O2  
FAIL: g77.f-torture/compile/20000511-2.f,  -O3 -fomit-frame-pointer  
FAIL: g77.f-torture/compile/20000511-2.f,  -O3 -fomit-frame-pointer
-funroll-loops  
FAIL: g77.f-torture/compile/20000511-2.f,  -O3 -fomit-frame-pointer
-funroll-all-loops -finline-functions  
FAIL: g77.f-torture/compile/20000511-2.f,  -O3 -g  
FAIL: g77.f-torture/compile/20000511-2.f,  -Os  
FAIL: g77.f-torture/compile/980310-3.f,  -O0  
FAIL: g77.f-torture/compile/980310-3.f,  -O1  
FAIL: g77.f-torture/compile/980310-3.f,  -O2  
FAIL: g77.f-torture/compile/980310-3.f,  -O3 -fomit-frame-pointer  
FAIL: g77.f-torture/compile/980310-3.f,  -O3 -fomit-frame-pointer
-funroll-loops  
FAIL: g77.f-torture/compile/980310-3.f,  -O3 -fomit-frame-pointer
-funroll-all-loops -finline-functions  
FAIL: g77.f-torture/compile/980310-3.f,  -O3 -g  
FAIL: g77.f-torture/compile/980310-3.f,  -Os  
FAIL: g77.f-torture/compile/19990905-2.f,  -O0  
FAIL: g77.f-torture/compile/19990905-2.f,  -O1  
FAIL: g77.f-torture/compile/19990905-2.f,  -O2  
FAIL: g77.f-torture/compile/19990905-2.f,  -O3 -fomit-frame-pointer  
FAIL: g77.f-torture/compile/19990905-2.f,  -O3 -g  
FAIL: g77.f-torture/compile/19990905-2.f,  -Os  
FAIL: g77.f-torture/compile/19990905-0.f,  -O0  
FAIL: g77.f-torture/compile/19990905-0.f,  -O1  
FAIL: g77.f-torture/compile/19990905-0.f,  -O2  
FAIL: g77.f-torture/compile/19990905-0.f,  -O3 -fomit-frame-pointer  
FAIL: g77.f-torture/compile/19990905-0.f,  -O3 -g  
FAIL: g77.f-torture/compile/19990905-0.f,  -Os  
FAIL: g77.f-torture/execute/19981119-0.f compilation,  -O0 
FAIL: g77.f-torture/execute/19981119-0.f compilation,  -O1 
FAIL: g77.f-torture/execute/19981119-0.f compilation,  -O2 
FAIL: g77.f-torture/execute/19981119-0.f compilation,  -O3
-fomit-frame-pointer 
FAIL: g77.f-torture/execute/19981119-0.f compilation,  -O3 -g 
FAIL: g77.f-torture/execute/19981119-0.f compilation,  -Os 
FAIL: g77.f-torture/execute/20010116.f compilation,  -O0 
FAIL: g77.f-torture/execute/20010116.f compilation,  -O1 
FAIL: g77.f-torture/execute/20010116.f compilation,  -O2 
FAIL: g77.f-torture/execute/20010116.f compilation,  -O3
-fomit-frame-pointer 
FAIL: g77.f-torture/execute/20010116.f compilation,  -O3
-fomit-frame-pointer -funroll-loops 
FAIL: g77.f-torture/execute/20010116.f compilation,  -O3
-fomit-frame-pointer -funroll-all-loops -finline-functions 
FAIL: g77.f-torture/execute/20010116.f compilation,  -O3 -g 
FAIL: g77.f-torture/execute/20010116.f compilation,  -Os 
FAIL: g77.f-torture/execute/20010430.f execution,  -O2 
FAIL: g77.f-torture/execute/20010430.f execution,  -O3 -fomit-frame-pointer 
FAIL: g77.f-torture/execute/20010430.f execution,  -O3 -fomit-frame-pointer
-funroll-loops 
FAIL: g77.f-torture/execute/20010430.f execution,  -O3 -fomit-frame-pointer
-funroll-all-loops -finline-functions 
FAIL: g77.f-torture/execute/20010430.f execution,  -O3 -g 
FAIL: g77.f-torture/execute/labug1.f compilation,  -O2 
FAIL: g77.f-torture/execute/labug1.f compilation,  -O3 -fomit-frame-pointer 
FAIL: g77.f-torture/execute/labug1.f compilation,  -O3 -fomit-frame-pointer
-funroll-loops 
FAIL: g77.f-torture/execute/labug1.f compilation,  -O3 -fomit-frame-pointer
-funroll-all-loops -finline-functions 
FAIL: g77.f-torture/execute/labug1.f compilation,  -O3 -g 

		=== g77 Summary for unix/-mabi=64 ===

# of expected passes		1251
# of unexpected failures	52
# of expected failures		14
# of untested testcases		27
# of unsupported tests		8

		=== g77 Summary ===

# of expected passes		2568
# of unexpected failures	57
# of expected failures		28
# of untested testcases		35
# of unsupported tests		16
/exd4/billingd/obj/gcc-mainline/gcc/testsuite/../g77 version 3.1 20011209
(experimental)

		=== gcc tests ===


Running target unix
FAIL: gcc.c-torture/compile/packed-1.c,  -O0  
FAIL: gcc.c-torture/compile/packed-1.c,  -O1  
FAIL: gcc.c-torture/compile/packed-1.c,  -O2  
FAIL: gcc.c-torture/compile/packed-1.c,  -O3 -fomit-frame-pointer  
FAIL: gcc.c-torture/compile/packed-1.c,  -O3 -g  
FAIL: gcc.c-torture/compile/packed-1.c,  -Os  
FAIL: gcc.c-torture/compile/structs.c,  -O1  
FAIL: gcc.c-torture/compile/20001226-1.c,  -O2  
FAIL: gcc.c-torture/compile/20001226-1.c,  -O3 -fomit-frame-pointer  
FAIL: gcc.c-torture/compile/20001226-1.c,  -O3 -g  
FAIL: gcc.c-torture/compile/20001226-1.c,  -Os  
FAIL: gcc.c-torture/compile/20011114-1.c,  -O0  
FAIL: gcc.c-torture/compile/20011114-1.c,  -O1  
FAIL: gcc.c-torture/compile/20011114-1.c,  -O2  
FAIL: gcc.c-torture/compile/20011114-1.c,  -O3 -fomit-frame-pointer  
FAIL: gcc.c-torture/compile/20011114-1.c,  -O3 -g  
FAIL: gcc.c-torture/compile/20011114-1.c,  -Os  
FAIL: gcc.c-torture/compile/20011119-2.c,  -O0  
FAIL: gcc.c-torture/compile/20011119-2.c,  -O1  
FAIL: gcc.c-torture/compile/20011119-2.c,  -O2  
FAIL: gcc.c-torture/compile/20011119-2.c,  -O3 -fomit-frame-pointer  
FAIL: gcc.c-torture/compile/20011119-2.c,  -O3 -g  
FAIL: gcc.c-torture/compile/20011119-2.c,  -Os  
FAIL: gcc.c-torture/compile/20011119-1.c,  -O0  
FAIL: gcc.c-torture/compile/20011119-1.c,  -O1  
FAIL: gcc.c-torture/compile/20011119-1.c,  -O2  
FAIL: gcc.c-torture/compile/20011119-1.c,  -O3 -fomit-frame-pointer  
FAIL: gcc.c-torture/compile/20011119-1.c,  -O3 -g  
FAIL: gcc.c-torture/compile/20011119-1.c,  -Os  
FAIL: gcc.c-torture/execute/20010122-1.c execution,  -O0 
FAIL: gcc.c-torture/execute/20010122-1.c execution,  -O1 
FAIL: gcc.c-torture/execute/20010122-1.c execution,  -O2 
FAIL: gcc.c-torture/execute/20010122-1.c execution,  -O3
-fomit-frame-pointer 
FAIL: gcc.c-torture/execute/20010122-1.c execution,  -O3
-fomit-frame-pointer -funroll-loops 
FAIL: gcc.c-torture/execute/20010122-1.c execution,  -O3
-fomit-frame-pointer -funroll-all-loops -finline-functions 
FAIL: gcc.c-torture/execute/20010122-1.c execution,  -O3 -g 
FAIL: gcc.c-torture/execute/20010122-1.c execution,  -Os 
FAIL: gcc.c-torture/execute/950628-1.c compilation,  -O1 
FAIL: gcc.dg/cpp/charconst-2.c (test for excess errors)
FAIL: gcc.dg/20011130-1.c (test for excess errors)
FAIL: gcc.dg/c99-intconst-1.c (test for excess errors)
FAIL: gcc.dg/noncompile/930622-1.c (test for excess errors)

		=== gcc Summary for unix ===

# of expected passes		16422
# of unexpected failures	42
# of expected failures		64
# of unresolved testcases	1
# of unsupported tests		69

Running target unix/-mabi=64
FAIL: gcc.c-torture/compile/structs.c,  -O1  
FAIL: gcc.c-torture/compile/20001226-1.c,  -O2  
FAIL: gcc.c-torture/compile/20001226-1.c,  -O3 -fomit-frame-pointer  
FAIL: gcc.c-torture/compile/20001226-1.c,  -O3 -g  
FAIL: gcc.c-torture/compile/20001226-1.c,  -Os  
FAIL: gcc.c-torture/compile/20011119-2.c,  -O0  
FAIL: gcc.c-torture/compile/20011119-2.c,  -O1  
FAIL: gcc.c-torture/compile/20011119-2.c,  -O2  
FAIL: gcc.c-torture/compile/20011119-2.c,  -O3 -fomit-frame-pointer  
FAIL: gcc.c-torture/compile/20011119-2.c,  -O3 -g  
FAIL: gcc.c-torture/compile/20011119-2.c,  -Os  
FAIL: gcc.c-torture/compile/20011119-1.c,  -O0  
FAIL: gcc.c-torture/compile/20011119-1.c,  -O1  
FAIL: gcc.c-torture/compile/20011119-1.c,  -O2  
FAIL: gcc.c-torture/compile/20011119-1.c,  -O3 -fomit-frame-pointer  
FAIL: gcc.c-torture/compile/20011119-1.c,  -O3 -g  
FAIL: gcc.c-torture/compile/20011119-1.c,  -Os  
FAIL: gcc.c-torture/execute/20010122-1.c execution,  -O0 
FAIL: gcc.c-torture/execute/20010122-1.c execution,  -O1 
FAIL: gcc.c-torture/execute/20010122-1.c execution,  -O2 
FAIL: gcc.c-torture/execute/20010122-1.c execution,  -O3
-fomit-frame-pointer 
FAIL: gcc.c-torture/execute/20010122-1.c execution,  -O3
-fomit-frame-pointer -funroll-loops 
FAIL: gcc.c-torture/execute/20010122-1.c execution,  -O3
-fomit-frame-pointer -funroll-all-loops -finline-functions 
FAIL: gcc.c-torture/execute/20010122-1.c execution,  -O3 -g 
FAIL: gcc.c-torture/execute/20010122-1.c execution,  -Os 
FAIL: gcc.c-torture/execute/950628-1.c compilation,  -O1 
FAIL: gcc.dg/cpp/charconst-2.c (test for excess errors)
FAIL: gcc.dg/20011130-1.c (test for excess errors)
FAIL: gcc.dg/noncompile/930622-1.c (test for excess errors)

		=== gcc Summary for unix/-mabi=64 ===

# of expected passes		16435
# of unexpected failures	29
# of expected failures		64
# of unresolved testcases	1
# of unsupported tests		69

		=== gcc Summary ===

# of expected passes		32857
# of unexpected failures	71
# of expected failures		128
# of unresolved testcases	2
# of unsupported tests		138
/exd4/billingd/obj/gcc-mainline/gcc/xgcc version 3.1 20011209 (experimental)

		=== g++ tests ===


Running target unix
FAIL: g++.dg/ext/instantiate1.C (test for excess errors)
FAIL: g++.dg/template/recurse.C (test for excess errors)
FAIL: g++.eh/badalloc1.C  Execution test
FAIL: g++.other/enum5.C (test for excess errors)
FAIL: g++.other/init15.C caused compiler crash
XPASS: g++.pt/decl2.C ICE - (test for errors, line 8)
XPASS: g++.robertl/eb17.C  Execution test

		=== g++ Summary for unix ===

# of expected passes		6702
# of unexpected failures	5
# of unexpected successes	2
# of expected failures		103
# of untested testcases		21
# of unsupported tests		1

Running target unix/-mabi=64
FAIL: g++.dg/ext/instantiate1.C (test for excess errors)
FAIL: g++.dg/template/recurse.C (test for excess errors)
FAIL: g++.abi/cxa_vec.C  Execution test
FAIL: g++.eh/badalloc1.C  Execution test
FAIL: g++.eh/spec2.C  Execution test
FAIL: g++.eh/spec3.C  Execution test
FAIL: g++.mike/dyncast1.C  Execution test
FAIL: g++.mike/dyncast2.C  Execution test
FAIL: g++.mike/eh33.C  Execution test
FAIL: g++.mike/eh50.C  Execution test
FAIL: g++.mike/eh51.C  Execution test
FAIL: g++.other/enum5.C (test for excess errors)
FAIL: g++.other/init15.C caused compiler crash
XPASS: g++.pt/decl2.C ICE - (test for errors, line 8)
XPASS: g++.robertl/eb17.C  Execution test

		=== g++ Summary for unix/-mabi=64 ===

# of expected passes		6694
# of unexpected failures	13
# of unexpected successes	2
# of expected failures		103
# of untested testcases		21
# of unsupported tests		1

		=== g++ Summary ===

# of expected passes		13396
# of unexpected failures	18
# of unexpected successes	4
# of expected failures		206
# of untested testcases		42
# of unsupported tests		2
/exd4/billingd/obj/gcc-mainline/gcc/testsuite/../g++ version 3.1 20011209
(experimental)

		=== objc tests ===


Running target unix
FAIL: objc/execute/formal_protocol-6.m execution,  -O 

		=== objc Summary for unix ===

# of expected passes		209
# of unexpected failures	1

Running target unix/-mabi=64
FAIL: objc/execute/IMP.m execution,  -O 
FAIL: objc/execute/_cmd.m execution,  -O 
FAIL: objc/execute/accessing_ivars.m execution,  -O 
FAIL: objc/execute/bf-1.m execution,  -O 
FAIL: objc/execute/bf-10.m execution,  -O 
FAIL: objc/execute/bf-11.m execution,  -O 
FAIL: objc/execute/bf-12.m execution,  -O 
FAIL: objc/execute/bf-13.m execution,  -O 
FAIL: objc/execute/bf-14.m execution,  -O 
FAIL: objc/execute/bf-15.m execution,  -O 
FAIL: objc/execute/bf-16.m execution,  -O 
FAIL: objc/execute/bf-17.m execution,  -O 
FAIL: objc/execute/bf-18.m execution,  -O 
FAIL: objc/execute/bf-19.m execution,  -O 
FAIL: objc/execute/bf-2.m execution,  -O 
FAIL: objc/execute/bf-20.m execution,  -O 
FAIL: objc/execute/bf-3.m execution,  -O 
FAIL: objc/execute/bf-4.m execution,  -O 
FAIL: objc/execute/bf-5.m execution,  -O 
FAIL: objc/execute/bf-6.m execution,  -O 
FAIL: objc/execute/bf-7.m execution,  -O 
FAIL: objc/execute/bf-8.m execution,  -O 
FAIL: objc/execute/bf-9.m execution,  -O 
FAIL: objc/execute/bycopy-1.m execution,  -O 
FAIL: objc/execute/bycopy-2.m execution,  -O 
FAIL: objc/execute/bycopy-3.m execution,  -O 
FAIL: objc/execute/class-1.m execution,  -O 
FAIL: objc/execute/class-10.m execution,  -O 
FAIL: objc/execute/class-11.m execution,  -O 
FAIL: objc/execute/class-12.m execution,  -O 
FAIL: objc/execute/class-13.m execution,  -O 
FAIL: objc/execute/class-14.m execution,  -O 
FAIL: objc/execute/class-2.m execution,  -O 
FAIL: objc/execute/class-3.m execution,  -O 
FAIL: objc/execute/class-4.m execution,  -O 
FAIL: objc/execute/class-5.m execution,  -O 
FAIL: objc/execute/class-6.m execution,  -O 
FAIL: objc/execute/class-7.m execution,  -O 
FAIL: objc/execute/class-8.m execution,  -O 
FAIL: objc/execute/class-9.m execution,  -O 
FAIL: objc/execute/class_self-1.m execution,  -O 
FAIL: objc/execute/class_self-2.m execution,  -O 
FAIL: objc/execute/compatibility_alias.m execution,  -O 
FAIL: objc/execute/encode-1.m execution,  -O 
FAIL: objc/execute/fdecl.m execution,  -O 
FAIL: objc/execute/formal_protocol-1.m execution,  -O 
FAIL: objc/execute/formal_protocol-2.m execution,  -O 
FAIL: objc/execute/formal_protocol-3.m execution,  -O 
FAIL: objc/execute/formal_protocol-4.m execution,  -O 
FAIL: objc/execute/formal_protocol-5.m execution,  -O 
FAIL: objc/execute/formal_protocol-6.m execution,  -O 
FAIL: objc/execute/formal_protocol-7.m execution,  -O 
FAIL: objc/execute/informal_protocol.m execution,  -O 
FAIL: objc/execute/initialize.m execution,  -O 
FAIL: objc/execute/load-2.m execution,  -O 
FAIL: objc/execute/load-3.m execution,  -O 
FAIL: objc/execute/load.m execution,  -O 
FAIL: objc/execute/many_args_method.m execution,  -O 
FAIL: objc/execute/nested-1.m execution,  -O 
FAIL: objc/execute/nested-2.m execution,  -O 
FAIL: objc/execute/nested-3.m execution,  -O 
FAIL: objc/execute/no_clash.m execution,  -O 
FAIL: objc/execute/np-1.m execution,  -O 
FAIL: objc/execute/np-2.m execution,  -O 
FAIL: objc/execute/object_is_class.m execution,  -O 
FAIL: objc/execute/object_is_meta_class.m execution,  -O 
FAIL: objc/execute/private.m execution,  -O 
FAIL: objc/execute/protocol.m execution,  -O 
FAIL: objc/execute/redefining_self.m execution,  -O 
FAIL: objc/execute/root_methods.m execution,  -O 
FAIL: objc/execute/selector-1.m execution,  -O 
FAIL: objc/execute/static-1.m execution,  -O 
FAIL: objc/execute/static-2.m execution,  -O 
FAIL: objc/execute/string1.m execution,  -O 
FAIL: objc/execute/string2.m execution,  -O 
FAIL: objc/execute/string3.m execution,  -O 
FAIL: objc/execute/string4.m execution,  -O 
FAIL: objc/execute/va_method.m execution,  -O 

		=== objc Summary for unix/-mabi=64 ===

# of expected passes		132
# of unexpected failures	78

		=== objc Summary ===

# of expected passes		341
# of unexpected failures	79
/exd4/billingd/obj/gcc-mainline/gcc/xgcc version 3.1 20011209 (experimental)

		=== libstdc++-v3 tests ===


Running target unix
FAIL: 21_strings/capacity.cc (test for excess errors)
FAIL: 21_strings/ctor_copy_dtor.cc execution test
XPASS: 22_locale/collate_members_wchar_t.cc execution test
XPASS: 22_locale/money_get_members_wchar_t.cc execution test
XPASS: 22_locale/money_put_members_wchar_t.cc execution test
XPASS: 22_locale/moneypunct_members_wchar_t.cc execution test
XPASS: 22_locale/num_get_members_wchar_t.cc execution test
XPASS: 22_locale/num_put_members_wchar_t.cc execution test
XPASS: 22_locale/numpunct_members_wchar_t.cc execution test
XPASS: 22_locale/time_get_members_wchar_t.cc execution test
XPASS: 22_locale/time_put_members_wchar_t.cc execution test
XPASS: 26_numerics/c99_classification_macros_c.cc (test for excess errors)
FAIL: 27_io/istream_extractor_arith.cc execution test
FAIL: 27_io/ostream_inserter_arith.cc execution test

		=== libstdc++-v3 Summary ===

# of expected passes		326
# of unexpected failures	4
# of unexpected successes	10
# of expected failures		18
		=== libstdc++-v3 tests ===


Running target unix
FAIL: 21_strings/capacity.cc (test for excess errors)
XPASS: 22_locale/collate_members_wchar_t.cc execution test
XPASS: 22_locale/money_get_members_wchar_t.cc execution test
XPASS: 22_locale/money_put_members_wchar_t.cc execution test
XPASS: 22_locale/moneypunct_members_wchar_t.cc execution test
XPASS: 22_locale/num_get_members_wchar_t.cc execution test
XPASS: 22_locale/num_put_members_wchar_t.cc execution test
XPASS: 22_locale/numpunct_members_wchar_t.cc execution test
XPASS: 22_locale/time_get_members_wchar_t.cc execution test
XPASS: 22_locale/time_put_members_wchar_t.cc execution test
XPASS: 26_numerics/c99_classification_macros_c.cc (test for excess errors)
FAIL: 27_io/istream_extractor_arith.cc execution test
FAIL: 27_io/ostream_inserter_arith.cc execution test

		=== libstdc++-v3 Summary ===

# of expected passes		327
# of unexpected failures	3
# of unexpected successes	10
# of expected failures		18

Compiler version: 3.1 20011209 (experimental) 
Platform: mips-sgi-irix6.5
configure flags: --host=mips-sgi-irix6.5 --enable-shared --enable-haifa
--enable-threads=single --disable-nls
--prefix=/exd4/billingd/tmp/gcc-mainline
Counting all warnings,
there are 32 warnings in stage3 of this bootstrap.

Number of warnings per file:
  11 gcc/config/mips/mips.md
   6 gcc/gcc.c
   6 gcc/cp/pt.c
   2 gcc/fold-const.c
   1 gcc/regmove.c
   1 gcc/objc/lang-specs.h
   1 gcc/java/parse.y
   1 gcc/java/jvspec.c
   1 gcc/cp/lang-specs.h
   1 gcc/cp/class.c
   1 gcc/combine.c

Number of warning types:
   9 string length \`???' is greater than the length \`???' ISO C89
compilers are required to support
   8 comparison between signed and unsigned
   6 operand 1 missing mode?
   5 operand 0 missing mode?
   1 \`???' might be used uninitialized in this function
   1 ??? format, ??? arg (arg ???)
   1 signed and unsigned type in conditional expression
   1 pointer targets in passing arg ??? of \`???' differ in signedness



More information about the Gcc-testresults mailing list