Results for 3.1 20011208 (experimental) testsuite on i686-pc-linux-gnu
Gordon Sadler
gbsadler1@lcisp.com
Sat Dec 8 08:05:00 GMT 2001
LAST_UPDATED: Sat Dec 8 11:46:40 UTC 2001
Native configuration is i686-pc-linux-gnu
=== g++ tests ===
Running target unix
FAIL: g++.dg/template/recurse.C (test for excess errors)
FAIL: g++.eh/badalloc1.C Execution test
FAIL: g++.other/enum5.C (test for excess errors)
XPASS: g++.pt/decl2.C ICE - (test for errors, line 8)
XPASS: g++.robertl/eb17.C Execution test
=== g++ Summary ===
# of expected passes 6735
# of unexpected failures 3
# of unexpected successes 2
# of expected failures 93
# of untested testcases 9
/usr/local/src/build/gcc/gcc/testsuite/../g++ version 3.1 20011208 (experimental)
=== g77 tests ===
Running target unix
=== g77 Summary ===
# of expected passes 1360
/usr/local/src/build/gcc/gcc/testsuite/../g77 version 3.1 20011208 (experimental)
=== gcc tests ===
Running target unix
FAIL: gcc.c-torture/compile/20011114-1.c, -O0
FAIL: gcc.c-torture/compile/20011114-1.c, -O1
FAIL: gcc.c-torture/compile/20011114-1.c, -O2
FAIL: gcc.c-torture/compile/20011114-1.c, -O3 -fomit-frame-pointer
FAIL: gcc.c-torture/compile/20011114-1.c, -O3 -g
FAIL: gcc.c-torture/compile/20011114-1.c, -Os
FAIL: gcc.dg/c99-intconst-1.c (test for excess errors)
=== gcc Summary ===
# of expected passes 16525
# of unexpected failures 7
# of expected failures 47
# of unsupported tests 28
/usr/local/src/build/gcc/gcc/xgcc version 3.1 20011208 (experimental)
=== objc tests ===
Running target unix
FAIL: objc/execute/formal_protocol-6.m execution, -O
=== objc Summary ===
# of expected passes 209
# of unexpected failures 1
/usr/local/src/build/gcc/gcc/xgcc version 3.1 20011208 (experimental)
=== libjava tests ===
Running target unix
FAIL: register run
FAIL: Primes output from source compiled test
FAIL: Primes output from bytecode->native test
FAIL: Primes -O output from source compiled test
FAIL: Primes -O output from bytecode->native test
XPASS: stringconst output from bytecode->native test
XPASS: stringconst -O output from bytecode->native test
=== libjava Summary ===
# of expected passes 1893
# of unexpected failures 5
# of unexpected successes 2
# of expected failures 16
# of untested testcases 17
=== libstdc++-v3 tests ===
Running target unix
XPASS: 22_locale/collate_members_wchar_t.cc execution test
=== libstdc++-v3 Summary ===
# of expected passes 331
# of unexpected successes 1
# of expected failures 27
Compiler version: 3.1 20011208 (experimental)
Platform: i686-pc-linux-gnu
configure flags: --host=i686-pc-linux-gnu --verbose --enable-threads=posix --with-system-zlib --enable-shared --disable-nls --enable-checking
Counting all warnings,
there are 53 warnings in stage3 of this bootstrap.
Number of warnings per file:
23 gcc/combine.c
6 gcc/cp/pt.c
5 gcc/emit-rtl.c
5 gcc/cse.c
3 gcc/gcc.c
3 gcc/fold-const.c
1 insn-emit.c
1 gcc/regmove.c
1 gcc/profile.c
1 gcc/objc/lang-specs.h
1 gcc/java/jvspec.c
1 gcc/function.c
1 gcc/cp/lang-specs.h
1 gcc/ada/checks.adb
Number of warning types:
39 comparison between signed and unsigned
6 string length \`???' is greater than the length \`???' ISO C89 compilers are required to support
6 signed and unsigned type in conditional expression
1 pointer targets in passing arg ??? of \`???' differ in signedness
1 \`???' might be used uninitialized in this function
More information about the Gcc-testresults
mailing list