Results for 3.1 20011206 (experimental) testsuite on hppa2.0w-hp-hpux11.11
J. David Anglin
dave@hiauly3.hia.nrc.ca
Fri Dec 7 06:44:00 GMT 2001
LAST_UPDATED: Thu Dec 6 15:24:53 UTC 2001
Native configuration is hppa2.0w-hp-hpux11.11
=== g++ tests ===
Running target unix
FAIL: g++.dg/ext/instantiate1.C (test for excess errors)
FAIL: g++.dg/template/recurse.C (test for excess errors)
FAIL: g++.eh/badalloc1.C Execution test
FAIL: g++.eh/terminate1.C (test for excess errors)
FAIL: g++.ext/attrib5.C (test for excess errors)
FAIL: g++.law/profile1.C (test for excess errors)
XPASS: g++.mike/eh33.C (test for excess errors)
XPASS: g++.mike/eh33.C Execution test
XPASS: g++.mike/eh50.C (test for excess errors)
XPASS: g++.mike/eh50.C Execution test
FAIL: g++.other/defarg9.C (test for excess errors)
FAIL: g++.other/enum5.C (test for excess errors)
FAIL: g++.other/init15.C caused compiler crash
FAIL: g++.other/mangle3.C (test for excess errors)
XPASS: g++.pt/decl2.C ICE - (test for errors, line 8)
FAIL: g++.pt/explicit74.C (test for excess errors)
FAIL: g++.pt/spec9.C (test for excess errors)
FAIL: g++.robertl/eb101.C (test for excess errors)
XPASS: g++.robertl/eb17.C Execution test
=== g++ Summary ===
# of expected passes 6684
# of unexpected failures 13
# of unexpected successes 6
# of expected failures 106
# of untested testcases 21
# of unsupported tests 1
/xxx/gnu/gcc-3.1/objdir/gcc/testsuite/../g++ version 3.1 20011206 (experimental)
=== g77 tests ===
Running target unix
FAIL: g77.dg/bprob/bprob-1.f execution, -O3 -fbranch-probabilities
FAIL: g77.dg/bprob/bprob-1.f execution, -O3 -g -fbranch-probabilities
FAIL: g77.f-torture/execute/20010430.f execution, -O2
FAIL: g77.f-torture/execute/20010430.f execution, -O3 -fomit-frame-pointer
FAIL: g77.f-torture/execute/20010430.f execution, -O3 -fomit-frame-pointer -funroll-loops
FAIL: g77.f-torture/execute/20010430.f execution, -O3 -fomit-frame-pointer -funroll-all-loops -finline-functions
FAIL: g77.f-torture/execute/20010430.f execution, -O3 -g
FAIL: g77.f-torture/execute/f90-intrinsic-bit.f execution, -O1
FAIL: g77.f-torture/execute/f90-intrinsic-numeric.f execution, -O1
FAIL: g77.f-torture/execute/f90-intrinsic-numeric.f execution, -O2
FAIL: g77.f-torture/execute/f90-intrinsic-numeric.f execution, -O3 -fomit-frame-pointer
FAIL: g77.f-torture/execute/f90-intrinsic-numeric.f execution, -O3 -g
FAIL: g77.f-torture/execute/f90-intrinsic-numeric.f execution, -Os
FAIL: g77.f-torture/execute/io0.f execution, -O0
FAIL: g77.f-torture/execute/io0.f execution, -O1
FAIL: g77.f-torture/execute/io0.f execution, -O2
FAIL: g77.f-torture/execute/io0.f execution, -O3 -fomit-frame-pointer
FAIL: g77.f-torture/execute/io0.f execution, -O3 -g
FAIL: g77.f-torture/execute/io0.f execution, -Os
FAIL: g77.f-torture/execute/u77-test.f execution, -O0
FAIL: g77.f-torture/execute/u77-test.f execution, -O1
FAIL: g77.f-torture/execute/u77-test.f execution, -O2
FAIL: g77.f-torture/execute/u77-test.f execution, -O3 -fomit-frame-pointer
FAIL: g77.f-torture/execute/u77-test.f execution, -O3 -fomit-frame-pointer -funroll-loops
FAIL: g77.f-torture/execute/u77-test.f execution, -O3 -fomit-frame-pointer -funroll-all-loops -finline-functions
FAIL: g77.f-torture/execute/u77-test.f execution, -O3 -g
FAIL: g77.f-torture/execute/u77-test.f execution, -Os
=== g77 Summary ===
# of expected passes 1317
# of unexpected failures 27
# of unsupported tests 8
/xxx/gnu/gcc-3.1/objdir/gcc/testsuite/../g77 version 3.1 20011206 (experimental)
=== gcc tests ===
Running target unix
FAIL: gcc.c-torture/compile/structs.c, -O1
FAIL: gcc.c-torture/execute/950628-1.c compilation, -O1
FAIL: gcc.c-torture/execute/strct-pack-1.c execution, -O2
FAIL: gcc.c-torture/execute/strct-pack-1.c execution, -Os
FAIL: gcc.c-torture/execute/strct-stdarg-1.c execution, -O0
FAIL: gcc.c-torture/execute/strct-stdarg-1.c execution, -O1
FAIL: gcc.c-torture/execute/strct-stdarg-1.c execution, -O2
FAIL: gcc.c-torture/execute/strct-stdarg-1.c execution, -O3 -fomit-frame-pointer
FAIL: gcc.c-torture/execute/strct-stdarg-1.c execution, -O3 -fomit-frame-pointer -funroll-loops
FAIL: gcc.c-torture/execute/strct-stdarg-1.c execution, -O3 -fomit-frame-pointer -funroll-all-loops -finline-functions
FAIL: gcc.c-torture/execute/strct-stdarg-1.c execution, -O3 -g
FAIL: gcc.c-torture/execute/strct-stdarg-1.c execution, -Os
FAIL: gcc.c-torture/execute/memcheck/t1.c compilation, -O0
FAIL: gcc.c-torture/execute/memcheck/t1.c compilation, -O1
FAIL: gcc.c-torture/execute/memcheck/t1.c compilation, -O2
FAIL: gcc.c-torture/execute/memcheck/t1.c compilation, -O3 -fomit-frame-pointer
FAIL: gcc.c-torture/execute/memcheck/t1.c compilation, -O3 -g
FAIL: gcc.c-torture/execute/memcheck/t1.c compilation, -Os
FAIL: gcc.c-torture/execute/memcheck/t2.c compilation, -O0
FAIL: gcc.c-torture/execute/memcheck/t2.c compilation, -O1
FAIL: gcc.c-torture/execute/memcheck/t2.c compilation, -O2
FAIL: gcc.c-torture/execute/memcheck/t2.c compilation, -O3 -fomit-frame-pointer
FAIL: gcc.c-torture/execute/memcheck/t2.c compilation, -O3 -g
FAIL: gcc.c-torture/execute/memcheck/t2.c compilation, -Os
FAIL: gcc.c-torture/execute/memcheck/t3.c compilation, -O0
FAIL: gcc.c-torture/execute/memcheck/t3.c compilation, -O1
FAIL: gcc.c-torture/execute/memcheck/t3.c compilation, -O2
FAIL: gcc.c-torture/execute/memcheck/t3.c compilation, -O3 -fomit-frame-pointer
FAIL: gcc.c-torture/execute/memcheck/t3.c compilation, -O3 -g
FAIL: gcc.c-torture/execute/memcheck/t3.c compilation, -Os
FAIL: gcc.c-torture/execute/memcheck/t4.c compilation, -O0
FAIL: gcc.c-torture/execute/memcheck/t4.c compilation, -O1
FAIL: gcc.c-torture/execute/memcheck/t4.c compilation, -O2
FAIL: gcc.c-torture/execute/memcheck/t4.c compilation, -O3 -fomit-frame-pointer
FAIL: gcc.c-torture/execute/memcheck/t4.c compilation, -O3 -g
FAIL: gcc.c-torture/execute/memcheck/t4.c compilation, -Os
FAIL: gcc.c-torture/execute/memcheck/t5.c compilation, -O0
FAIL: gcc.c-torture/execute/memcheck/t5.c compilation, -O1
FAIL: gcc.c-torture/execute/memcheck/t5.c compilation, -O2
FAIL: gcc.c-torture/execute/memcheck/t5.c compilation, -O3 -fomit-frame-pointer
FAIL: gcc.c-torture/execute/memcheck/t5.c compilation, -O3 -g
FAIL: gcc.c-torture/execute/memcheck/t5.c compilation, -Os
FAIL: gcc.c-torture/execute/memcheck/t6.c compilation, -O0
FAIL: gcc.c-torture/execute/memcheck/t6.c compilation, -O1
FAIL: gcc.c-torture/execute/memcheck/t6.c compilation, -O2
FAIL: gcc.c-torture/execute/memcheck/t6.c compilation, -O3 -fomit-frame-pointer
FAIL: gcc.c-torture/execute/memcheck/t6.c compilation, -O3 -g
FAIL: gcc.c-torture/execute/memcheck/t6.c compilation, -Os
FAIL: gcc.c-torture/execute/memcheck/t7.c compilation, -O0
FAIL: gcc.c-torture/execute/memcheck/t7.c compilation, -O1
FAIL: gcc.c-torture/execute/memcheck/t7.c compilation, -O2
FAIL: gcc.c-torture/execute/memcheck/t7.c compilation, -O3 -fomit-frame-pointer
FAIL: gcc.c-torture/execute/memcheck/t7.c compilation, -O3 -g
FAIL: gcc.c-torture/execute/memcheck/t7.c compilation, -Os
FAIL: gcc.c-torture/execute/memcheck/t8.c compilation, -O0
FAIL: gcc.c-torture/execute/memcheck/t8.c compilation, -O1
FAIL: gcc.c-torture/execute/memcheck/t8.c compilation, -O2
FAIL: gcc.c-torture/execute/memcheck/t8.c compilation, -O3 -fomit-frame-pointer
FAIL: gcc.c-torture/execute/memcheck/t8.c compilation, -O3 -g
FAIL: gcc.c-torture/execute/memcheck/t8.c compilation, -Os
FAIL: gcc.c-torture/execute/memcheck/t9.c compilation, -O0
FAIL: gcc.c-torture/execute/memcheck/t9.c compilation, -O1
FAIL: gcc.c-torture/execute/memcheck/t9.c compilation, -O2
FAIL: gcc.c-torture/execute/memcheck/t9.c compilation, -O3 -fomit-frame-pointer
FAIL: gcc.c-torture/execute/memcheck/t9.c compilation, -O3 -g
FAIL: gcc.c-torture/execute/memcheck/t9.c compilation, -Os
FAIL: gcc.dg/asm-fs-1.c (test for excess errors)
FAIL: gcc.dg/asm-names.c (test for excess errors)
FAIL: gcc.dg/c99-intconst-1.c (test for excess errors)
FAIL: gcc.dg/noncompile/930622-1.c (test for excess errors)
=== gcc Summary ===
# of expected passes 16437
# of unexpected failures 70
# of expected failures 43
# of unresolved testcases 58
# of unsupported tests 67
/xxx/gnu/gcc-3.1/objdir/gcc/xgcc version 3.1 20011206 (experimental)
=== objc tests ===
Running target unix
FAIL: objc/execute/formal_protocol-6.m execution, -O
=== objc Summary ===
# of expected passes 209
# of unexpected failures 1
/xxx/gnu/gcc-3.1/objdir/gcc/xgcc version 3.1 20011206 (experimental)
=== libstdc++-v3 tests ===
Running target unix
FAIL: 21_strings/capacity.cc (test for excess errors)
XPASS: 22_locale/collate_members_wchar_t.cc execution test
FAIL: 22_locale/ctype_members_char.cc execution test
XPASS: 22_locale/money_get_members_wchar_t.cc execution test
XPASS: 22_locale/money_put_members_wchar_t.cc execution test
XPASS: 22_locale/moneypunct_members_wchar_t.cc execution test
XPASS: 22_locale/num_get_members_wchar_t.cc execution test
XPASS: 22_locale/num_put_members_wchar_t.cc execution test
XPASS: 22_locale/numpunct_members_wchar_t.cc execution test
XPASS: 22_locale/time_get_members_wchar_t.cc execution test
XPASS: 22_locale/time_put_members_wchar_t.cc execution test
FAIL: ext/rope.cc (test for excess errors)
=== libstdc++-v3 Summary ===
# of expected passes 326
# of unexpected failures 3
# of unexpected successes 9
# of expected failures 19
Compiler version: 3.1 20011206 (experimental)
Platform: hppa2.0w-hp-hpux11.11
configure flags: --host=hppa2.0w-hp-hpux11.11 --with-gnu-as --with-as=/opt/gnu/bin/as --enable-shared --disable-nls
More information about the Gcc-testresults
mailing list