Results for 3.0.3 20011206 (prerelease) testsuite on powerpc-unknown-linux-gnu
Franz Sirl
fsirl@entropy.crashing.org
Fri Dec 7 02:19:00 GMT 2001
Environment:
binutils-2.11.92.0.10
glibc-2.2.4
linux-2.4.14
Local modifications:
- don't let CSE replace HARD_REGS with constants (me)
- subreg-byte patch (Andrew MacLeod and others)
- PR3145.patch applied
LAST_UPDATED: Thu Dec 6 10:36:26 UTC 2001
Native configuration is powerpc-unknown-linux-gnu
=== g77 tests ===
Running target unix/-O2
=== g77 Summary for unix/-O2 ===
# of expected passes 933
# of unsupported tests 8
Running target unix/-fpic
=== g77 Summary for unix/-fpic ===
# of expected passes 933
# of unsupported tests 8
Running target unix/-fPIC
=== g77 Summary for unix/-fPIC ===
# of expected passes 933
# of unsupported tests 8
Running target unix
=== g77 Summary for unix ===
# of expected passes 933
# of unsupported tests 8
=== g77 Summary ===
# of expected passes 3732
# of unsupported tests 32
=== gcc tests ===
Running target unix/-O2
=== gcc Summary for unix/-O2 ===
# of expected passes 15292
# of expected failures 76
# of unsupported tests 47
Running target unix/-fpic
=== gcc Summary for unix/-fpic ===
# of expected passes 15292
# of expected failures 76
# of unsupported tests 47
Running target unix/-fPIC
FAIL: gcc.c-torture/compile/20000105-2.c, -O0
FAIL: gcc.c-torture/compile/20000105-2.c, -O1
FAIL: gcc.c-torture/compile/20000105-2.c, -O2
FAIL: gcc.c-torture/compile/20000105-2.c, -O3 -fomit-frame-pointer
FAIL: gcc.c-torture/compile/20000105-2.c, -O3 -g
FAIL: gcc.c-torture/compile/20000105-2.c, -Os
=== gcc Summary for unix/-fPIC ===
# of expected passes 15286
# of unexpected failures 6
# of expected failures 76
# of unsupported tests 47
Running target unix
=== gcc Summary for unix ===
# of expected passes 15292
# of expected failures 76
# of unsupported tests 47
=== gcc Summary ===
# of expected passes 61162
# of unexpected failures 6
# of expected failures 304
# of unsupported tests 188
/home/fsirl/obj/gcc3/gcc/xgcc version 3.0.3 20011206 (prerelease)
=== g++ tests ===
Running target unix/-O2
FAIL: g++.ext/instantiate1.C not instantiated (test for errors, line 20)
=== g++ Summary for unix/-O2 ===
# of expected passes 6497
# of unexpected failures 1
# of expected failures 103
# of untested testcases 21
Running target unix/-fpic
FAIL: g++.ext/instantiate1.C not instantiated (test for errors, line 20)
FAIL: g++.mike/eh36.C (test for excess errors)
FAIL: g++.mike/eh38.C (test for excess errors)
=== g++ Summary for unix/-fpic ===
# of expected passes 6493
# of unexpected failures 3
# of expected failures 105
# of untested testcases 21
Running target unix/-fPIC
FAIL: g++.ext/instantiate1.C not instantiated (test for errors, line 20)
FAIL: g++.ext/instantiate2.C not instantiated (test for errors, line 19)
FAIL: g++.ext/instantiate2.C (test for bogus messages, line 17)
FAIL: g++.ext/instantiate3.C not instantiated (test for errors, line 13)
FAIL: g++.mike/eh36.C (test for excess errors)
FAIL: g++.mike/eh38.C (test for excess errors)
=== g++ Summary for unix/-fPIC ===
# of expected passes 6490
# of unexpected failures 6
# of expected failures 105
# of untested testcases 21
Running target unix
FAIL: g++.ext/instantiate1.C not instantiated (test for errors, line 20)
=== g++ Summary for unix ===
# of expected passes 6497
# of unexpected failures 1
# of expected failures 103
# of untested testcases 21
=== g++ Summary ===
# of expected passes 25977
# of unexpected failures 11
# of expected failures 416
# of untested testcases 84
/home/fsirl/obj/gcc3/gcc/testsuite/../g++ version 3.0.3 20011206 (prerelease)
=== objc tests ===
Running target unix/-O2
=== objc Summary for unix/-O2 ===
# of expected passes 153
# of expected failures 1
Running target unix/-fpic
=== objc Summary for unix/-fpic ===
# of expected passes 153
# of expected failures 1
Running target unix/-fPIC
=== objc Summary for unix/-fPIC ===
# of expected passes 153
# of expected failures 1
Running target unix
=== objc Summary for unix ===
# of expected passes 153
# of expected failures 1
=== objc Summary ===
# of expected passes 612
# of expected failures 4
/home/fsirl/obj/gcc3/gcc/xgcc version 3.0.3 20011206 (prerelease)
=== libjava tests ===
Running target unix/-O2
FAIL: ArrayClass compilation from bytecode
FAIL: ArrayClass -O compilation from bytecode
FAIL: BlankFinal compilation from bytecode
FAIL: BlankFinal -O compilation from bytecode
FAIL: Case compilation from bytecode
FAIL: Case -O compilation from bytecode
FAIL: G19990210_1 compilation from bytecode
FAIL: G19990210_1 -O compilation from bytecode
FAIL: G19990210_2 compilation from bytecode
FAIL: G19990210_2 -O compilation from bytecode
FAIL: G19990210_3 compilation from bytecode
FAIL: G19990210_3 -O compilation from bytecode
FAIL: G19990217_01 compilation from bytecode
FAIL: G19990217_01 -O compilation from bytecode
FAIL: G19990217_02 compilation from bytecode
FAIL: G19990217_02 -O compilation from bytecode
FAIL: G19990225_01 compilation from bytecode
FAIL: G19990225_01 -O compilation from bytecode
FAIL: N19990310_01 compilation from bytecode
FAIL: N19990310_01 -O compilation from bytecode
FAIL: N19990317 compilation from bytecode
FAIL: N19990317 -O compilation from bytecode
FAIL: OperatorBenchmark compilation from bytecode
FAIL: OperatorBenchmark -O compilation from bytecode
FAIL: PR129_B compilation from bytecode
FAIL: PR129_B -O compilation from bytecode
FAIL: PR206 compilation from bytecode
FAIL: PR206 -O compilation from bytecode
FAIL: PR207 compilation from bytecode
FAIL: PR207 -O compilation from bytecode
FAIL: PR208 compilation from bytecode
FAIL: PR208 -O compilation from bytecode
FAIL: PR209 compilation from bytecode
FAIL: PR209 -O compilation from bytecode
FAIL: PR232 compilation from bytecode
FAIL: PR232 -O compilation from bytecode
FAIL: PR232B compilation from bytecode
FAIL: PR232B -O compilation from bytecode
FAIL: PR234 compilation from bytecode
FAIL: PR234 -O compilation from bytecode
FAIL: PR235 compilation from bytecode
FAIL: PR235 -O compilation from bytecode
FAIL: PR238 compilation from bytecode
FAIL: PR238 -O compilation from bytecode
FAIL: PR295 compilation from bytecode
FAIL: PR295 -O compilation from bytecode
FAIL: PR374 compilation from bytecode
FAIL: PR374 -O compilation from bytecode
FAIL: PR375 compilation from bytecode
FAIL: PR375 -O compilation from bytecode
FAIL: Semi compilation from bytecode
FAIL: Semi -O compilation from bytecode
FAIL: Statics compilation from bytecode
FAIL: Statics -O compilation from bytecode
FAIL: Twice compilation from bytecode
FAIL: Twice -O compilation from bytecode
FAIL: Where compilation from bytecode
FAIL: Where -O compilation from bytecode
FAIL: assignment compilation from bytecode
FAIL: assignment -O compilation from bytecode
FAIL: assignment_2 compilation from bytecode
FAIL: assignment_2 -O compilation from bytecode
FAIL: comment compilation from bytecode
FAIL: comment -O compilation from bytecode
FAIL: iface compilation from bytecode
FAIL: iface -O compilation from bytecode
FAIL: inner_1 compilation from bytecode
FAIL: inner_1 -O compilation from bytecode
FAIL: inner_data compilation from bytecode
FAIL: inner_data -O compilation from bytecode
FAIL: inner_inherit compilation from bytecode
FAIL: inner_inherit -O compilation from bytecode
FAIL: inner_priv compilation from bytecode
FAIL: inner_priv -O compilation from bytecode
FAIL: inner_pub compilation from bytecode
FAIL: inner_pub -O compilation from bytecode
FAIL: not_a_redef compilation from bytecode
FAIL: not_a_redef -O compilation from bytecode
FAIL: perc compilation from bytecode
FAIL: perc -O compilation from bytecode
FAIL: plusplus compilation from bytecode
FAIL: plusplus -O compilation from bytecode
FAIL: pr172 compilation from bytecode
FAIL: pr172 -O compilation from bytecode
FAIL: pr174 compilation from bytecode
FAIL: pr174 -O compilation from bytecode
FAIL: pr176 compilation from bytecode
FAIL: pr176 -O compilation from bytecode
FAIL: static_2 compilation from bytecode
FAIL: static_2 -O compilation from bytecode
FAIL: static_3 compilation from bytecode
FAIL: static_3 -O compilation from bytecode
FAIL: static_init2 compilation from bytecode
FAIL: static_init2 -O compilation from bytecode
FAIL: static_inner compilation from bytecode
FAIL: static_inner -O compilation from bytecode
FAIL: weirddecl compilation from bytecode
FAIL: weirddecl -O compilation from bytecode
FAIL: SuperConstr compilation from bytecode
FAIL: SuperConstr -O compilation from bytecode
=== libjava Summary ===
# of expected passes 276
# of unexpected failures 100
# of expected failures 6
# of untested testcases 8
=== libstdc++-v3 tests ===
Running target unix/-O2
FAIL: 22_locale/codecvt_unicode_char.cc execution test
FAIL: 22_locale/codecvt_unicode_wchar_t.cc execution test
=== libstdc++-v3 Summary for unix/-O2 ===
# of expected passes 245
# of unexpected failures 2
# of expected failures 8
Running target unix/-fpic
FAIL: 22_locale/codecvt_unicode_char.cc execution test
FAIL: 22_locale/codecvt_unicode_wchar_t.cc execution test
=== libstdc++-v3 Summary for unix/-fpic ===
# of expected passes 245
# of unexpected failures 2
# of expected failures 8
Running target unix/-fPIC
FAIL: 22_locale/codecvt_unicode_char.cc execution test
FAIL: 22_locale/codecvt_unicode_wchar_t.cc execution test
=== libstdc++-v3 Summary for unix/-fPIC ===
# of expected passes 245
# of unexpected failures 2
# of expected failures 8
Running target unix
FAIL: 22_locale/codecvt_unicode_char.cc execution test
FAIL: 22_locale/codecvt_unicode_wchar_t.cc execution test
=== libstdc++-v3 Summary for unix ===
# of expected passes 245
# of unexpected failures 2
# of expected failures 8
=== libstdc++-v3 Summary ===
# of expected passes 980
# of unexpected failures 8
# of expected failures 32
Compiler version: 3.0.3 20011206 (prerelease)
Platform: powerpc-unknown-linux-gnu
configure flags: --host=ppc-linux --prefix=/home/fsirl/gnubin --enable-shared --enable-threads --enable-checking=gc,misc,tree,rtl
More information about the Gcc-testresults
mailing list