Results for 3.0.3 20011205 (prerelease) testsuite on i586-redhat-linux-gnu

Gcc k6 testing account caligula@cam029208.student.utwente.nl
Wed Dec 5 23:07:00 GMT 2001


Gcc bootstrap for target k6-redhat-linux-gnu on the following system
====================================================================

Red Hat Linux release 7.0 (Guinness)
Kernel 2.4.16 on an i586

Gnu C                  2.96
binutils               2.11.90.0.8
Linux C Library        2.2.4
Dynamic linker (ldd)   2.2.4

RPM versions:
gcc-2.96-97
glibc-2.2.4-18.7.0
binutils-2.11.90.0.8-8
dejagnu-1.4.1-3
====================================================================
LAST_UPDATED: Thu Dec  6 01:10:22 UTC 2001

Native configuration is i586-redhat-linux-gnu

		=== g++ tests ===


Running target unix
FAIL: g++.ext/instantiate1.C not instantiated (test for errors, line 20)

		=== g++ Summary ===

# of expected passes		6515
# of unexpected failures	1
# of expected failures		103
# of untested testcases		9
/home/caligula/cvs/gcc-3.0.x/objdir/gcc/testsuite/../g++ version 3.0.3 20011205 (prerelease)

		=== g77 tests ===


Running target unix

		=== g77 Summary ===

# of expected passes		933
# of unsupported tests		8
		=== gcc tests ===


Running target unix
FAIL: gcc.c-torture/compile/20001226-1.c,  -Os  
XPASS: gcc.c-torture/execute/20000801-4.c execution,  -O0 
XPASS: gcc.c-torture/execute/20000801-4.c execution,  -O1 
XPASS: gcc.c-torture/execute/20000801-4.c execution,  -O2 
XPASS: gcc.c-torture/execute/20000801-4.c execution,  -O3 -fomit-frame-pointer 
XPASS: gcc.c-torture/execute/20000801-4.c execution,  -O3 -g 
XPASS: gcc.c-torture/execute/20000801-4.c execution,  -Os 
FAIL: gcc.c-torture/execute/loop-2b.c execution,  -O3 -fomit-frame-pointer 
FAIL: gcc.c-torture/execute/loop-2b.c execution,  -O3 -fomit-frame-pointer -funroll-loops 
FAIL: gcc.c-torture/execute/loop-2b.c execution,  -O3 -fomit-frame-pointer -funroll-all-loops -finline-functions 
FAIL: gcc.c-torture/execute/loop-2b.c execution,  -O3 -g 
FAIL: gcc.c-torture/execute/loop-2b.c execution,  -Os 
FAIL: gcc.c-torture/execute/loop-2e.c execution,  -O2 
FAIL: gcc.c-torture/execute/loop-2e.c execution,  -O3 -fomit-frame-pointer 
FAIL: gcc.c-torture/execute/loop-2e.c execution,  -O3 -g 
FAIL: gcc.c-torture/execute/loop-2e.c execution,  -Os 
FAIL: gcc.c-torture/execute/loop-3c.c execution,  -O2 
FAIL: gcc.c-torture/execute/loop-3c.c execution,  -O3 -fomit-frame-pointer 
FAIL: gcc.c-torture/execute/loop-3c.c execution,  -O3 -fomit-frame-pointer -funroll-loops 
FAIL: gcc.c-torture/execute/loop-3c.c execution,  -O3 -fomit-frame-pointer -funroll-all-loops -finline-functions 
FAIL: gcc.c-torture/execute/loop-3c.c execution,  -O3 -g 
FAIL: gcc.c-torture/execute/loop-3c.c execution,  -Os 

		=== gcc Summary ===

# of expected passes		15316
# of unexpected failures	16
# of unexpected successes	6
# of expected failures		77
# of unsupported tests		20
/home/caligula/cvs/gcc-3.0.x/objdir/gcc/xgcc version 3.0.3 20011205 (prerelease)

		=== objc tests ===


Running target unix

		=== objc Summary ===

# of expected passes		153
# of expected failures		1
/home/caligula/cvs/gcc-3.0.x/objdir/gcc/xgcc version 3.0.3 20011205 (prerelease)

		=== libjava tests ===


Running target unix
XPASS: N19990310_4 output from source compiled test
XPASS: N19990310_4 -O output from source compiled test
XPASS: stringconst output from bytecode->native test
XPASS: stringconst -O output from bytecode->native test
XPASS: stub compilation from source
XPASS: stub byte compilation
XPASS: stub compilation from bytecode
XPASS: stub -O compilation from source
XPASS: stub byte compilation
XPASS: stub -O compilation from bytecode

		=== libjava Summary ===

# of expected passes		1676
# of unexpected successes	10
# of expected failures		14
# of untested testcases		16
		=== libstdc++-v3 tests ===


Running target unix

		=== libstdc++-v3 Summary ===

# of expected passes		247
# of expected failures		8

Compiler version: 3.0.3 20011205 (prerelease) 
Platform: i586-redhat-linux-gnu
configure flags: --prefix=/opt/k6/gcc-3.0.x-branch --host=k6-redhat-linux-gnu --target=k6-redhat-linux-gnu --enable-languages=c,c++,objc,f77,java --enable-threads=posix



More information about the Gcc-testresults mailing list