Results for 3.0.2 testsuite on sparc-unknown-linux-gnu
Hugo Javier Curti
hcurti@exa.unicen.edu.ar
Wed Dec 5 15:31:00 GMT 2001
LAST_UPDATED:
Native configuration is sparc-unknown-linux-gnu
=== g77 tests ===
Running target unix
=== g77 Summary ===
# of expected passes 933
# of unsupported tests 8
=== gcc tests ===
Running target unix
FAIL: gcc.dg/20001013-1.c (test for excess errors)
FAIL: gcc.dg/pack-test-1.c (test for excess errors)
FAIL: gcc.dg/pack-test-2.c (test for errors, line 7)
FAIL: gcc.dg/pack-test-2.c (test for errors, line 14)
FAIL: gcc.dg/pack-test-2.c (test for errors, line 19)
FAIL: gcc.dg/pack-test-2.c (test for excess errors)
FAIL: gcc.dg/special/gcsec-1.c (test for excess errors)
=== gcc Summary ===
# of expected passes 15273
# of unexpected failures 7
# of expected failures 76
# of unsupported tests 46
/usr/local/src/gcc3.2/gcc/xgcc version 3.0.2
=== g++ tests ===
Running target unix
FAIL: g++.eh/badalloc1.C Execution test
FAIL: g++.ext/instantiate1.C not instantiated (test for errors, line 20)
=== g++ Summary ===
# of expected passes 6495
# of unexpected failures 2
# of expected failures 103
# of untested testcases 20
/usr/local/src/gcc3.2/gcc/testsuite/../g++ version 3.0.2
=== objc tests ===
Running target unix
=== objc Summary ===
# of expected passes 153
# of expected failures 1
/usr/local/src/gcc3.2/gcc/xgcc version 3.0.2
=== libjava tests ===
Running target unix
=== libjava Summary ===
=== libstdc++-v3 tests ===
Running target unix
=== libstdc++-v3 Summary ===
Compiler version: 3.0.2
Platform: sparc-unknown-linux-gnu
configure flags: --host=sparc-unknown-linux-gnu --program-suffix=-3.2
More information about the Gcc-testresults
mailing list