Results for 3.0.3 20011203 (prerelease) testsuite on i686-pc-linux-gnu

Neil Booth neil@daikokuya.demon.co.uk
Tue Dec 4 23:01:00 GMT 2001


LAST_UPDATED: 
Native configuration is i686-pc-linux-gnu

		=== g++ tests ===


Running target unix
FAIL: g++.ext/instantiate1.C not instantiated (test for errors, line 20)

		=== g++ Summary ===

# of expected passes		6515
# of unexpected failures	1
# of expected failures		103
# of untested testcases		9
/home/neil/src/gcc-branch/build/gcc/testsuite/../g++ version 3.0.3 20011203 (prerelease)

		=== g77 tests ===


Running target unix

		=== g77 Summary ===

# of expected passes		949
		=== gcc tests ===


Running target unix
XPASS: gcc.c-torture/execute/20000801-4.c execution,  -O0 
XPASS: gcc.c-torture/execute/20000801-4.c execution,  -O1 
XPASS: gcc.c-torture/execute/20000801-4.c execution,  -O2 
XPASS: gcc.c-torture/execute/20000801-4.c execution,  -O3 -fomit-frame-pointer 
XPASS: gcc.c-torture/execute/20000801-4.c execution,  -O3 -g 
XPASS: gcc.c-torture/execute/20000801-4.c execution,  -Os 

		=== gcc Summary ===

# of expected passes		15332
# of unexpected successes	6
# of expected failures		77
# of unsupported tests		20
/home/neil/src/gcc-branch/build/gcc/xgcc version 3.0.3 20011203 (prerelease)

		=== objc tests ===


Running target unix

		=== objc Summary ===

# of expected passes		153
# of expected failures		1
/home/neil/src/gcc-branch/build/gcc/xgcc version 3.0.3 20011203 (prerelease)

		=== libstdc++-v3 tests ===


Running target unix

		=== libstdc++-v3 Summary ===

# of expected passes		247
# of expected failures		8

Compiler version: 3.0.3 20011203 (prerelease) 
Platform: i686-pc-linux-gnu
configure flags: --host=i686-pc-linux-gnu --enable-shared --enable-threads=posix --enable-languages=c,objc,c++,f77



More information about the Gcc-testresults mailing list