Results for 3.1 20011203 (experimental) gcc testsuite on i686-pc-linux-gnu

Neil Booth neil@daikokuya.demon.co.uk
Mon Dec 3 14:17:00 GMT 2001


LAST_UPDATED: 

Native configuration is i686-pc-linux-gnu

		=== gcc tests ===


Running target unix
FAIL: gcc.c-torture/compile/20011114-1.c,  -O0  
FAIL: gcc.c-torture/compile/20011114-1.c,  -O1  
FAIL: gcc.c-torture/compile/20011114-1.c,  -O2  
FAIL: gcc.c-torture/compile/20011114-1.c,  -O3 -fomit-frame-pointer  
FAIL: gcc.c-torture/compile/20011114-1.c,  -O3 -g  
FAIL: gcc.c-torture/compile/20011114-1.c,  -Os  
FAIL: gcc.dg/c99-intconst-1.c (test for excess errors)

		=== gcc Summary ===

# of expected passes		16433
# of unexpected failures	7
# of expected failures		61
# of unsupported tests		26
/home/neil/src/gcc/build/gcc/xgcc version 3.1 20011203 (experimental)


Compiler version: 3.1 20011203 (experimental) gcc 
Platform: i686-pc-linux-gnu
configure flags: --host=i686-pc-linux-gnu --enable-shared --enable-threads=posix --enable-languages=c



More information about the Gcc-testresults mailing list