Results for 3.1 20011203 (experimental) gcc testsuite on sparc-sun-solaris2.8
lucier@math.purdue.edu
lucier@math.purdue.edu
Mon Dec 3 13:01:00 GMT 2001
LAST_UPDATED: Mon Dec 3 16:06:28 UTC 2001
Native configuration is sparc-sun-solaris2.8
=== gcc tests ===
Running target unix
FAIL: gcc.c-torture/compile/20011114-1.c, -O0
FAIL: gcc.c-torture/compile/20011114-1.c, -O1
FAIL: gcc.c-torture/compile/20011114-1.c, -O2
FAIL: gcc.c-torture/compile/20011114-1.c, -O3 -fomit-frame-pointer
FAIL: gcc.c-torture/compile/20011114-1.c, -O3 -g
FAIL: gcc.c-torture/compile/20011114-1.c, -Os
FAIL: gcc.c-torture/compile/20011119-1.c, -O0
FAIL: gcc.c-torture/compile/20011119-1.c, -O1
FAIL: gcc.c-torture/compile/20011119-1.c, -O2
FAIL: gcc.c-torture/compile/20011119-1.c, -O3 -fomit-frame-pointer
FAIL: gcc.c-torture/compile/20011119-1.c, -O3 -g
FAIL: gcc.c-torture/compile/20011119-1.c, -Os
FAIL: gcc.c-torture/compile/20011119-2.c, -O0
FAIL: gcc.c-torture/compile/20011119-2.c, -O1
FAIL: gcc.c-torture/compile/20011119-2.c, -O2
FAIL: gcc.c-torture/compile/20011119-2.c, -O3 -fomit-frame-pointer
FAIL: gcc.c-torture/compile/20011119-2.c, -O3 -g
FAIL: gcc.c-torture/compile/20011119-2.c, -Os
FAIL: gcc.c-torture/execute/strct-pack-1.c execution, -O2
FAIL: gcc.c-torture/execute/strct-pack-1.c execution, -Os
FAIL: gcc.c-torture/execute/ieee/930529-1.c execution, -O2
FAIL: gcc.c-torture/execute/ieee/930529-1.c execution, -O3 -fomit-frame-pointer
FAIL: gcc.c-torture/execute/ieee/930529-1.c execution, -O3 -g
FAIL: gcc.c-torture/execute/ieee/930529-1.c execution, -Os
FAIL: gcc.dg/cpp/charconst.c (test for excess errors)
FAIL: gcc.dg/cpp/ucs.c bad U1234abcd evaluation (test for bogus messages, line 14)
FAIL: gcc.dg/cpp/ucs.c (test for warnings, line 24)
FAIL: gcc.dg/cpp/ucs.c (test for excess errors)
FAIL: gcc.dg/20001013-1.c (test for excess errors)
FAIL: gcc.dg/c99-float-1.c (test for excess errors)
FAIL: gcc.dg/c99-intconst-1.c (test for excess errors)
FAIL: gcc.dg/noncompile/930622-1.c (test for excess errors)
=== gcc Summary ===
# of expected passes 16345
# of unexpected failures 32
# of expected failures 57
# of unresolved testcases 3
# of unsupported tests 58
/export/u3/lucier/programs/gcc/gcc-3.1/objdir/gcc/xgcc version 3.1 20011203 (experimental)
Compiler version: 3.1 20011203 (experimental) gcc
Platform: sparc-sun-solaris2.8
configure flags: --host=sparc-sun-solaris2.8 --enable-languages=c --enable-checking=no --prefix=/pkgs/gcc-2.96
Counting all warnings,
there are 21 warnings in stage3 of this bootstrap.
Number of warnings per file:
10 gcc/gcc.c
4 gcc/unwind-dw2.c
3 gcc/reload1.c
2 gcc/fold-const.c
1 gcc/regmove.c
1 gcc/combine.c
Number of warning types:
8 string length \`???' is greater than the length \`???' ISO C89 compilers are required to support
3 signed and unsigned type in conditional expression
2 traditional C rejects string concatenation
2 missing braces around initializer
2 comparison between signed and unsigned
2 (near initialization for \`???')
1 pointer targets in passing arg ??? of \`???' differ in signedness
1 passing arg ??? of \`???' from incompatible pointer type
More information about the Gcc-testresults
mailing list