Results for 3.1 20010831 (experimental) testsuite on i686-pc-linux-gnu
H . J . Lu
hjl@lucon.org
Fri Aug 31 11:35:00 GMT 2001
Native configuration is i686-pc-linux-gnu
=== g77 tests ===
Running target unix
=== g77 Summary ===
# of expected passes 1317
=== gcc tests ===
Running target unix
FAIL: gcc.misc-tests/gcov-3.c gcov: 4:is 2:should be 1
=== gcc Summary ===
# of expected passes 15712
# of unexpected failures 1
# of expected failures 66
# of unsupported tests 23
/export/build/gnu/gcc/build-i686-linux/gcc/xgcc version 3.1 20010831 (experimental)
=== g++ tests ===
Running target unix
XPASS: g++.dg/template/friend.C (test for bogus messages, line 19)
XPASS: g++.dg/template/friend.C (test for bogus messages, line 21)
XPASS: g++.dg/template/friend.C (test for bogus messages, line 28)
FAIL: g++.eh/terminate2.C Execution test
FAIL: g++.other/enum5.C (test for excess errors)
XPASS: g++.robertl/eb17.C Execution test
=== g++ Summary ===
# of expected passes 6614
# of unexpected failures 2
# of unexpected successes 4
# of expected failures 92
# of untested testcases 9
/export/build/gnu/gcc/build-i686-linux/gcc/testsuite/../g++ version 3.1 20010831 (experimental)
=== objc tests ===
Running target unix
FAIL: objc/execute/formal_protocol-6.m execution, -O
=== objc Summary ===
# of expected passes 202
# of unexpected failures 1
/export/build/gnu/gcc/build-i686-linux/gcc/xgcc version 3.1 20010831 (experimental)
=== libjava tests ===
Running target unix
FAIL: PR232 compilation from bytecode
FAIL: PR232 -O compilation from bytecode
FAIL: register run
FAIL: Primes output from source compiled test
FAIL: Primes output from bytecode->native test
FAIL: Primes -O output from source compiled test
FAIL: Primes -O output from bytecode->native test
FAIL: final_static_and_friend output from bytecode->native test
FAIL: final_static_and_friend -O output from bytecode->native test
FAIL: stringconst compilation from bytecode
FAIL: stringconst -O compilation from bytecode
FAIL: stringconst2 compilation from bytecode
FAIL: stringconst2 -O compilation from bytecode
=== libjava Summary ===
# of expected passes 1855
# of unexpected failures 13
# of expected failures 16
# of untested testcases 25
=== libstdc++-v3 tests ===
Running target unix
FAIL: 22_locale/codecvt.cc (test for excess errors)
XPASS: 22_locale/members.cc execution test
XPASS: 22_locale/messages_byname.cc execution test
XPASS: 22_locale/messages_members_char.cc execution test
XPASS: 22_locale/money_put_members_char.cc execution test
XPASS: 22_locale/moneypunct_byname.cc execution test
XPASS: 22_locale/moneypunct_members_char.cc execution test
XPASS: 22_locale/numpunct_byname.cc execution test
XPASS: 22_locale/numpunct_members_char.cc execution test
=== libstdc++-v3 Summary ===
# of expected passes 298
# of unexpected failures 1
# of unexpected successes 8
# of expected failures 11
Compiler version: 3.1 20010831 (experimental)
Platform: i686-pc-linux-gnu
configure flags: --host=i686-pc-linux-gnu --enable-clocale=gnu --with-system-zlib --enable-shared --enable-threads=posix --enable-haifa --disable-checking --prefix=/usr/gcc-3.1 --with-local-prefix=/usr/local
More information about the Gcc-testresults
mailing list