Results for is 1.3.1 testsuite on i386-unknown-freebsd3.0
Alexandre Oliva
oliva@moab.cs.utah.edu
Wed Aug 22 17:24:00 GMT 2001
Native configuration is i386-unknown-freebsd3.0
=== binutils tests ===
Running target unix
=== binutils Summary ===
# of expected passes 26
=== dejagnu tests ===
Running target unix
=== dejagnu Summary ===
=== g++ tests ===
Running target unix
=== g++ Summary ===
# of expected passes 6501
# of expected failures 102
# of untested testcases 15
/foo/z/oliva/egcs/gcc/testsuite/../g++ version 3.0.1
=== g77 tests ===
Running target unix
=== g77 Summary ===
# of expected passes 933
# of unsupported tests 8
=== gas tests ===
Running target unix
=== gas Summary ===
# of expected passes 72
=== gcc tests ===
Running target unix
XPASS: gcc.c-torture/execute/20000801-4.c execution, -O0
XPASS: gcc.c-torture/execute/20000801-4.c execution, -O1
XPASS: gcc.c-torture/execute/20000801-4.c execution, -O2
XPASS: gcc.c-torture/execute/20000801-4.c execution, -O3 -fomit-frame-pointer
XPASS: gcc.c-torture/execute/20000801-4.c execution, -O3 -g
XPASS: gcc.c-torture/execute/20000801-4.c execution, -Os
XPASS: gcc.c-torture/execute/ieee/mzero2.c execution, -O0
XPASS: gcc.c-torture/execute/ieee/mzero2.c execution, -O1
XPASS: gcc.c-torture/execute/ieee/mzero2.c execution, -O2
XPASS: gcc.c-torture/execute/ieee/mzero2.c execution, -O3 -fomit-frame-pointer
XPASS: gcc.c-torture/execute/ieee/mzero2.c execution, -O3 -g
XPASS: gcc.c-torture/execute/ieee/mzero2.c execution, -Os
XPASS: gcc.c-torture/execute/ieee/rbug.c execution, -O3 -fomit-frame-pointer
XPASS: gcc.c-torture/execute/ieee/rbug.c execution, -O3 -g
FAIL: gcc.dg/wchar_t-1.c (test for excess errors)
FAIL: gcc.dg/wint_t-1.c (test for excess errors)
FAIL: gcc.dg/special/gcsec-1.c execution test
=== gcc Summary ===
# of expected passes 15203
# of unexpected failures 3
# of unexpected successes 14
# of expected failures 80
# of unsupported tests 24
/foo/z/oliva/egcs/gcc/xgcc version 3.0.1
=== ld tests ===
Running target unix
FAIL: bootstrap
FAIL: bootstrap with strip
FAIL: bootstrap with --static
FAIL: bootstrap with --traditional-format
FAIL: bootstrap with --no-keep-memory
FAIL: cdtest
FAIL: cdtest with -Ur
FAIL: selective4
XPASS: selective6
FAIL: S-records with constructors
XPASS: undefined line
=== ld Summary ===
# of expected passes 15
# of unexpected failures 9
# of unexpected successes 2
=== libstdc++-v3 tests ===
Running target unix
XPASS: 26_numerics/c99_classification_macros_c.cc (test for excess errors)
=== libstdc++-v3 Summary ===
# of expected passes 245
# of unexpected successes 1
# of expected failures 7
=== objc tests ===
Running target unix
=== objc Summary ===
# of expected passes 153
# of expected failures 1
/foo/z/oliva/egcs/gcc/xgcc version 3.0.1
=== runtest tests ===
Running target unix
=== runtest Summary ===
# of unsupported tests 1
Expect version is 5.26
Tcl version is 8.0
Framework version is 1.3.1
=== tests ===
Running target unix
=== Summary ===
=== x tests ===
Running target unix
=== x Summary ===
=== xXx tests ===
Running target unix
=== xXx Summary ===
Compiler version: is 1.3.1
Platform: i386-unknown-freebsd3.0
BOOT_CFLAGS: -g -O9 -W -Wall
Counting all warnings,
there are 114 warnings in stage3 of this bootstrap.
Number of warnings per file:
96 libiberty/md5.c
7 fastjar/compress.c
4 libiberty/getopt.c
2 libsupc++/eh_personality.cc
2 fastjar/pushback.c
2 fastjar/jartool.c
1 configure
Number of warning types:
32 function-like macro `FI' must be used with arguments in traditional C
32 function-like macro `FH' must be used with arguments in traditional C
32 function-like macro `FG' must be used with arguments in traditional C
9 comparison between signed and unsigned
4 unused parameter `???'
1 wchar_t support disabled.
1 unsigned value < 0 is always 0
1 new
1 function declaration isn't a prototype
1 ambiguates
More information about the Gcc-testresults
mailing list