Results for 3.0.1 20010813 (prerelease) testsuite on i386-unknown-freebsd4.0
Alexandre Oliva
oliva@mish.cs.utah.edu
Mon Aug 20 13:13:00 GMT 2001
Native configuration is i386-unknown-freebsd4.0
=== binutils tests ===
Running target unix
=== binutils Summary ===
# of expected passes 26
=== g++ tests ===
Running target unix
=== g++ Summary ===
# of expected passes 6501
# of expected failures 102
# of untested testcases 15
/x/oliva/egcs/gcc/testsuite/../g++ version 3.0.1 20010813 (prerelease)
=== g77 tests ===
Running target unix
=== g77 Summary ===
# of expected passes 933
# of unsupported tests 8
=== gas tests ===
Running target unix
=== gas Summary ===
# of expected passes 72
=== gcc tests ===
Running target unix
XPASS: gcc.c-torture/execute/20000801-4.c execution, -O0
XPASS: gcc.c-torture/execute/20000801-4.c execution, -O1
XPASS: gcc.c-torture/execute/20000801-4.c execution, -O2
XPASS: gcc.c-torture/execute/20000801-4.c execution, -O3 -fomit-frame-pointer
XPASS: gcc.c-torture/execute/20000801-4.c execution, -O3 -g
XPASS: gcc.c-torture/execute/20000801-4.c execution, -Os
XPASS: gcc.c-torture/execute/ieee/rbug.c execution, -O3 -fomit-frame-pointer
XPASS: gcc.c-torture/execute/ieee/rbug.c execution, -O3 -g
FAIL: gcc.dg/wchar_t-1.c (test for excess errors)
FAIL: gcc.dg/wint_t-1.c (test for excess errors)
FAIL: gcc.dg/special/gcsec-1.c execution test
=== gcc Summary ===
# of expected passes 15209
# of unexpected failures 3
# of unexpected successes 8
# of expected failures 80
# of unsupported tests 24
/x/oliva/egcs/gcc/xgcc version 3.0.1 20010813 (prerelease)
=== ld tests ===
Running target unix
FAIL: bootstrap
FAIL: bootstrap with strip
FAIL: bootstrap with --traditional-format
FAIL: bootstrap with --no-keep-memory
FAIL: cdtest
FAIL: cdtest with -Ur
FAIL: selective4
XPASS: selective6
FAIL: S-records with constructors
XPASS: undefined line
=== ld Summary ===
# of expected passes 15
# of unexpected failures 8
# of unexpected successes 2
# of expected failures 1
=== libstdc++-v3 tests ===
Running target unix
=== libstdc++-v3 Summary ===
=== objc tests ===
Running target unix
=== objc Summary ===
# of expected passes 153
# of expected failures 1
/x/oliva/egcs/gcc/xgcc version 3.0.1 20010813 (prerelease)
Compiler version: 3.0.1 20010813 (prerelease)
Platform: i386-unknown-freebsd4.0
BOOT_CFLAGS: -g -O9 -W -Wall
Counting all warnings,
there are 0 warnings in stage3 of this bootstrap.
Number of warnings per file:
Number of warning types:
More information about the Gcc-testresults
mailing list