Results for 3.1 20010812 (experimental) testsuite on i686-pc-linux-gnu
H . J . Lu
hjl@lucon.org
Sun Aug 12 19:23:00 GMT 2001
Native configuration is i686-pc-linux-gnu
=== g77 tests ===
Running target unix
=== g77 Summary ===
# of expected passes 1317
=== gcc tests ===
Running target unix
XPASS: gcc.c-torture/execute/20000801-4.c execution, -O0
XPASS: gcc.c-torture/execute/20000801-4.c execution, -O1
XPASS: gcc.c-torture/execute/20000801-4.c execution, -O2
XPASS: gcc.c-torture/execute/20000801-4.c execution, -O3 -fomit-frame-pointer
XPASS: gcc.c-torture/execute/20000801-4.c execution, -O3 -g
XPASS: gcc.c-torture/execute/20000801-4.c execution, -Os
FAIL: gcc.dg/special/gcsec-1.c (test for excess errors)
FAIL: gcov-3.c:4:is 2:should be 1 (PRMS 8294)
=== gcc Summary ===
# of expected passes 15675
# of unexpected failures 2
# of unexpected successes 6
# of expected failures 66
# of unsupported tests 23
/export/build/gnu/gcc/build-i686-linux/gcc/xgcc version 3.1 20010812 (experimental)
=== g++ tests ===
Running target unix
FAIL: g++.dg/lookup/using.C (test for bogus messages, line 20)
FAIL: g++.dg/other/parse-angle-bracket.C (test for bogus messages, line 7)
FAIL: g++.dg/template/explicit-instantiation.C (test for bogus messages, line 11)
FAIL: g++.dg/template/init-list.C (test for excess errors)
FAIL: g++.dg/warn/return-reference.C (test for bogus messages, line 10)
FAIL: g++.other/enum5.C (test for excess errors)
XPASS: g++.robertl/eb17.C Execution test
=== g++ Summary ===
# of expected passes 6609
# of unexpected failures 6
# of unexpected successes 1
# of expected failures 87
# of untested testcases 9
/export/build/gnu/gcc/build-i686-linux/gcc/testsuite/../g++ version 3.1 20010812 (experimental)
=== objc tests ===
Running target unix
FAIL: objc/execute/formal_protocol-6.m execution, -O
=== objc Summary ===
# of expected passes 202
# of unexpected failures 1
/export/build/gnu/gcc/build-i686-linux/gcc/xgcc version 3.1 20010812 (experimental)
=== libjava tests ===
Running target unix
FAIL: register run
XPASS: stringconst output from bytecode->native test
XPASS: stringconst -O output from bytecode->native test
=== libjava Summary ===
# of expected passes 1853
# of unexpected failures 1
# of unexpected successes 2
# of expected failures 16
# of untested testcases 17
=== libstdc++-v3 tests ===
Running target unix
FAIL: 27_io/filebuf.cc execution test
FAIL: 27_io/filebuf_members.cc execution test
FAIL: 27_io/ifstream_members.cc execution test
FAIL: 27_io/istream_extractor_other.cc execution test
FAIL: 27_io/istream_seeks.cc execution test
FAIL: 27_io/istream_unformatted.cc execution test
FAIL: 27_io/ostream_inserter_other.cc execution test
=== libstdc++-v3 Summary ===
# of expected passes 278
# of unexpected failures 7
# of expected failures 12
Compiler version: 3.1 20010812 (experimental)
Platform: i686-pc-linux-gnu
configure flags: --host=i686-pc-linux-gnu --enable-shared --enable-threads=posix --enable-haifa --disable-checking --prefix=/usr/gcc-3.1 --with-local-prefix=/usr/local
More information about the Gcc-testresults
mailing list