Results for 3.1 20010811 (experimental) testsuite on i686-redhat-linux-gnu
Horst von Brand
vonbrand@sleipnir.valparaiso.cl
Sat Aug 11 16:09:00 GMT 2001
LAST_UPDATED: Sat Aug 11 17:59:03 UTC 2001
Native configuration is i686-redhat-linux-gnu
=== g77 tests ===
Running target unix
=== g77 Summary ===
# of expected passes 1317
=== gcc tests ===
Running target unix
XPASS: gcc.c-torture/execute/20000801-4.c execution, -O0
XPASS: gcc.c-torture/execute/20000801-4.c execution, -O1
XPASS: gcc.c-torture/execute/20000801-4.c execution, -O2
XPASS: gcc.c-torture/execute/20000801-4.c execution, -O3 -fomit-frame-pointer
XPASS: gcc.c-torture/execute/20000801-4.c execution, -O3 -g
XPASS: gcc.c-torture/execute/20000801-4.c execution, -Os
FAIL: gcc.dg/format/ext-3.c bad %-_ (test for warnings, line 211)
FAIL: gcc.dg/format/ext-3.c bad %-0 (test for warnings, line 212)
FAIL: gcc.dg/format/ext-3.c bad %_0 (test for warnings, line 213)
FAIL: gcc.dg/format/ext-3.c bad %^# (test for warnings, line 215)
FAIL: gcc.dg/format/ext-3.c (test for excess errors)
FAIL: gcc.dg/format/ext-3.c bad %-_ (test for warnings, line 211)
FAIL: gcc.dg/format/ext-3.c bad %-0 (test for warnings, line 212)
FAIL: gcc.dg/format/ext-3.c bad %_0 (test for warnings, line 213)
FAIL: gcc.dg/format/ext-3.c bad %^# (test for warnings, line 215)
FAIL: gcc.dg/format/ext-3.c (test for excess errors)
FAIL: gcc.dg/format/xopen-1.c multiple use of scanf argument (test for warnings, line 115)
FAIL: gcc.dg/special/gcsec-1.c (test for excess errors)
FAIL: gcov-3.c:4:is 2:should be 1 (PRMS 8294)
=== gcc Summary ===
# of expected passes 15664
# of unexpected failures 13
# of unexpected successes 6
# of expected failures 66
# of unsupported tests 23
/usr/src/build/GCC/build-gcc-20010811/gcc/xgcc version 3.1 20010811 (experimental)
=== g++ tests ===
Running target unix
FAIL: g++.eh/spec6.C (test for excess errors)
FAIL: g++.other/enum5.C (test for excess errors)
XPASS: g++.robertl/eb17.C Execution test
=== g++ Summary ===
# of expected passes 6594
# of unexpected failures 2
# of unexpected successes 1
# of expected failures 86
# of untested testcases 9
/usr/src/build/GCC/build-gcc-20010811/gcc/testsuite/../g++ version 3.1 20010811 (experimental)
=== objc tests ===
Running target unix
FAIL: objc/execute/formal_protocol-6.m execution, -O
=== objc Summary ===
# of expected passes 202
# of unexpected failures 1
/usr/src/build/GCC/build-gcc-20010811/gcc/xgcc version 3.1 20010811 (experimental)
=== libjava tests ===
Running target unix
FAIL: register run
XPASS: stringconst output from bytecode->native test
XPASS: stringconst -O output from bytecode->native test
=== libjava Summary ===
# of expected passes 1853
# of unexpected failures 1
# of unexpected successes 2
# of expected failures 16
# of untested testcases 17
=== libstdc++-v3 tests ===
Running target unix
=== libstdc++-v3 Summary ===
# of expected passes 285
# of expected failures 12
Compiler version: 3.1 20010811 (experimental)
Platform: i686-redhat-linux-gnu
configure flags: --host=i686-redhat-linux --enable-shared --enable-threads --enable-haifa --enable-cpp --with-system-zlib --prefix=/usr
More information about the Gcc-testresults
mailing list