Results for 3.1 20010809 (experimental) testsuite on alphaev6-unknown-linux-gnu
Richard Henderson
rth@cygnus.com
Fri Aug 10 01:59:00 GMT 2001
LAST_UPDATED: Thu Aug 9 22:49:49 UTC 2001
Native configuration is alphaev6-unknown-linux-gnu
=== libjava tests ===
Running target unix
FAIL: register run
FAIL: Thread_Monitor -O execution from source compiled test
XPASS: stringconst output from bytecode->native test
XPASS: stringconst -O output from bytecode->native test
FAIL: stringconst2 output from source compiled test
FAIL: stringconst2 -O output from source compiled test
FAIL: TLtest compilation from source
FAIL: TLtest compilation from bytecode
FAIL: SyncTest execution from bytecode->native test
FAIL: SyncTest -O execution from bytecode->native test
=== libjava Summary ===
# of expected passes 1839
# of unexpected failures 8
# of unexpected successes 2
# of expected failures 16
# of untested testcases 24
=== libstdc++-v3 tests ===
Running target unix
=== libstdc++-v3 Summary ===
# of expected passes 285
# of expected failures 12
=== g77 tests ===
Running target unix
FAIL: g77.f-torture/compile/20000629-1.f, -O3 -g
FAIL: g77.f-torture/execute/19990826-2.f compilation, -O1
FAIL: g77.f-torture/execute/19990826-2.f compilation, -O2
FAIL: g77.f-torture/execute/19990826-2.f compilation, -O3 -fomit-frame-pointer
FAIL: g77.f-torture/execute/19990826-2.f compilation, -O3 -g
FAIL: g77.f-torture/execute/19990826-2.f compilation, -Os
FAIL: g77.f-torture/execute/20010430.f execution, -O2
FAIL: g77.f-torture/execute/20010430.f execution, -O3 -fomit-frame-pointer
FAIL: g77.f-torture/execute/20010430.f execution, -O3 -fomit-frame-pointer -funroll-loops
FAIL: g77.f-torture/execute/20010430.f execution, -O3 -fomit-frame-pointer -funroll-all-loops -finline-functions
FAIL: g77.f-torture/execute/20010430.f execution, -O3 -g
=== g77 Summary ===
# of expected passes 1285
# of unexpected failures 11
# of untested testcases 5
# of unsupported tests 8
=== gcc tests ===
Running target unix
FAIL: gcc.c-torture/execute/20010518-2.c execution, -O0
FAIL: gcc.c-torture/execute/20010518-2.c execution, -O1
FAIL: gcc.c-torture/execute/20010518-2.c execution, -O2
FAIL: gcc.c-torture/execute/20010518-2.c execution, -O3 -fomit-frame-pointer
FAIL: gcc.c-torture/execute/20010518-2.c execution, -O3 -g
FAIL: gcc.c-torture/execute/20010518-2.c execution, -Os
FAIL: gcc.dg/cpp/ucs.c (test for warnings, line 24)
FAIL: gcc.dg/cpp/ucs.c (test for excess errors)
XPASS: gcc.dg/setjmp-1.c spurious clobbered warning (test for bogus messages, line 16)
FAIL: gcov-3.c:4:is 2:should be 1 (PRMS 8294)
=== gcc Summary ===
# of expected passes 15616
# of unexpected failures 9
# of unexpected successes 1
# of expected failures 69
# of unsupported tests 54
/castro/street/rth/gcc/build/axp/gcc/xgcc version 3.1 20010809 (experimental)
=== g++ tests ===
Running target unix
FAIL: g++.dg/opt/vtgc1.C (test for excess errors)
FAIL: g++.other/crash18.C (test for excess errors)
FAIL: g++.other/enum5.C (test for excess errors)
XPASS: g++.robertl/eb17.C Execution test
=== g++ Summary ===
# of expected passes 6563
# of unexpected failures 3
# of unexpected successes 1
# of expected failures 86
# of unresolved testcases 1
# of untested testcases 20
/castro/street/rth/gcc/build/axp/gcc/testsuite/../g++ version 3.1 20010809 (experimental)
=== objc tests ===
Running target unix
FAIL: objc/execute/formal_protocol-6.m execution, -O
=== objc Summary ===
# of expected passes 202
# of unexpected failures 1
/castro/street/rth/gcc/build/axp/gcc/xgcc version 3.1 20010809 (experimental)
Compiler version: 3.1 20010809 (experimental)
Platform: alphaev6-unknown-linux-gnu
configure flags: --host=alphaev6-unknown-linux-gnu --prefix=/castro/street/H-alpha-linux --enable-threads
More information about the Gcc-testresults
mailing list