Results for 3.0.1 20010802 (prerelease) testsuite on i686-pc-linux-gnu
Neil Booth
neil@daikokuya.demon.co.uk
Fri Aug 3 10:45:00 GMT 2001
LAST_UPDATED:
Native configuration is i686-pc-linux-gnu
=== g++ tests ===
Running target unix
FAIL: g++.ext/instantiate1.C not instantiated (test for errors, line 20)
=== g++ Summary ===
# of expected passes 6506
# of unexpected failures 1
# of expected failures 102
# of untested testcases 9
/home/neil/src/gcc-branch/build/gcc/testsuite/../g++ version 3.0.1 20010802 (prerelease)
=== g77 tests ===
Running target unix
=== g77 Summary ===
# of expected passes 949
=== gcc tests ===
Running target unix
XPASS: gcc.c-torture/execute/20010114-2.c execution, -O0
XPASS: gcc.c-torture/execute/20010114-2.c execution, -O3 -fomit-frame-pointer
XPASS: gcc.c-torture/execute/20010114-2.c execution, -O3 -g
FAIL: gcc.dg/format/c90-printf-1.c %n with NULL (test for warnings, line 235)
FAIL: gcc.dg/format/c90-printf-1.c %s with NULL (test for warnings, line 236)
FAIL: gcc.dg/format/c90-printf-1.c (test for excess errors)
=== gcc Summary ===
# of expected passes 15219
# of unexpected failures 3
# of unexpected successes 3
# of expected failures 85
# of unsupported tests 20
/home/neil/src/gcc-branch/build/gcc/xgcc version 3.0.1 20010802 (prerelease)
=== objc tests ===
Running target unix
=== objc Summary ===
# of expected passes 153
# of expected failures 1
/home/neil/src/gcc-branch/build/gcc/xgcc version 3.0.1 20010802 (prerelease)
=== libjava tests ===
Running target unix
XPASS: N19990310_4 output from source compiled test
XPASS: N19990310_4 -O output from source compiled test
XPASS: stringconst output from bytecode->native test
XPASS: stringconst -O output from bytecode->native test
XPASS: stub compilation from source
XPASS: stub byte compilation
XPASS: stub compilation from bytecode
XPASS: stub -O compilation from source
XPASS: stub byte compilation
XPASS: stub -O compilation from bytecode
=== libjava Summary ===
# of expected passes 1676
# of unexpected successes 10
# of expected failures 14
# of untested testcases 16
=== libstdc++-v3 tests ===
Running target unix
=== libstdc++-v3 Summary ===
# of expected passes 245
# of expected failures 8
Compiler version: 3.0.1 20010802 (prerelease)
Platform: i686-pc-linux-gnu
configure flags: --host=i686-pc-linux-gnu --enable-shared --enable-threads=posix
More information about the Gcc-testresults
mailing list