Results for 3.0.1 20010801 (prerelease) testsuite on hppa1.1-hp-hpux10.20
John David Anglin
dave@hiauly1.hia.nrc.ca
Thu Aug 2 12:50:00 GMT 2001
LAST_UPDATED: Wed Aug 1 19:43:20 UTC 2001
Native configuration is hppa1.1-hp-hpux10.20
=== g++ tests ===
Running target unix
FAIL: g++.dg/mangle1.C scan-assembler
FAIL: g++.dg/mangle1.C scan-assembler
FAIL: g++.dg/mangle1.C scan-assembler
FAIL: g++.dg/mangle1.C scan-assembler
FAIL: g++.dg/mangle1.C scan-assembler
FAIL: g++.dg/mangle1.C scan-assembler
FAIL: g++.dg/mangle1.C scan-assembler
FAIL: g++.dg/mangle1.C scan-assembler
FAIL: g++.dg/mangle1.C scan-assembler
FAIL: g++.dg/mangle1.C scan-assembler
FAIL: g++.dg/mangle1.C scan-assembler
FAIL: g++.dg/mangle1.C scan-assembler
FAIL: g++.dg/mangle1.C scan-assembler
FAIL: g++.dg/mangle1.C scan-assembler
FAIL: g++.ext/instantiate1.C not instantiated (test for errors, line 20)
FAIL: g++.ext/instantiate1.C not instantiated (test for errors, line 22)
FAIL: g++.other/mangle3.C (test for excess errors)
=== g++ Summary ===
# of expected passes 6455
# of unexpected failures 17
# of expected failures 113
# of untested testcases 21
/xxx/gnu/gcc-3.0.1/objdir/gcc/testsuite/../g++ version 3.0.1 20010801 (prerelease)
=== g77 tests ===
Running target unix
=== g77 Summary ===
# of expected passes 933
# of unsupported tests 8
=== gcc tests ===
Running target unix
FAIL: gcc.c-torture/compile/20001226-1.c, -O3 -g
FAIL: gcc.c-torture/compile/20001226-1.c, -Os
FAIL: gcc.c-torture/compile/20010605-1.c, -O0
FAIL: gcc.c-torture/compile/20010605-1.c, -O1
FAIL: gcc.c-torture/compile/20010605-1.c, -O2
FAIL: gcc.c-torture/compile/20010605-1.c, -O3 -fomit-frame-pointer
FAIL: gcc.c-torture/compile/20010605-1.c, -O3 -g
FAIL: gcc.c-torture/compile/20010605-1.c, -Os
XPASS: gcc.c-torture/execute/20010114-2.c execution, -O0
XPASS: gcc.c-torture/execute/20010114-2.c execution, -O1
XPASS: gcc.c-torture/execute/20010114-2.c execution, -O2
XPASS: gcc.c-torture/execute/20010114-2.c execution, -O3 -fomit-frame-pointer
XPASS: gcc.c-torture/execute/20010114-2.c execution, -O3 -g
XPASS: gcc.c-torture/execute/20010114-2.c execution, -Os
FAIL: gcc.c-torture/execute/20010119-1.c compilation, -O1
FAIL: gcc.c-torture/execute/20010119-1.c compilation, -O2
FAIL: gcc.c-torture/execute/20010119-1.c compilation, -O3 -fomit-frame-pointer
FAIL: gcc.c-torture/execute/20010119-1.c compilation, -O3 -fomit-frame-pointer -funroll-loops
FAIL: gcc.c-torture/execute/20010119-1.c compilation, -O3 -fomit-frame-pointer -funroll-all-loops -finline-functions
FAIL: gcc.c-torture/execute/20010119-1.c compilation, -O3 -g
FAIL: gcc.c-torture/execute/20010119-1.c compilation, -Os
FAIL: gcc.c-torture/execute/20010122-1.c execution, -O0
FAIL: gcc.c-torture/execute/20010122-1.c execution, -O1
FAIL: gcc.c-torture/execute/20010122-1.c execution, -O2
FAIL: gcc.c-torture/execute/20010122-1.c execution, -O3 -fomit-frame-pointer
FAIL: gcc.c-torture/execute/20010122-1.c execution, -O3 -fomit-frame-pointer -funroll-loops
FAIL: gcc.c-torture/execute/20010122-1.c execution, -O3 -fomit-frame-pointer -funroll-all-loops -finline-functions
FAIL: gcc.c-torture/execute/20010122-1.c execution, -O3 -g
FAIL: gcc.c-torture/execute/20010122-1.c execution, -Os
FAIL: gcc.c-torture/execute/strct-stdarg-1.c execution, -O0
FAIL: gcc.c-torture/execute/strct-stdarg-1.c execution, -O1
FAIL: gcc.c-torture/execute/strct-stdarg-1.c execution, -O2
FAIL: gcc.c-torture/execute/strct-stdarg-1.c execution, -O3 -fomit-frame-pointer
FAIL: gcc.c-torture/execute/strct-stdarg-1.c execution, -O3 -fomit-frame-pointer -funroll-loops
FAIL: gcc.c-torture/execute/strct-stdarg-1.c execution, -O3 -fomit-frame-pointer -funroll-all-loops -finline-functions
FAIL: gcc.c-torture/execute/strct-stdarg-1.c execution, -O3 -g
FAIL: gcc.c-torture/execute/strct-stdarg-1.c execution, -Os
FAIL: gcc.c-torture/execute/ieee/mzero2.c execution, -O1
FAIL: gcc.c-torture/execute/ieee/mzero2.c execution, -O2
FAIL: gcc.c-torture/execute/ieee/mzero2.c execution, -O3 -fomit-frame-pointer
FAIL: gcc.c-torture/execute/ieee/mzero2.c execution, -O3 -g
FAIL: gcc.c-torture/execute/ieee/mzero2.c execution, -Os
FAIL: gcc.dg/asm-fs-1.c (test for excess errors)
FAIL: gcc.dg/asm-names.c (test for excess errors)
=== gcc Summary ===
# of expected passes 15105
# of unexpected failures 38
# of unexpected successes 6
# of expected failures 81
# of unresolved testcases 10
# of unsupported tests 57
/xxx/gnu/gcc-3.0.1/objdir/gcc/xgcc version 3.0.1 20010801 (prerelease)
=== objc tests ===
Running target unix
=== objc Summary ===
# of expected passes 153
# of expected failures 1
/xxx/gnu/gcc-3.0.1/objdir/gcc/xgcc version 3.0.1 20010801 (prerelease)
=== libstdc++-v3 tests ===
Running target unix
FAIL: 21_strings/capacity.cc (test for excess errors)
FAIL: 22_locale/ctype_char_members.cc execution test
FAIL: 22_locale/numpunct.cc (test for excess errors)
XPASS: 26_numerics/c99_classification_macros_c.cc (test for excess errors)
FAIL: 26_numerics/complex_inserters_extractors.cc (test for excess errors)
FAIL: 27_io/filebuf.cc execution test
=== libstdc++-v3 Summary ===
# of expected passes 237
# of unexpected failures 5
# of unexpected successes 1
# of expected failures 7
Compiler version: 3.0.1 20010801 (prerelease)
Platform: hppa1.1-hp-hpux10.20
configure flags: --host=hppa1.1-hp-hpux10.20 --with-gnu-as --enable-shared --enable-threads --enable-debug=no
More information about the Gcc-testresults
mailing list