Results for 3.1 20010801 (experimental) testsuite on sparc-sun-solaris2.8
lucier@math.purdue.edu
lucier@math.purdue.edu
Wed Aug 1 17:23:00 GMT 2001
LAST_UPDATED: Wed Aug 1 21:24:17 UTC 2001
Native configuration is sparc-sun-solaris2.8
=== g++ tests ===
Running target unix
FAIL: g++.dg/ext/instantiate1.C suppressing f<int> (test for errors, line )
FAIL: g++.dg/ext/instantiate1.C suppressing A<int> (test for errors, line )
FAIL: g++.dg/ext/instantiate1.C (test for excess errors)
FAIL: g++.dg/special/conpr-1.C execution test
FAIL: g++.dg/special/conpr-2.C execution test
FAIL: g++.dg/special/conpr-3.C execution test
FAIL: g++.dg/special/conpr-3.C execution test
FAIL: g++.dg/special/conpr-1.C execution test
FAIL: g++.eh/badalloc1.C Execution test
FAIL: g++.ext/instantiate2.C not instantiated (test for errors, line 19)
FAIL: g++.ext/instantiate3.C not instantiated (test for errors, line 13)
FAIL: g++.mike/dyncast1.C Execution test
FAIL: g++.mike/dyncast2.C Execution test
FAIL: g++.other/crash18.C (test for excess errors)
FAIL: g++.other/enum5.C (test for excess errors)
XPASS: g++.robertl/eb17.C Execution test
=== g++ Summary ===
# of expected passes 6553
# of unexpected failures 15
# of unexpected successes 1
# of expected failures 86
# of untested testcases 19
/export/home/lucier/gcc/gcc-3.1/objdir/gcc/testsuite/../g++ version 3.1 20010801 (experimental)
=== g77 tests ===
Running target unix
FAIL: g77.dg/ff90-1.f execution test
FAIL: g77.f-torture/compile/pr3743.f, -O0
FAIL: g77.f-torture/compile/pr3743.f, -O1
FAIL: g77.f-torture/compile/pr3743.f, -O2
FAIL: g77.f-torture/compile/pr3743.f, -O3 -fomit-frame-pointer
FAIL: g77.f-torture/compile/pr3743.f, -O3 -g
FAIL: g77.f-torture/compile/pr3743.f, -Os
FAIL: g77.f-torture/execute/20010430.f execution, -O2
FAIL: g77.f-torture/execute/20010430.f execution, -O3 -fomit-frame-pointer
FAIL: g77.f-torture/execute/20010430.f execution, -O3 -fomit-frame-pointer -funroll-loops
FAIL: g77.f-torture/execute/20010430.f execution, -O3 -fomit-frame-pointer -funroll-all-loops -finline-functions
FAIL: g77.f-torture/execute/20010430.f execution, -O3 -g
FAIL: g77.f-torture/execute/f90-intrinsic-bit.f compilation, -O0
FAIL: g77.f-torture/execute/f90-intrinsic-bit.f compilation, -O1
FAIL: g77.f-torture/execute/f90-intrinsic-bit.f compilation, -O2
FAIL: g77.f-torture/execute/f90-intrinsic-bit.f compilation, -O3 -fomit-frame-pointer
FAIL: g77.f-torture/execute/f90-intrinsic-bit.f compilation, -O3 -fomit-frame-pointer -funroll-loops
FAIL: g77.f-torture/execute/f90-intrinsic-bit.f compilation, -O3 -fomit-frame-pointer -funroll-all-loops -finline-functions
FAIL: g77.f-torture/execute/f90-intrinsic-bit.f compilation, -O3 -g
FAIL: g77.f-torture/execute/f90-intrinsic-bit.f compilation, -Os
FAIL: g77.f-torture/execute/io0.f execution, -O0
FAIL: g77.f-torture/execute/io0.f execution, -O1
FAIL: g77.f-torture/execute/io0.f execution, -O2
FAIL: g77.f-torture/execute/io0.f execution, -O3 -fomit-frame-pointer
FAIL: g77.f-torture/execute/io0.f execution, -O3 -g
FAIL: g77.f-torture/execute/io0.f execution, -Os
FAIL: g77.f-torture/execute/io1.f execution, -O0
FAIL: g77.f-torture/execute/io1.f execution, -O1
FAIL: g77.f-torture/execute/io1.f execution, -O2
FAIL: g77.f-torture/execute/io1.f execution, -O3 -fomit-frame-pointer
FAIL: g77.f-torture/execute/io1.f execution, -O3 -g
FAIL: g77.f-torture/execute/io1.f execution, -Os
=== g77 Summary ===
# of expected passes 1261
# of unexpected failures 32
# of untested testcases 8
# of unsupported tests 8
=== gcc tests ===
Running target unix
FAIL: gcc.dg/cpp/charconst.c (test for excess errors)
FAIL: gcc.dg/cpp/ucs.c bad U1234abcd evaluation (test for bogus messages, line 14)
FAIL: gcc.dg/cpp/ucs.c (test for warnings, line 24)
FAIL: gcc.dg/cpp/ucs.c (test for excess errors)
FAIL: gcc.dg/20001013-1.c (test for excess errors)
FAIL: gcc.dg/c99-float-1.c (test for excess errors)
=== gcc Summary ===
# of expected passes 15615
# of unexpected failures 6
# of expected failures 66
# of unresolved testcases 3
# of unsupported tests 51
/export/home/lucier/gcc/gcc-3.1/objdir/gcc/xgcc version 3.1 20010801 (experimental)
=== objc tests ===
Running target unix
FAIL: objc/execute/formal_protocol-6.m execution, -O
=== objc Summary ===
# of expected passes 202
# of unexpected failures 1
/export/home/lucier/gcc/gcc-3.1/objdir/gcc/xgcc version 3.1 20010801 (experimental)
=== libstdc++-v3 tests ===
Running target unix
FAIL: 21_strings/append.cc execution test
FAIL: 21_strings/c_strings.cc execution test
FAIL: 21_strings/ctor_copy_dtor.cc execution test
FAIL: 21_strings/element_access.cc execution test
FAIL: 21_strings/insert.cc execution test
FAIL: 21_strings/substr.cc execution test
FAIL: 23_containers/vector_element_access.cc execution test
XPASS: 26_numerics/c99_classification_macros_c.cc (test for excess errors)
FAIL: 27_io/ios_members.cc execution test
=== libstdc++-v3 Summary ===
# of expected passes 273
# of unexpected failures 8
# of unexpected successes 1
# of expected failures 9
Compiler version: 3.1 20010801 (experimental)
Platform: sparc-sun-solaris2.8
configure flags: --host=sparc-sun-solaris2.8 --prefix=/pkgs/gcc-2.96
Counting all warnings,
there are 130 warnings in stage3 of this bootstrap.
Number of warnings per file:
29 gcc/config/sparc/sparc.c
22 gcc/config/sparc/sparc.md
10 gcc/gcc.c
8 gcc/unwind-dw2.c
7 gcc/cp/decl.c
6 gcc/except.c
6 gcc/cp/pt.c
5 gcc/cp/tree.c
5 gcc/cp/error.c
4 gcc/calls.c
3 gcc/simplify-rtx.c
3 gcc/expr.c
3 gcc/combine.c
2 gcc/tlink.c
2 gcc/reload1.c
2 gcc/objc/objc-act.c
2 gcc/libgcc2.c
1 gcc/varasm.c
1 gcc/reorg.c
1 gcc/objc/lang-specs.h
1 gcc/java/jvspec.c
1 gcc/fold-const.c
1 gcc/flow.c
1 gcc/final.c
1 gcc/f/lang-specs.h
1 gcc/cp/lang-specs.h
1 gcc/cp/errfn.c
1 gcc/cp/class.c
Number of warning types:
22 constraints not supported in define_split
20 cast from pointer to integer of different size
19 ??? format, ??? arg (arg ???)
13 comparison between signed and unsigned
12 string length \`???' is greater than the length \`???' ISO C89 compilers are required to support
9 function \`???' was previously declared within a block
6 implicit declaration of function \`???'
5 signed and unsigned type in conditional expression
5 initialization from incompatible pointer type
3 unused parameter \`???'
2 variable \`???' might be clobbered by \`longjmp' or \`vfork'
2 traditional C rejects string concatenation
2 passing arg ??? of \`???' discards qualifiers from pointer target type
2 missing braces around initializer
2 \`???' might be used uninitialized in this function
2 (near initialization for \`???')
1 pointer targets in passing arg ??? of \`???' differ in signedness
1 integer constant larger than the maximum value of an unsigned long int
1 function declaration isn't a prototype
1 argument \`???' might be clobbered by \`longjmp' or \`vfork'
More information about the Gcc-testresults
mailing list