Results for 3.1 20010731 (experimental) testsuite on i386-unknown-linux-gnu
Automatic Build System
build@netwinder.org
Wed Aug 1 01:43:00 GMT 2001
LAST_UPDATED: Wed Aug 1 04:06:53 UTC 2001
Native configuration is i386-unknown-linux-gnu
=== g++ tests ===
Running target unix
FAIL: g++.other/enum5.C (test for excess errors)
XPASS: g++.robertl/eb17.C Execution test
=== g++ Summary ===
# of expected passes 6582
# of unexpected failures 1
# of unexpected successes 1
# of expected failures 86
# of untested testcases 9
/home/build-rpm/BUILD/obj-gcc-20010801/gcc/testsuite/../g++ version 3.1 20010731 (experimental)
=== g77 tests ===
Running target unix
=== g77 Summary ===
# of expected passes 1089
# of unsupported tests 8
=== gcc tests ===
Running target unix
=== gcc Summary ===
# of expected passes 15674
# of expected failures 72
# of unsupported tests 23
/home/build-rpm/BUILD/obj-gcc-20010801/gcc/xgcc version 3.1 20010731 (experimental)
=== objc tests ===
Running target unix
FAIL: objc/execute/formal_protocol-6.m execution, -O
=== objc Summary ===
# of expected passes 185
# of unexpected failures 1
/home/build-rpm/BUILD/obj-gcc-20010801/gcc/xgcc version 3.1 20010731 (experimental)
=== libstdc++-v3 tests ===
Running target unix
=== libstdc++-v3 Summary ===
# of expected passes 281
# of expected failures 10
Compiler version: 3.1 20010731 (experimental)
Platform: i386-unknown-linux-gnu
configure flags: --host=i386-unknown-linux-gnu --enable-languages=c,c++,objc,f77 --prefix=/usr/local --enable-shared --enable-threads --without-cvs
More information about the Gcc-testresults
mailing list