Results for 3.0 20010430 (prerelease) testsuite on i686-pc-cygwin
Billinghurst, David (CRTS)
David.Billinghurst@riotinto.com
Mon Apr 30 16:56:00 GMT 2001
Dejagnu 1.4 with patch
http://mail.gnu.org/pipermail/dejagnu/2001-April/000003.html
Native configuration is i686-pc-cygwin
=== g++ tests ===
Running target unix
FAIL: g++.dg/special/conpr-1.C execution test
FAIL: g++.dg/special/conpr-2.C execution test
FAIL: g++.dg/special/conpr-3.C execution test
FAIL: g++.dg/special/conpr-3.C execution test
FAIL: g++.dg/special/conpr-1.C execution test
FAIL: g++.abi/cxa_vec.C Execution test
FAIL: g++.brendan/crash20.C (test for excess errors)
FAIL: g++.eh/rethrow1.C Execution test
FAIL: g++.eh/rethrow2.C Execution test
FAIL: g++.eh/rethrow4.C Execution test
FAIL: g++.eh/rethrow6.C Execution test
FAIL: g++.eh/spec2.C Execution test
FAIL: g++.eh/spec3.C Execution test
FAIL: g++.ext/instantiate1.C not instantiated (test for errors, line 20)
FAIL: g++.ext/instantiate3.C not instantiated (test for errors, line 13)
XPASS: g++.ext/instantiate3.C (test for excess errors)
XPASS: g++.jason/template18.C (test for excess errors)
XPASS: g++.jason/template18.C Execution test
FAIL: g++.law/ctors6.C (test for excess errors)
FAIL: g++.law/operators4.C (test for excess errors)
FAIL: g++.mike/eh33.C Execution test
FAIL: g++.mike/eh50.C Execution test
FAIL: g++.mike/eh51.C Execution test
FAIL: g++.other/headers1.C (test for excess errors)
FAIL: g++.robertl/eb3.C (test for excess errors)
=== g++ Summary ===
# of expected passes 6394
# of unexpected failures 22
# of unexpected successes 3
# of expected failures 101
# of untested testcases 15
/usr/local/obj/gcc/gcc/testsuite/../g++ version 3.0 20010430 (prerelease)
=== g77 tests ===
Running target unix
XPASS: g77.f-torture/compile/20000629-1.f, -O3 -fomit-frame-pointer
-funroll-loops
XPASS: g77.f-torture/compile/20000629-1.f, -O3 -fomit-frame-pointer
-funroll-all-loops -finline-functions
=== g77 Summary ===
# of expected passes 939
# of unexpected successes 2
=== gcc tests ===
Running target unix
FAIL: gcc.c-torture/execute/20010114-2.c execution, -O1
FAIL: gcc.c-torture/execute/20010114-2.c execution, -O2
FAIL: gcc.c-torture/execute/20010114-2.c execution, -Os
FAIL: gcc.c-torture/execute/20010123-1.c execution, -O0
FAIL: gcc.c-torture/execute/20010123-1.c execution, -O1
FAIL: gcc.c-torture/execute/20010123-1.c execution, -O2
FAIL: gcc.c-torture/execute/20010123-1.c execution, -O3
-fomit-frame-pointer
FAIL: gcc.c-torture/execute/20010123-1.c execution, -O3
-fomit-frame-pointer -funroll-loops
FAIL: gcc.c-torture/execute/20010123-1.c execution, -O3
-fomit-frame-pointer -funroll-all-loops -finline-functions
FAIL: gcc.c-torture/execute/20010123-1.c execution, -O3 -g
FAIL: gcc.c-torture/execute/20010123-1.c execution, -Os
FAIL: gcc.c-torture/execute/loop-2b.c execution, -O2
FAIL: gcc.dg/asm-fs-1.c scan-assembler-not \\*_bar
FAIL: gcc.dg/asm-fs-1.c scan-assembler-not \\*_baz
FAIL: gcc.dg/sequence-pt-1.c sequence point warning (test for warnings, line
59)
=== gcc Summary ===
# of expected passes 15122
# of unexpected failures 15
# of expected failures 78
# of unsupported tests 25
/usr/local/obj/gcc/gcc/xgcc version 3.0 20010430 (prerelease)
=== objc tests ===
Running target unix
FAIL: objc/execute/formal_protocol-5.m compilation, -O
FAIL: objc/execute/formal_protocol-6.m compilation, -O
FAIL: objc/execute/protocol.m compilation, -O
=== objc Summary ===
# of expected passes 140
# of unexpected failures 3
# of untested testcases 3
/usr/local/obj/gcc/gcc/xgcc version 3.0 20010430 (prerelease)
Compiler version: 3.0 20010430 (prerelease)
Platform: i686-pc-cygwin
configure flags: --host=i686-pc-cygwin --disable-libgcj
--enable-threads=posix
Counting all warnings,
there are 111 warnings in stage3 of this bootstrap.
Number of warnings per file:
28 gcc/combine.c
14 gcc/gcc.c
10 gcc/reg-stack.c
6 gcc/cp/pt.c
5 gcc/cse.c
5 gcc/cp/error.c
4 gcc/dwarf2out.c
4 gcc/cp/call.c
3 gcc/reload1.c
3 gcc/cp/lang-specs.h
3 gcc/config/i386/i386.c
2 insn-emit.c
2 gcc/reload.c
2 gcc/function.c
2 gcc/fold-const.c
2 gcc/expr.c
2 gcc/config/i386/i386.md
2 gcc/alias.c
1 gcc/toplev.c
1 gcc/sdbout.c
1 gcc/sched-deps.c
1 gcc/regmove.c
1 gcc/objc/lang-specs.h
1 gcc/java/jvspec.c
1 gcc/final.c
1 gcc/f/lang-specs.h
1 gcc/expmed.c
1 gcc/cp/typeck2.c
1 gcc/cp/init.c
1 gcc/cp/errfn.c
Number of warning types:
58 comparison between signed and unsigned
10 \`???' might be used uninitialized in this function
9 string length \`???' is greater than the length \`???' ISO C89
compilers are required to support
5 initialization from incompatible pointer type
4 traditional C rejects string concatenation
4 signed and unsigned type in conditional expression
4 ??? format, ??? arg (arg ???)
3 unused variable \`???'
2 suggest parentheses around assignment used as truth value
2 passing arg ??? of \`???' from incompatible pointer type
2 function declaration isn't a prototype
2 destination missing a mode?
2 assignment of read-only location
1 unused parameter \`???'
1 pointer targets in passing arg ??? of \`???' differ in signedness
1 assignment discards qualifiers from pointer target type
1 \`???' defined but not used
More information about the Gcc-testresults
mailing list