Results for 3.1 20010427 (experimental) testsuite on i686-pc-linux-gnu
Kaveh R. Ghazi
ghazi@caip.rutgers.edu
Sat Apr 28 18:00:00 GMT 2001
Native configuration is i686-pc-linux-gnu
=== libjava tests ===
Running target unix
FAIL: ArrayClass compilation from bytecode
FAIL: ArrayClass -O compilation from bytecode
FAIL: BlankFinal compilation from bytecode
FAIL: BlankFinal -O compilation from bytecode
FAIL: G19990217_01 -O compilation from bytecode
FAIL: PR232 -O compilation from bytecode
FAIL: assignment compilation from bytecode
FAIL: assignment -O compilation from bytecode
FAIL: Array_1 compilation from bytecode
FAIL: Array_1 -O compilation from bytecode
FAIL: Class_1 compilation from bytecode
FAIL: Class_1 -O compilation from bytecode
FAIL: Divide_1 execution from source compiled test
FAIL: Divide_1 compilation from bytecode
FAIL: Divide_1 -O execution from source compiled test
FAIL: Divide_1 -O compilation from bytecode
FAIL: Final compilation from bytecode
FAIL: Final -O compilation from bytecode
FAIL: G19990302_02 compilation from bytecode
FAIL: G19990302_02 -O compilation from bytecode
FAIL: G19990303_01 compilation from bytecode
FAIL: G19990303_01 -O compilation from bytecode
FAIL: G19990303_02 compilation from bytecode
FAIL: G19990303_02 -O compilation from bytecode
FAIL: G19990304_01 compilation from bytecode
FAIL: G19990304_01 -O compilation from bytecode
FAIL: InterfaceDispatch compilation from bytecode
FAIL: InterfaceDispatch -O compilation from bytecode
FAIL: Invoke_1 execution from source compiled test
FAIL: Invoke_1 compilation from bytecode
FAIL: Invoke_1 -O compilation from bytecode
XPASS: N19990310_4 output from source compiled test
XPASS: N19990310_4 -O output from source compiled test
FAIL: PR141 compilation from bytecode
FAIL: PR141 -O compilation from bytecode
FAIL: PR218 compilation from bytecode
FAIL: PR218 -O compilation from bytecode
FAIL: PR260 compilation from bytecode
FAIL: PR260 -O compilation from bytecode
FAIL: StringBuffer_1 compilation from bytecode
FAIL: StringBuffer_1 -O compilation from bytecode
FAIL: Thread_Alive execution from source compiled test
FAIL: Thread_Alive compilation from bytecode
FAIL: Thread_Alive -O execution from source compiled test
FAIL: Thread_Alive -O compilation from bytecode
FAIL: Thread_Interrupt execution from source compiled test
FAIL: Thread_Interrupt compilation from bytecode
FAIL: Thread_Interrupt -O execution from source compiled test
FAIL: Thread_Interrupt -O compilation from bytecode
FAIL: Thread_Join execution from source compiled test
FAIL: Thread_Join compilation from bytecode
FAIL: Thread_Join -O execution from source compiled test
FAIL: Thread_Join -O compilation from bytecode
FAIL: Thread_Monitor execution from source compiled test
FAIL: Thread_Monitor compilation from bytecode
FAIL: Thread_Monitor -O execution from source compiled test
FAIL: Thread_Monitor -O compilation from bytecode
FAIL: Thread_Sleep compilation from bytecode
FAIL: Thread_Sleep -O compilation from bytecode
FAIL: Thread_Wait execution from source compiled test
FAIL: Thread_Wait compilation from bytecode
FAIL: Thread_Wait -O execution from source compiled test
FAIL: Thread_Wait -O compilation from bytecode
FAIL: Thread_Wait_2 execution from source compiled test
FAIL: Thread_Wait_2 compilation from bytecode
FAIL: Thread_Wait_2 -O execution from source compiled test
FAIL: Thread_Wait_2 -O compilation from bytecode
FAIL: Throw_1 compilation from bytecode
FAIL: Throw_1 -O compilation from bytecode
FAIL: Thread_Wait_Interrupt execution from source compiled test
FAIL: Thread_Wait_Interrupt compilation from bytecode
FAIL: Thread_Wait_Interrupt -O execution from source compiled test
FAIL: Thread_Wait_Interrupt -O compilation from bytecode
XPASS: err11 compilation from bytecode
XPASS: err11 -O compilation from bytecode
FAIL: instinit2 compilation from bytecode
FAIL: instinit2 -O compilation from bytecode
FAIL: pr179 compilation from bytecode
FAIL: pr179 -O compilation from bytecode
FAIL: pr184 compilation from bytecode
FAIL: pr184 -O compilation from bytecode
FAIL: pr83 compilation from bytecode
FAIL: pr83 -O compilation from bytecode
XPASS: stringconst output from bytecode->native test
XPASS: stringconst -O output from bytecode->native test
FAIL: stringconst2 compilation from bytecode
FAIL: stringconst2 -O compilation from bytecode
=== libjava Summary ===
# of expected passes 1456
# of unexpected failures 81
# of unexpected successes 6
# of expected failures 18
# of untested testcases 155
=== gcc tests ===
Running target unix/-fPIC
FAIL: gcc.c-torture/compile/20000804-1.c, -O0
FAIL: gcc.c-torture/compile/20001226-1.c, -O1
FAIL: gcc.c-torture/compile/20001226-1.c, -O2
FAIL: gcc.c-torture/compile/20001226-1.c, -O3 -fomit-frame-pointer
FAIL: gcc.c-torture/compile/20001226-1.c, -O3 -g
FAIL: gcc.c-torture/compile/20001226-1.c, -Os
FAIL: gcc.c-torture/execute/20010114-2.c execution, -O1
FAIL: gcc.c-torture/execute/20010114-2.c execution, -O2
FAIL: gcc.c-torture/execute/20010114-2.c execution, -O3 -fomit-frame-pointer
FAIL: gcc.c-torture/execute/20010114-2.c execution, -O3 -g
FAIL: gcc.c-torture/execute/20010114-2.c execution, -Os
FAIL: gcc.c-torture/execute/930614-1.c compilation, -O3 -fomit-frame-pointer
FAIL: gcc.c-torture/execute/930614-1.c compilation, -O3 -g
FAIL: gcc.c-torture/execute/990127-2.c execution, -O3 -fomit-frame-pointer
FAIL: gcc.c-torture/execute/990127-2.c execution, -O3 -g
FAIL: gcc.c-torture/execute/conversion.c execution, -O3 -fomit-frame-pointer
FAIL: gcc.c-torture/execute/conversion.c execution, -O3 -g
FAIL: gcc.c-torture/execute/ieee/920810-1.c compilation, -O3 -fomit-frame-pointer
FAIL: gcc.c-torture/execute/ieee/920810-1.c compilation, -O3 -g
FAIL: gcc.dg/20000724-1.c execution test
FAIL: gcc.dg/asm-names.c (test for excess errors)
=== gcc Summary for unix/-fPIC ===
# of expected passes 15235
# of unexpected failures 21
# of expected failures 84
# of unresolved testcases 4
# of unsupported tests 22
Running target unix/-fpic
FAIL: gcc.c-torture/compile/20000804-1.c, -O0
FAIL: gcc.c-torture/compile/20001226-1.c, -O1
FAIL: gcc.c-torture/compile/20001226-1.c, -O2
FAIL: gcc.c-torture/compile/20001226-1.c, -O3 -fomit-frame-pointer
FAIL: gcc.c-torture/compile/20001226-1.c, -O3 -g
FAIL: gcc.c-torture/compile/20001226-1.c, -Os
FAIL: gcc.c-torture/execute/20010114-2.c execution, -O1
FAIL: gcc.c-torture/execute/20010114-2.c execution, -O2
FAIL: gcc.c-torture/execute/20010114-2.c execution, -O3 -fomit-frame-pointer
FAIL: gcc.c-torture/execute/20010114-2.c execution, -O3 -g
FAIL: gcc.c-torture/execute/20010114-2.c execution, -Os
FAIL: gcc.c-torture/execute/930614-1.c compilation, -O3 -fomit-frame-pointer
FAIL: gcc.c-torture/execute/930614-1.c compilation, -O3 -g
FAIL: gcc.c-torture/execute/990127-2.c execution, -O3 -fomit-frame-pointer
FAIL: gcc.c-torture/execute/990127-2.c execution, -O3 -g
FAIL: gcc.c-torture/execute/conversion.c execution, -O3 -fomit-frame-pointer
FAIL: gcc.c-torture/execute/conversion.c execution, -O3 -g
FAIL: gcc.c-torture/execute/ieee/920810-1.c compilation, -O3 -fomit-frame-pointer
FAIL: gcc.c-torture/execute/ieee/920810-1.c compilation, -O3 -g
FAIL: gcc.dg/20000724-1.c execution test
FAIL: gcc.dg/asm-names.c (test for excess errors)
=== gcc Summary for unix/-fpic ===
# of expected passes 15235
# of unexpected failures 21
# of expected failures 84
# of unresolved testcases 4
# of unsupported tests 22
Running target unix
FAIL: gcc.c-torture/compile/20001226-1.c, -O2
FAIL: gcc.c-torture/compile/20001226-1.c, -O3 -fomit-frame-pointer
FAIL: gcc.c-torture/compile/20001226-1.c, -O3 -g
FAIL: gcc.c-torture/compile/20001226-1.c, -Os
FAIL: gcc.c-torture/execute/20010114-2.c execution, -O1
FAIL: gcc.c-torture/execute/20010114-2.c execution, -O2
FAIL: gcc.c-torture/execute/20010114-2.c execution, -Os
FAIL: gcc.c-torture/execute/loop-2b.c execution, -O2
FAIL: gcc.dg/20000724-1.c execution test
FAIL: gcc.dg/special/weak-1.c execution test
=== gcc Summary for unix ===
# of expected passes 15250
# of unexpected failures 10
# of expected failures 84
# of unsupported tests 22
=== gcc Summary ===
# of expected passes 45720
# of unexpected failures 52
# of expected failures 252
# of unresolved testcases 8
# of unsupported tests 66
/home/ghazi/gcc-testing/build/gcc/xgcc version 3.1 20010427 (experimental)
=== g++ tests ===
Running target unix/-fPIC
FAIL: g++.dg/special/conpr-1.C execution test
FAIL: g++.dg/special/conpr-2.C execution test
FAIL: g++.dg/special/conpr-3.C execution test
FAIL: g++.dg/special/conpr-3.C execution test
FAIL: g++.dg/special/conpr-1.C execution test
FAIL: g++.ext/instantiate1.C not instantiated (test for errors, line 20)
XPASS: g++.other/crash27.C (test for excess errors)
FAIL: g++.pt/asm1.C (test for excess errors)
FAIL: g++.pt/asm2.C (test for excess errors)
=== g++ Summary for unix/-fPIC ===
# of expected passes 6446
# of unexpected failures 8
# of unexpected successes 1
# of expected failures 102
# of untested testcases 9
Running target unix/-fpic
FAIL: g++.dg/special/conpr-1.C execution test
FAIL: g++.dg/special/conpr-2.C execution test
FAIL: g++.dg/special/conpr-3.C execution test
FAIL: g++.dg/special/conpr-3.C execution test
FAIL: g++.dg/special/conpr-1.C execution test
FAIL: g++.ext/instantiate1.C not instantiated (test for errors, line 20)
XPASS: g++.other/crash27.C (test for excess errors)
FAIL: g++.pt/asm1.C (test for excess errors)
FAIL: g++.pt/asm2.C (test for excess errors)
=== g++ Summary for unix/-fpic ===
# of expected passes 6446
# of unexpected failures 8
# of unexpected successes 1
# of expected failures 102
# of untested testcases 9
Running target unix
FAIL: g++.dg/special/conpr-1.C execution test
FAIL: g++.dg/special/conpr-2.C execution test
FAIL: g++.dg/special/conpr-3.C execution test
FAIL: g++.dg/special/conpr-3.C execution test
FAIL: g++.dg/special/conpr-1.C execution test
FAIL: g++.ext/instantiate1.C not instantiated (test for errors, line 20)
XPASS: g++.other/crash27.C (test for excess errors)
=== g++ Summary for unix ===
# of expected passes 6448
# of unexpected failures 6
# of unexpected successes 1
# of expected failures 102
# of untested testcases 9
=== g++ Summary ===
# of expected passes 19340
# of unexpected failures 22
# of unexpected successes 3
# of expected failures 306
# of untested testcases 27
/home/ghazi/gcc-testing/build/gcc/testsuite/../g++ version 3.1 20010427 (experimental)
=== g77 tests ===
Running target unix/-fPIC
=== g77 Summary for unix/-fPIC ===
# of expected passes 959
Running target unix/-fpic
=== g77 Summary for unix/-fpic ===
# of expected passes 959
Running target unix
=== g77 Summary for unix ===
# of expected passes 959
=== g77 Summary ===
# of expected passes 2877
=== objc tests ===
Running target unix/-fPIC
FAIL: objc/execute/formal_protocol-5.m compilation, -O
FAIL: objc/execute/formal_protocol-6.m compilation, -O
FAIL: objc/execute/protocol.m compilation, -O
=== objc Summary for unix/-fPIC ===
# of expected passes 140
# of unexpected failures 3
# of untested testcases 3
Running target unix/-fpic
FAIL: objc/execute/formal_protocol-5.m compilation, -O
FAIL: objc/execute/formal_protocol-6.m compilation, -O
FAIL: objc/execute/protocol.m compilation, -O
=== objc Summary for unix/-fpic ===
# of expected passes 140
# of unexpected failures 3
# of untested testcases 3
Running target unix
FAIL: objc/execute/formal_protocol-5.m compilation, -O
FAIL: objc/execute/formal_protocol-6.m compilation, -O
FAIL: objc/execute/protocol.m compilation, -O
=== objc Summary for unix ===
# of expected passes 140
# of unexpected failures 3
# of untested testcases 3
=== objc Summary ===
# of expected passes 420
# of unexpected failures 9
# of untested testcases 9
/home/ghazi/gcc-testing/build/gcc/xgcc version 3.1 20010427 (experimental)
Compiler version: 3.1 20010427 (experimental)
Platform: i686-pc-linux-gnu
configure flags: --host=i686-pc-linux-gnu --verbose --enable-checking=misc,tree,rtl,gc
More information about the Gcc-testresults
mailing list