Results for 3.1 20010428 (experimental) testsuite on i686-pc-linux-gnu
Peter Schmid
schmid@snake.iap.physik.tu-darmstadt.de
Sat Apr 28 09:35:00 GMT 2001
Native configuration is i686-pc-linux-gnu
=== libstdc++ tests ===
Running target unix
FAIL: 21_strings/ctor_copy_dtor.cc (execution test), static
FAIL: 21_strings/insert.cc (execution test), static
FAIL: 27_io/ios_members.cc (execution test), static
=== libstdc++ Summary ===
# of expected passes 407
# of unexpected failures 3
# of expected failures 16
/home/peter/egcs/gcc/libstdc++-v3 version 20010417
=== gcc tests ===
Running target unix
FAIL: gcc.c-torture/execute/20010114-2.c execution, -O1
FAIL: gcc.c-torture/execute/20010114-2.c execution, -O2
FAIL: gcc.c-torture/execute/20010114-2.c execution, -Os
FAIL: gcc.c-torture/execute/loop-2b.c execution, -O2
FAIL: gcc.dg/20000724-1.c execution test
FAIL: gcc.dg/format/xopen-1.c multiple use of scanf argument (test for warnings, line 115)
FAIL: gcc.dg/format/xopen-1.c (test for excess errors)
=== gcc Summary ===
# of expected passes 15255
# of unexpected failures 7
# of expected failures 84
# of unsupported tests 21
/home/peter/egcs/build/gcc/xgcc version 3.1 20010428 (experimental)
=== g++ tests ===
Running target unix
FAIL: g++.ext/instantiate1.C not instantiated (test for errors, line 20)
XPASS: g++.other/crash27.C (test for excess errors)
=== g++ Summary ===
# of expected passes 6459
# of unexpected failures 1
# of unexpected successes 1
# of expected failures 102
# of untested testcases 9
/home/peter/egcs/build/gcc/testsuite/../g++ version 3.1 20010428 (experimental)
=== g77 tests ===
Running target unix
=== g77 Summary ===
# of expected passes 959
=== objc tests ===
Running target unix
FAIL: objc/execute/formal_protocol-5.m compilation, -O
FAIL: objc/execute/formal_protocol-6.m compilation, -O
FAIL: objc/execute/protocol.m compilation, -O
=== objc Summary ===
# of expected passes 140
# of unexpected failures 3
# of untested testcases 3
/home/peter/egcs/build/gcc/xgcc version 3.1 20010428 (experimental)
Compiler version: 3.1 20010428 (experimental)
Platform: i686-pc-linux-gnu
configure flags: --host=i686-pc-linux-gnu --enable-shared --disable-nls --enable-threads=posix --enable-long-long --enable-languages=c,c++,f77,objc
More information about the Gcc-testresults
mailing list