Results for 3.1 20010424 (experimental) testsuite on mips-sgi-irix6.5
Billinghurst, David (CRTS)
David.Billinghurst@riotinto.com
Tue Apr 24 19:21:00 GMT 2001
Native configuration is mips-sgi-irix6.5
=== objc tests ===
Running target unix
FAIL: objc/execute/class-2.m execution, -O
FAIL: objc/execute/formal_protocol-5.m compilation, -O
FAIL: objc/execute/formal_protocol-6.m compilation, -O
FAIL: objc/execute/protocol.m compilation, -O
=== objc Summary for unix ===
# of expected passes 139
# of unexpected failures 4
# of untested testcases 3
Running target unix/-mabi=64
FAIL: objc/execute/bycopy-3.m execution, -O
FAIL: objc/execute/formal_protocol-5.m compilation, -O
FAIL: objc/execute/formal_protocol-6.m compilation, -O
FAIL: objc/execute/protocol.m compilation, -O
=== objc Summary for unix/-mabi=64 ===
# of expected passes 139
# of unexpected failures 4
# of untested testcases 3
=== objc Summary ===
# of expected passes 278
# of unexpected failures 8
# of untested testcases 6
/exd4/billingd/obj/gcc-mainline/gcc/xgcc version 3.1 20010424 (experimental)
=== gcc tests ===
Running target unix
FAIL: gcc.c-torture/compile/20001226-1.c, -O3 -g
FAIL: gcc.c-torture/compile/20001226-1.c, -Os
FAIL: gcc.c-torture/execute/20010122-1.c execution, -O0
FAIL: gcc.c-torture/execute/20010122-1.c execution, -O1
FAIL: gcc.c-torture/execute/20010122-1.c execution, -O2
FAIL: gcc.c-torture/execute/20010122-1.c execution, -O3
-fomit-frame-pointer
FAIL: gcc.c-torture/execute/20010122-1.c execution, -O3
-fomit-frame-pointer -funroll-loops
FAIL: gcc.c-torture/execute/20010122-1.c execution, -O3
-fomit-frame-pointer -funroll-all-loops -finline-functions
FAIL: gcc.c-torture/execute/20010122-1.c execution, -O3 -g
FAIL: gcc.c-torture/execute/20010122-1.c execution, -Os
XPASS: gcc.c-torture/execute/memcheck/blkarg.c execution, -O0
XPASS: gcc.c-torture/execute/memcheck/blkarg.c execution, -O1
XPASS: gcc.c-torture/execute/memcheck/blkarg.c execution, -O2
XPASS: gcc.c-torture/execute/memcheck/blkarg.c execution, -Os
=== gcc Summary for unix ===
# of expected passes 15132
# of unexpected failures 10
# of unexpected successes 4
# of expected failures 95
# of unsupported tests 56
Running target unix/-mabi=64
FAIL: gcc.c-torture/compile/20001226-1.c, -O3 -g
FAIL: gcc.c-torture/compile/20001226-1.c, -Os
FAIL: gcc.c-torture/execute/20010122-1.c execution, -O0
FAIL: gcc.c-torture/execute/20010122-1.c execution, -O1
FAIL: gcc.c-torture/execute/20010122-1.c execution, -O2
FAIL: gcc.c-torture/execute/20010122-1.c execution, -O3
-fomit-frame-pointer
FAIL: gcc.c-torture/execute/20010122-1.c execution, -O3
-fomit-frame-pointer -funroll-loops
FAIL: gcc.c-torture/execute/20010122-1.c execution, -O3
-fomit-frame-pointer -funroll-all-loops -finline-functions
FAIL: gcc.c-torture/execute/20010122-1.c execution, -O3 -g
FAIL: gcc.c-torture/execute/20010122-1.c execution, -Os
FAIL: gcc.c-torture/execute/991014-1.c compilation, -O0
FAIL: gcc.c-torture/execute/991014-1.c compilation, -O1
FAIL: gcc.c-torture/execute/991014-1.c compilation, -O2
FAIL: gcc.c-torture/execute/991014-1.c compilation, -O3
-fomit-frame-pointer
FAIL: gcc.c-torture/execute/991014-1.c compilation, -O3 -g
FAIL: gcc.c-torture/execute/991014-1.c compilation, -Os
FAIL: gcc.c-torture/execute/divconst-2.c execution, -O1
FAIL: gcc.c-torture/execute/divconst-2.c execution, -O2
FAIL: gcc.c-torture/execute/divconst-2.c execution, -Os
XPASS: gcc.c-torture/execute/memcheck/blkarg.c execution, -O0
XPASS: gcc.c-torture/execute/memcheck/blkarg.c execution, -O1
XPASS: gcc.c-torture/execute/memcheck/blkarg.c execution, -O2
XPASS: gcc.c-torture/execute/memcheck/blkarg.c execution, -Os
FAIL: linkage.c
=== gcc Summary for unix/-mabi=64 ===
# of expected passes 15116
# of unexpected failures 20
# of unexpected successes 4
# of expected failures 95
# of unresolved testcases 6
# of unsupported tests 56
=== gcc Summary ===
# of expected passes 30248
# of unexpected failures 30
# of unexpected successes 8
# of expected failures 190
# of unresolved testcases 6
# of unsupported tests 112
/exd4/billingd/obj/gcc-mainline/gcc/xgcc version 3.1 20010424 (experimental)
=== g77 tests ===
Running target unix
FAIL: g77.f-torture/compile/20000511-2.f, -O3 -g
FAIL: g77.f-torture/compile/20000629-1.f, -O3 -g
FAIL: g77.f-torture/compile/19990826-3.f, -O3 -g
FAIL: g77.f-torture/execute/19981119-0.f compilation, -O3 -g
=== g77 Summary for unix ===
# of expected passes 920
# of unexpected failures 4
# of untested testcases 1
# of unsupported tests 8
Running target unix/-mabi=64
FAIL: g77.f-torture/compile/20000511-2.f, -O3 -g
FAIL: g77.f-torture/compile/20000629-1.f, -O3 -g
FAIL: g77.f-torture/compile/19990826-3.f, -O3 -g
FAIL: g77.f-torture/execute/970625-2.f compilation, -O2
FAIL: g77.f-torture/execute/970625-2.f compilation, -O3
-fomit-frame-pointer
FAIL: g77.f-torture/execute/970625-2.f compilation, -O3
-fomit-frame-pointer -funroll-loops
FAIL: g77.f-torture/execute/970625-2.f compilation, -O3
-fomit-frame-pointer -funroll-all-loops -finline-functions
FAIL: g77.f-torture/execute/970625-2.f compilation, -O3 -g
FAIL: g77.f-torture/execute/970625-2.f compilation, -Os
=== g77 Summary for unix/-mabi=64 ===
# of expected passes 910
# of unexpected failures 9
# of untested testcases 6
# of unsupported tests 8
=== g77 Summary ===
# of expected passes 1830
# of unexpected failures 13
# of untested testcases 7
# of unsupported tests 16
=== g++ tests ===
Running target unix
=== g++ Summary for unix ===
# of expected passes 23
# of expected failures 3
Running target unix/-mabi=64
=== g++ Summary for unix/-mabi=64 ===
# of expected passes 23
# of expected failures 3
=== g++ Summary ===
# of expected passes 46
# of expected failures 6
/exd4/billingd/obj/gcc-mainline/gcc/testsuite/../g++ version 3.1 20010424
(experimental)
=== libstdc++ tests ===
Running target unix
FAIL: ext/headers.cc (execution test), shared
FAIL: 26_numerics/c_math.cc (execution test), shared
FAIL: 26_numerics/complex_value.cc (execution test), shared
FAIL: 26_numerics/buggy_complex.cc (execution test), shared
FAIL: 26_numerics/complex_inserters_extractors.cc (execution test), shared
FAIL: 26_numerics/binary_closure.cc (execution test), shared
XPASS: 26_numerics/c99_classification_macros_c.cc (test for excess errors),
static
XPASS: 26_numerics/c99_classification_macros_c.cc (test for excess errors),
shared
FAIL: 26_numerics/valarray.cc (execution test), shared
FAIL: 21_strings/ctor_copy_dtor.cc (execution test), shared
FAIL: 21_strings/char_traits_requirements.cc (execution test), shared
FAIL: 21_strings/nonmember.cc (execution test), shared
FAIL: 21_strings/substr.cc (execution test), shared
FAIL: 21_strings/insert.cc (execution test), static
FAIL: 21_strings/insert.cc (execution test), shared
FAIL: 21_strings/char_traits_typedefs.cc (execution test), shared
FAIL: 21_strings/replace.cc (execution test), shared
FAIL: 21_strings/operations.cc (execution test), shared
FAIL: 21_strings/c_strings.cc (execution test), static
FAIL: 21_strings/c_strings.cc (execution test), shared
FAIL: 21_strings/append.cc (execution test), shared
FAIL: 21_strings/inserters_extractors.cc (execution test), shared
FAIL: 21_strings/element_access.cc (execution test), shared
FAIL: 21_strings/invariants.cc (execution test), shared
FAIL: 21_strings/capacity.cc (execution test), shared
FAIL: 21_strings/compare.cc (execution test), shared
FAIL: 21_strings/rfind.cc (execution test), shared
FAIL: 21_strings/find.cc (execution test), shared
FAIL: 27_io/ios_ctor.cc (execution test), shared
FAIL: 27_io/ios_base_callbacks.cc (execution test), shared
FAIL: 27_io/ofstream_members.cc (execution test), shared
FAIL: 27_io/istream_extractor_arith.cc (execution test), shared
FAIL: 27_io/ios_manip_fmtflags.cc (execution test), shared
FAIL: 27_io/istream_unformatted.cc (execution test), shared
FAIL: 27_io/ostream_unformatted.cc (execution test), shared
FAIL: 27_io/filebuf.cc (execution test), shared
FAIL: 27_io/stringbuf.cc (execution test), shared
FAIL: 27_io/istream_extractor_other.cc (execution test), shared
FAIL: 27_io/streambuf.cc (execution test), shared
FAIL: 27_io/stringstream.cc (execution test), shared
FAIL: 27_io/istream_sentry.cc (execution test), shared
FAIL: 27_io/ios_manip_basefield.cc (execution test), shared
FAIL: 27_io/ios_base_members_static.cc (execution test), shared
FAIL: 27_io/ostream_inserter_arith.cc (execution test), static
FAIL: 27_io/ostream_inserter_arith.cc (execution test), shared
FAIL: 27_io/ios_members.cc (execution test), shared
FAIL: 27_io/ostream_inserter_other.cc (execution test), shared
FAIL: 27_io/ifstream_members.cc (execution test), shared
FAIL: 27_io/istringstream_members.cc (execution test), shared
FAIL: 27_io/istream_extractor_char.cc (execution test), shared
FAIL: 27_io/ostream_seeks.cc (execution test), shared
FAIL: 27_io/istream_seeks.cc (execution test), shared
FAIL: 27_io/ostream_inserter_char.cc (execution test), shared
FAIL: 27_io/ostream_manip.cc (execution test), shared
FAIL: 27_io/istream_manip.cc (execution test), shared
FAIL: 27_io/narrow_stream_objects.cc (execution test), shared
FAIL: 27_io/istream.cc (execution test), shared
FAIL: 27_io/ostream.cc (execution test), shared
FAIL: 27_io/wide_stream_objects.cc (execution test), shared
FAIL: 27_io/filebuf_members.cc (execution test), shared
FAIL: 27_io/ios_base_storage.cc (execution test), shared
FAIL: 27_io/fpos.cc (execution test), shared
FAIL: 19_diagnostics/stdexceptions.cc (execution test), shared
FAIL: 23_containers/bitset_ctor.cc (execution test), shared
FAIL: 23_containers/vector_modifiers.cc (execution test), shared
FAIL: 23_containers/bitset_shift.cc (execution test), shared
FAIL: 23_containers/vector_element_access.cc (execution test), shared
FAIL: 23_containers/multiset.cc (execution test), shared
FAIL: 23_containers/vector_ctor.cc (execution test), shared
FAIL: 23_containers/vector_capacity.cc (execution test), shared
FAIL: 25_algorithms/lower_bound.cc (execution test), shared
FAIL: 25_algorithms/min_max.cc (execution test), shared
FAIL: 17_intro/header_cerrno.cc (execution test), shared
FAIL: 17_intro/header_csetjmp.cc (execution test), shared
FAIL: 17_intro/header_cstddef.cc (execution test), shared
FAIL: 17_intro/header_cassert.cc (execution test), shared
FAIL: 17_intro/header_cstdarg.cc (execution test), shared
FAIL: 18_support/numeric_limits.cc (execution test), shared
FAIL: 22_locale/ctype.cc (execution test), shared
FAIL: 22_locale/codecvt_unicode_wchar_t.cc (execution test), shared
FAIL: 22_locale/ctor_copy_dtor.cc (execution test), shared
FAIL: 22_locale/global_templates.cc (execution test), shared
FAIL: 22_locale/facet.cc (execution test), shared
FAIL: 22_locale/static_members.cc (execution test), shared
FAIL: 22_locale/ctype_wchar_t_members.cc (execution test), shared
FAIL: 22_locale/codecvt_unicode_char.cc (execution test), shared
FAIL: 22_locale/codecvt_wchar_t_char.cc (execution test), shared
FAIL: 22_locale/numpunct_byname.cc (execution test), shared
FAIL: 22_locale/codecvt_char_char.cc (execution test), shared
FAIL: 22_locale/members.cc (execution test), shared
FAIL: 22_locale/numpunct.cc (execution test), shared
FAIL: 22_locale/operators.cc (execution test), shared
FAIL: 22_locale/numpunct_char_members.cc (execution test), shared
FAIL: 22_locale/ctype_char_members.cc (execution test), shared
FAIL: 24_iterators/istreambuf_iterator.cc (execution test), shared
FAIL: 24_iterators/iterator.cc (execution test), shared
FAIL: 20_util/auto_ptr.cc (execution test), shared
=== libstdc++ Summary ===
# of expected passes 315
# of unexpected failures 95
# of unexpected successes 2
# of expected failures 14
/exd4/billingd/src/gcc-mainline/libstdc++-v3 version 20010417
Compiler version: 3.1 20010424 (experimental)
Platform: mips-sgi-irix6.5
configure flags: --host=mips-sgi-irix6.5 --enable-shared --enable-haifa
--enable-pthreads --prefix=/exd4/billingd/tmp/gcc-mainline
Counting all warnings,
there are 130 warnings in stage3 of this bootstrap.
Number of warnings per file:
26 gcc/combine.c
10 gcc/config/mips/mips.md
9 gcc/expr.c
9 gcc/config/mips/mips.c
6 gcc/gcc.c
6 gcc/cse.c
6 gcc/cp/pt.c
5 gcc/cp/error.c
4 gcc/reload1.c
4 gcc/java/lex.c
4 gcc/cp/call.c
3 gcc/sched-deps.c
3 gcc/java/jvspec.c
2 gcc/unwind.inc
2 gcc/unwind-sjlj.c
2 gcc/unwind-dw2-fde.c
2 gcc/reload.c
2 gcc/java/jcf-io.c
2 gcc/function.c
2 gcc/fold-const.c
2 gcc/dwarf2out.c
2 gcc/cp/lang-specs.h
2 gcc/alias.c
1 gcc/regmove.c
1 gcc/recog.c
1 gcc/objc/lang-specs.h
1 gcc/java/verify.c
1 gcc/java/mangle.c
1 gcc/intl/dcgettext.c
1 gcc/f/lang-specs.h
1 gcc/flow.c
1 gcc/final.c
1 gcc/expmed.c
1 gcc/except.c
1 gcc/emit-rtl.c
1 gcc/cp/init.c
1 gcc/cp/errfn.c
1 gcc/builtins.c
Number of warning types:
53 comparison between signed and unsigned
17 \`???' might be used uninitialized in this function
12 signed and unsigned type in conditional expression
11 string length \`???' is greater than the length \`???' ISO C89
compilers are required to support
8 unused parameter \`???'
6 operand 1 missing mode?
5 initialization from incompatible pointer type
4 passing arg ??? of \`???' from incompatible pointer type
4 operand 0 missing mode?
2 unused variable \`???'
2 function declaration isn't a prototype
2 cast to pointer from integer of different size
1 ??? format, ??? arg (arg ???)
1 suggest not using #elif in traditional C
1 pointer targets in passing arg ??? of \`???' differ in signedness
1 implicit declaration of function \`???'
More information about the Gcc-testresults
mailing list