Results for 3.0 20010416 (prerelease) testsuite on i686-pc-linux-gnu
Gordon Sadler
gbsadler1@lcisp.com
Mon Apr 16 08:49:00 GMT 2001
Native configuration is i686-pc-linux-gnu
=== libjava tests ===
Running target unix
XPASS: N19990310_4 output from source compiled test
XPASS: N19990310_4 -O output from source compiled test
FAIL: klass execution from source compiled test
FAIL: klass output from bytecode->native test
FAIL: klass -O output from source compiled test
FAIL: klass -O output from bytecode->native test
XPASS: stringconst output from bytecode->native test
XPASS: stringconst -O output from bytecode->native test
XPASS: stub compilation from source
XPASS: stub byte compilation
XPASS: stub compilation from bytecode
XPASS: stub -O compilation from source
XPASS: stub byte compilation
XPASS: stub -O compilation from bytecode
=== libjava Summary ===
# of expected passes 1665
# of unexpected failures 4
# of unexpected successes 10
# of expected failures 16
# of untested testcases 21
=== gcc tests ===
Running target unix
FAIL: gcc.c-torture/compile/20010408-1.c, -O2
FAIL: gcc.c-torture/compile/20010408-1.c, -O3 -fomit-frame-pointer
FAIL: gcc.c-torture/compile/20010408-1.c, -O3 -fomit-frame-pointer -funroll-loops
FAIL: gcc.c-torture/compile/20010408-1.c, -O3 -fomit-frame-pointer -funroll-all-loops -finline-functions
FAIL: gcc.c-torture/compile/20010408-1.c, -O3 -g
FAIL: gcc.c-torture/compile/20010408-1.c, -Os
FAIL: gcc.c-torture/execute/20010114-2.c execution, -O1
FAIL: gcc.c-torture/execute/20010114-2.c execution, -O2
FAIL: gcc.c-torture/execute/20010114-2.c execution, -Os
FAIL: gcc.c-torture/execute/20010123-1.c execution, -O0
FAIL: gcc.c-torture/execute/20010123-1.c execution, -O1
FAIL: gcc.c-torture/execute/20010123-1.c execution, -O2
FAIL: gcc.c-torture/execute/20010123-1.c execution, -O3 -fomit-frame-pointer
FAIL: gcc.c-torture/execute/20010123-1.c execution, -O3 -fomit-frame-pointer -funroll-loops
FAIL: gcc.c-torture/execute/20010123-1.c execution, -O3 -fomit-frame-pointer -funroll-all-loops -finline-functions
FAIL: gcc.c-torture/execute/20010123-1.c execution, -O3 -g
FAIL: gcc.c-torture/execute/20010123-1.c execution, -Os
FAIL: gcc.c-torture/execute/loop-2b.c execution, -O2
FAIL: gcc.dg/20000724-1.c execution test
FAIL: gcc.dg/sequence-pt-1.c sequence point warning (test for warnings, line 59)
FAIL: gcc.dg/format/xopen-1.c multiple use of scanf argument (test for warnings, line 115)
FAIL: gcc.dg/format/xopen-1.c (test for excess errors)
FAIL: gcc.misc-tests/mg.c
=== gcc Summary ===
# of expected passes 15102
# of unexpected failures 23
# of expected failures 78
# of unsupported tests 20
/home/gbsadler/gcc-3.0/gcc/xgcc version 3.0 20010416 (prerelease)
=== g++ tests ===
Running target unix
FAIL: g++.ext/instantiate1.C not instantiated (test for errors, line 20)
FAIL: g++.other/crash31.C parse error (test for errors, line 11)
FAIL: g++.other/crash31.C (test for excess errors)
=== g++ Summary ===
# of expected passes 6423
# of unexpected failures 3
# of expected failures 86
# of untested testcases 9
/home/gbsadler/gcc-3.0/gcc/testsuite/../g++ version 3.0 20010416 (prerelease)
=== g77 tests ===
Running target unix
XPASS: g77.f-torture/execute/20010116.f execution, -O0
XPASS: g77.f-torture/execute/20010116.f execution, -O1
=== g77 Summary ===
# of expected passes 933
# of unexpected successes 2
# of expected failures 6
=== objc tests ===
Running target unix
FAIL: objc/execute/formal_protocol-5.m compilation, -O
FAIL: objc/execute/formal_protocol-6.m compilation, -O
FAIL: objc/execute/protocol.m compilation, -O
=== objc Summary ===
# of expected passes 140
# of unexpected failures 3
# of untested testcases 3
/home/gbsadler/gcc-3.0/gcc/xgcc version 3.0 20010416 (prerelease)
Compiler version: 3.0 20010416 (prerelease)
Platform: i686-pc-linux-gnu
configure flags: --host=i686-pc-linux-gnu --prefix=/home/gbsadler/gcc-2001-04-16 --enable-languages=c,c++,objc,f77,java --enable-threads=posix --enable-multilib
Counting all warnings,
there are 332 warnings in stage3 of this bootstrap.
Number of warnings per file:
41 gcc/gcc.c
32 gcc/objc/objc-act.c
30 gcc/gcov.c
28 gcc/combine.c
16 gcc/sched-vis.c
14 cxxmain.c
12 gcc/builtins.c
11 gcc/tlink.c
10 gcc/reg-stack.c
10 gcc/cppfiles.c
8 gcc/genextract.c
8 gcc/dwarf2out.c
8 gcc/collect2.c
6 gcc/varasm.c
6 gcc/profile.c
6 gcc/cp/pt.c
5 gcc/java/jvspec.c
5 gcc/function.c
5 gcc/cse.c
5 gcc/cp/error.c
5 gcc/config/i386/i386.c
4 gcc/mkdeps.c
4 gcc/java/lex.c
4 gcc/genrecog.c
4 gcc/cp/call.c
3 gcc/reload1.c
3 gcc/final.c
2 insn-emit.c
2 gcc/tradcpp.c
2 gcc/rtl.c
2 gcc/reload.c
2 gcc/java/jcf-io.c
2 gcc/hash.c
2 gcc/genattrtab.c
2 gcc/fold-const.c
2 gcc/expr.c
2 gcc/config/i386/i386.md
2 gcc/c-common.c
2 gcc/c-aux-info.c
2 gcc/alias.c
1 gcc/sched-deps.c
1 gcc/regmove.c
1 gcc/objc/lang-specs.h
1 gcc/java/verify.c
1 gcc/java/mangle.c
1 gcc/f/lang-specs.h
1 gcc/expmed.c
1 gcc/dwarfout.c
1 gcc/cp/typeck2.c
1 gcc/cp/lang-specs.h
1 gcc/cp/init.c
1 gcc/cp/errfn.c
1 gcc/cp/class.c
Number of warning types:
228 passing arg ??? of \`???' with different width due to prototype
59 comparison between signed and unsigned
14 \`???' might be used uninitialized in this function
7 string length \`???' is greater than the length \`???' ISO C89 compilers are required to support
6 passing arg ??? of \`???' from incompatible pointer type
5 initialization from incompatible pointer type
4 signed and unsigned type in conditional expression
3 unused variable \`???'
2 destination missing a mode?
1 unused parameter \`???'
1 pointer targets in passing arg ??? of \`???' differ in signedness
1 passing arg ??? of \`???' discards qualifiers from pointer target type
1 function declaration isn't a prototype
More information about the Gcc-testresults
mailing list