Results for 3.1 20010416 (experimental) testsuite on i686-pc-linux-gnu
ritzert@apathix.realtech.de
ritzert@apathix.realtech.de
Mon Apr 16 05:14:00 GMT 2001
Native configuration is i686-pc-linux-gnu
=== libstdc++ tests ===
Running target unix
FAIL: 22_locale/ctor_copy_dtor.cc (execution test), static
FAIL: 22_locale/ctor_copy_dtor.cc (execution test), shared
FAIL: 22_locale/codecvt_unicode_char.cc (execution test), static
FAIL: 22_locale/codecvt_unicode_char.cc (execution test), shared
FAIL: 22_locale/codecvt_unicode_wchar_t.cc (execution test), static
FAIL: 22_locale/codecvt_unicode_wchar_t.cc (execution test), shared
XPASS: 23_containers/map_operators.cc (test for errors, line 46), static
FAIL: 23_containers/map_operators.cc (test for excess errors), static
XPASS: 23_containers/map_operators.cc (test for errors, line 46), shared
FAIL: 23_containers/map_operators.cc (test for excess errors), shared
XPASS: 23_containers/set_operators.cc (test for errors, line 41), static
FAIL: 23_containers/set_operators.cc (test for excess errors), static
XPASS: 23_containers/set_operators.cc (test for errors, line 41), shared
FAIL: 23_containers/set_operators.cc (test for excess errors), shared
FAIL: 26_numerics/c99_macros.cc (test for excess errors), static
FAIL: 26_numerics/c99_macros.cc (test for excess errors), shared
FAIL: 21_strings/ctor_copy_dtor.cc (execution test), static
FAIL: 21_strings/insert.cc (execution test), static
FAIL: 21_strings/insert.cc (execution test), shared
FAIL: 27_io/istream_seeks.cc (execution test), static
FAIL: 27_io/istream_seeks.cc (execution test), shared
=== libstdc++ Summary ===
# of expected passes 397
# of unexpected failures 17
# of unexpected successes 4
# of expected failures 4
/home/ritzert/compile/gcc/HEAD/gcc/libstdc++-v3 version 20010406
=== gcc tests ===
Running target unix
FAIL: gcc.c-torture/compile/20010408-1.c, -O2
FAIL: gcc.c-torture/compile/20010408-1.c, -O3 -fomit-frame-pointer
FAIL: gcc.c-torture/compile/20010408-1.c, -O3 -fomit-frame-pointer -funroll-loops
FAIL: gcc.c-torture/compile/20010408-1.c, -O3 -fomit-frame-pointer -funroll-all-loops -finline-functions
FAIL: gcc.c-torture/compile/20010408-1.c, -O3 -g
FAIL: gcc.c-torture/compile/20010408-1.c, -Os
FAIL: gcc.c-torture/execute/20010114-2.c execution, -O1
FAIL: gcc.c-torture/execute/20010114-2.c execution, -O2
FAIL: gcc.c-torture/execute/20010114-2.c execution, -Os
XPASS: gcc.c-torture/execute/20010124-1.c execution, -O0
XPASS: gcc.c-torture/execute/20010124-1.c execution, -O1
XPASS: gcc.c-torture/execute/20010124-1.c execution, -O2
XPASS: gcc.c-torture/execute/20010124-1.c execution, -O3 -fomit-frame-pointer
XPASS: gcc.c-torture/execute/20010124-1.c execution, -O3 -g
XPASS: gcc.c-torture/execute/20010124-1.c execution, -Os
FAIL: gcc.c-torture/execute/loop-2b.c execution, -O2
FAIL: gcc.dg/20000724-1.c execution test
=== gcc Summary ===
# of expected passes 15188
# of unexpected failures 11
# of unexpected successes 6
# of expected failures 87
# of unsupported tests 20
/home/ritzert/compile/gcc/HEAD/apathix.realtech.de-auto/gcc/xgcc version 3.1 20010416 (experimental)
=== g++ tests ===
Running target unix
FAIL: g++.ext/instantiate1.C not instantiated (test for errors, line 20)
XPASS: g++.other/crash27.C (test for excess errors)
=== g++ Summary ===
# of expected passes 6444
# of unexpected failures 1
# of unexpected successes 1
# of expected failures 87
# of untested testcases 9
/home/ritzert/compile/gcc/HEAD/apathix.realtech.de-auto/gcc/testsuite/../g++ version 3.1 20010416 (experimental)
Compiler version: 3.1 20010416 (experimental)
Platform: i686-pc-linux-gnu
configure flags: --host=i686-pc-linux-gnu --enable-languages=c++ --enable-threads --prefix=/opt/gcc
More information about the Gcc-testresults
mailing list